000
CXUS54 KFWD 290730
CF6LHB
PRELIMINARY LOCAL CLIMATOLOGICAL DATA (WS FORM: F-6)

                                          STATION:   HEARNE
                                          MONTH:     JUNE
                                          YEAR:      2015
                                          LATITUDE:   30 52 N
                                          LONGITUDE:  96 36 W

  TEMPERATURE IN F:       :PCPN:    SNOW:  WIND      :SUNSHINE: SKY     :PK WND
================================================================================
1   2   3   4   5  6A  6B    7    8   9   10  11  12  13   14  15   16   17  18
                                     12Z  AVG MX 2MIN
DY MAX MIN AVG DEP HDD CDD  WTR  SNW DPTH SPD SPD DIR MIN PSBL S-S WX    SPD DR
================================================================================

 1  85  60  73   M   0   8 0.00  0.0    0  0.3  5 140   M    M   2         M  M
 2  89  66  78   M   0  13 0.00  0.0    0  1.3  6 120   M    M   1         M  M
 3  88  67  78   M   0  13 0.00  0.0    0  2.2  8 160   M    M   2         M  M
 4  89  66  78   M   0  13 0.00  0.0    0  2.3  8 160   M    M   1         M  M
 5  90  67  79   M   0  14 0.00  0.0    0  1.3  7 100   M    M   1         M  M
 6  91  69  80   M   0  15 0.00  0.0    0  0.5  5 100   M    M   2         M  M
 7  91  69  80   M   0  15 0.00  0.0    0  3.1 10 170   M    M   2         M  M
 8  91  69  80   M   0  15 0.00  0.0    0  2.6  8 180   M    M   1 18      M  M
 9  92  70  81   M   0  16 0.00  0.0    0  2.4  8 230   M    M   2 1       M  M
10  92  71  82   M   0  17 0.00  0.0    0  3.7  8 170   M    M   1 1       M  M
11  92  72  82   M   0  17 0.00  0.0    0  5.9 13 150   M    M   3        17 160
12  93  74  84   M   0  19    T  0.0    0  6.5 10 150   M    M   3         M  M
13  92  74  83   M   0  18 0.00  0.0    0  7.0 15 150   M    M   6        22 130
14  88  73  81   M   0  16 0.23  0.0    0  5.0 13 160   M    M   5 3      17 140
15  90  73  82   M   0  17 0.00  0.0    0  4.6 14  90   M    M   6 1      23  90
16  83  74  79   M   0  14 0.00  0.0    0  6.4 13  30   M    M   9 3      21  30
17  86  73  80   M   0  15    M  0.0    0 12.4 17 160   M    M   7 3      24 160
18  86  74  80   M   0  15 0.00  0.0    0  6.4 15 170   M    M   6 1      20 160
19  86  74  80   M   0  15 0.00  0.0    0  3.6  9 200   M    M   4 1      16 200
20  89  71  80   M   0  15 0.00  0.0    0  4.8 10 230   M    M   5 3       M  M
21  90  72  81   M   0  16 0.00  0.0    0  6.3 12 150   M    M   5 13     18 170
22  91  75  83   M   0  18 0.00  0.0    0  5.6 10 140   M    M   4 1      17 140
23  92  73  83   M   0  18 0.00  0.0    0  3.4  7 140   M    M   4 1       M  M
24  91  71  81   M   0  16 0.00  0.0    0  1.5  8 160   M    M   3         M  M
25  91  72  82   M   0  17 0.00  0.0    0  3.2  8 180   M    M   3         M  M
26  92  74  83   M   0  18 0.00  0.0    0  5.7 12 180   M    M   4         M  M
27  88  71  80   M   0  15    T  0.0    0  4.1 15 340   M    M   3 3      22 340
28  91  72  82   M   0  17 0.00  0.0    0  1.8 14 150   M    M   3 1      23 150
================================================================================
SM 2509 1986         0 435  0.23     0.0 113.9          M       98
================================================================================
AV 89.6 70.9                               4.1 FASTST   M    M   4    MAX(MPH)
                                 MISC ---->    17   M                 24    M
================================================================================
NOTES:
# LAST OF SEVERAL OCCURRENCES

COLUMN 17 PEAK WIND IN M.P.H.

PRELIMINARY LOCAL CLIMATOLOGICAL DATA (WS FORM: F-6) , PAGE 2

                                          STATION:  HEARNE
                                          MONTH:    JUNE
                                          YEAR:     2015
                                          LATITUDE:   30 52 N
                                          LONGITUDE:  96 36 W

[TEMPERATURE DATA]      [PRECIPITATION DATA]       SYMBOLS USED IN COLUMN 16

AVERAGE MONTHLY: 80.3   TOTAL FOR MONTH:   0.23    1 = FOG OR MIST
DPTR FM NORMAL:     M   DPTR FM NORMAL:       M    2 = FOG REDUCING VISIBILITY
HIGHEST:    93 ON 12    GRTST 24HR  0.23 ON 14-14      TO 1/4 MILE OR LESS
LOWEST:     60 ON  1                               3 = THUNDER
                        SNOW, ICE PELLETS, HAIL    4 = ICE PELLETS
                        TOTAL MONTH:   0.0 INCH    5 = HAIL
                        GRTST 24HR     0.0         6 = FREEZING RAIN OR DRIZZLE
                        GRTST DEPTH:   0           7 = DUSTSTORM OR SANDSTORM:
                                                       VSBY 1/2 MILE OR LESS
                                                   8 = SMOKE OR HAZE
[NO. OF DAYS WITH]      [WEATHER - DAYS WITH]      9 = BLOWING SNOW
                                                   X = TORNADO
MAX 32 OR BELOW:   0    0.01 INCH OR MORE:   1
MAX 90 OR ABOVE:  17    0.10 INCH OR MORE:   1
MIN 32 OR BELOW:   0    0.50 INCH OR MORE:   0
MIN  0 OR BELOW:   0    1.00 INCH OR MORE:   0

[HDD (BASE 65) ]
TOTAL THIS MO.     0    CLEAR  (SCALE 0-3)  13
DPTR FM NORMAL     M    PTCLDY (SCALE 4-7)  14
TOTAL FM JUL 1  2033    CLOUDY (SCALE 8-10)  1
DPTR FM NORMAL     M

[CDD (BASE 65) ]
TOTAL THIS MO.   435
DPTR FM NORMAL     M    [PRESSURE DATA]
TOTAL FM JAN 1   936    HIGHEST SLP M ON M
DPTR FM NORMAL     M    LOWEST  SLP M ON M

[REMARKS]
