000
CXUS55 KBOU 261117
CF6LIC
PRELIMINARY LOCAL CLIMATOLOGICAL DATA (WS FORM: F-6)

                                          STATION:   LIMON CO
                                          MONTH:     MAY
                                          YEAR:      2015
                                          LATITUDE:   39 10 N
                                          LONGITUDE: 103 42 W

  TEMPERATURE IN F:       :PCPN:    SNOW:  WIND      :SUNSHINE: SKY     :PK WND
================================================================================
1   2   3   4   5  6A  6B    7    8   9   10  11  12  13   14  15   16   17  18
                                     12Z  AVG MX 2MIN
DY MAX MIN AVG DEP HDD CDD  WTR  SNW DPTH SPD SPD DIR MIN PSBL S-S WX    SPD DR
================================================================================

 1  68  42  55   M  10   0    T    M    M  6.9 21  10   M    M   4 3      25  10
 2  79  38  59   M   6   0    T    M    M  6.2 31 200   M    M   1 3      39 200
 3  78  38  58   M   7   0    T    M    M  9.7 30 360   M    M   1 3      36 360
 4  63  47  55   M  10   0 0.06    M    M  8.9 23  80   M    M  10 13     30  80
 5  53  45  49   M  16   0 0.51    M    M 11.6 22 280   M    M  10 12     27 280
 6  64  48  56   M   9   0 0.12    M    M  7.5 18 350   M    M   7        23 330
 7  61  43  52   M  13   0 0.11    M    M  9.2 20  70   M    M   7 13     23  70
 8  51  44  48   M  17   0 0.30    M    M 15.4 26 120   M    M  10 12     33 140
 9  52  28  40   M  25   0 2.63    M    M 19.7 35 330   M    M  10 13     42 330
10  43  27  35   M  30   0    T    M    M 22.8 36 330   M    M   6 1      44 320
11  55  30  43   M  22   0 0.00    M    M  9.3 20 330   M    M   1        26 330
12  69  34  52   M  13   0 0.00    M    M 15.8 29 180   M    M   0        36 190
13  58  41  50   M  15   0 0.06    M    M 12.5 26 200   M    M   6 1      34 180
14  71  38  55   M  10   0 0.00    M    M  7.5 22 150   M    M   0 1      26 150
15  72  46  59   M   6   0    T    M    M 13.8 36 190   M    M   3        43 180
16  64  35  50   M  15   0 0.13    M    M  9.2 21 340   M    M   4 3      27 340
17  67  38  53   M  12   0    T    M    M 10.2 18 360   M    M   4        24 360
18  56  41  49   M  16   0 0.01    M    M 12.4 23 120   M    M   9        29 110
19  49  36  43   M  22   0 1.03    M    M 16.3 28 120   M    M  10 12     32 120
20  47  35  41   M  24   0 0.00    M    M  6.9 17  70   M    M  10 12     20  80
21  50  38  44   M  21   0    T    M    M 14.9 22 140   M    M  10 1      28 150
22  62  43  53   M  12   0 0.62    M    M  9.7 25 290   M    M   9 13     30 300
23  61  45  53   M  12   0 0.17    M    M 10.4 31 200   M    M   7 13     41 200
24  61  37  49   M  16   0 0.04    M    M  7.1 23 310   M    M   4 13     27 310
25  64  40  52   M  13   0 0.01    M    M  7.8 21 210   M    M   4        25 280
================================================================================
SM 1518  977       372   0  5.80    M    281.7          M      147
================================================================================
AV 60.7 39.1                              11.3 FASTST   M    M   6    MAX(MPH)
                                 MISC ---->  # 36 330               # 44  320
================================================================================
NOTES:
# LAST OF SEVERAL OCCURRENCES

COLUMN 17 PEAK WIND IN M.P.H.

PRELIMINARY LOCAL CLIMATOLOGICAL DATA (WS FORM: F-6) , PAGE 2

                                          STATION:  LIMON CO
                                          MONTH:    MAY
                                          YEAR:     2015
                                          LATITUDE:   39 10 N
                                          LONGITUDE: 103 42 W

[TEMPERATURE DATA]      [PRECIPITATION DATA]       SYMBOLS USED IN COLUMN 16

AVERAGE MONTHLY: 49.9   TOTAL FOR MONTH:   5.80    1 = FOG OR MIST
DPTR FM NORMAL:     M   DPTR FM NORMAL:       M    2 = FOG REDUCING VISIBILITY
HIGHEST:    79 ON  2    GRTST 24HR  2.77 ON  8- 9      TO 1/4 MILE OR LESS
LOWEST:     27 ON 10                               3 = THUNDER
                        SNOW, ICE PELLETS, HAIL    4 = ICE PELLETS
                        TOTAL MONTH:    M          5 = HAIL
                        GRTST 24HR    M  ON   M    6 = FREEZING RAIN OR DRIZZLE
                        GRTST DEPTH:  M  ON   M    7 = DUSTSTORM OR SANDSTORM:
                                                       VSBY 1/2 MILE OR LESS
                                                   8 = SMOKE OR HAZE
[NO. OF DAYS WITH]      [WEATHER - DAYS WITH]      9 = BLOWING SNOW
                                                   X = TORNADO
MAX 32 OR BELOW:   0    0.01 INCH OR MORE:  14
MAX 90 OR ABOVE:   0    0.10 INCH OR MORE:   9
MIN 32 OR BELOW:   3    0.50 INCH OR MORE:   4
MIN  0 OR BELOW:   0    1.00 INCH OR MORE:   2

[HDD (BASE 65) ]
TOTAL THIS MO.   372    CLEAR  (SCALE 0-3)   6
DPTR FM NORMAL     M    PTCLDY (SCALE 4-7)  10
TOTAL FM JUL 1  6619    CLOUDY (SCALE 8-10)  9
DPTR FM NORMAL     M

[CDD (BASE 65) ]
TOTAL THIS MO.     0
DPTR FM NORMAL     M    [PRESSURE DATA]
TOTAL FM JAN 1     0    HIGHEST SLP M ON M
DPTR FM NORMAL     M    LOWEST  SLP 29.51 ON 15

[REMARKS]
