000
CXUS55 KBOU 200758
CF6LIC
PRELIMINARY LOCAL CLIMATOLOGICAL DATA (WS FORM: F-6)

                                          STATION:   LIMON CO
                                          MONTH:     OCTOBER
                                          YEAR:      2017
                                          LATITUDE:   39 10 N
                                          LONGITUDE: 103 42 W

  TEMPERATURE IN F:       :PCPN:    SNOW:  WIND      :SUNSHINE: SKY     :PK WND
================================================================================
1   2   3   4   5  6A  6B    7    8   9   10  11  12  13   14  15   16   17  18
                                     12Z  AVG MX 2MIN
DY MAX MIN AVG DEP HDD CDD  WTR  SNW DPTH SPD SPD DIR MIN PSBL S-S WX    SPD DR
================================================================================

 1  76  42  59   M   6   0 0.00    M    M 11.2 39 360   M    M   2        46 360
 2  62  35  49   M  16   0 0.00    M    M 11.1 26 320   M    M   6        33 340
 3  61  38  50   M  15   0 0.00    M    M  9.8 20 120   M    M   6        24 120
 4  60  48  54   M  11   0 0.00    M    M 13.0 24 140   M    M  10 1      31 150
 5  58  43  51   M  14   0 0.02    M    M  7.5 20 320   M    M   9 12     24 320
 6  67  34  51   M  14   0 0.23    M    M  7.5 41 310   M    M   6 123    53 310
 7  75  30  53   M  12   0 0.00    M    M  5.6 17 190   M    M   0        22 200
 8  69  35  52   M  13   0 0.03    M    M 11.1 33  50   M    M   2 1      41  50
 9  38  29  34   M  31   0 0.11    M    M 14.9 28 360   M    M   9 1      35 360
10  58  22  40   M  25   0 0.00    M    M  5.9 15 160   M    M   0        18 160
11  70  23  47   M  18   0 0.00    M    M  5.4 15 150   M    M   0        18 150
12  79  34  57   M   8   0 0.00    M    M  9.0 21 220   M    M   0        27 220
13  64  34  49   M  16   0 0.00    M    M  6.7 21 150   M    M   4 1      26 130
14  64  20  42   M  23   0 0.00    M    M 14.2 40 360   M    M   3 12     50 350
15  63  18  41   M  24   0 0.00    M    M  5.4 13 180   M    M   0        18 150
16  78  23  51   M  14   0 0.00    M    M  6.0 16 310   M    M   0        22 300
17  75  25  50   M  15   0 0.00    M    M  7.0 17 180   M    M   0        22 190
18  78  29  54   M  11   0 0.00    M    M  5.1 14  40   M    M   0        18  40
19  76  27  52   M  13   0 0.00    M    M  7.4 22 150   M    M   0        29 150
================================================================================
SM 1271  589       299   0  0.39    M    163.8          M       57
================================================================================
AV 66.9 31.0                               8.6 FASTST   M    M   3    MAX(MPH)
                                 MISC ---->  # 41 310               # 53  310
================================================================================
NOTES:
# LAST OF SEVERAL OCCURRENCES

COLUMN 17 PEAK WIND IN M.P.H.

PRELIMINARY LOCAL CLIMATOLOGICAL DATA (WS FORM: F-6) , PAGE 2

                                          STATION:  LIMON CO
                                          MONTH:    OCTOBER
                                          YEAR:     2017
                                          LATITUDE:   39 10 N
                                          LONGITUDE: 103 42 W

[TEMPERATURE DATA]      [PRECIPITATION DATA]       SYMBOLS USED IN COLUMN 16

AVERAGE MONTHLY: 49.0   TOTAL FOR MONTH:   0.39    1 = FOG OR MIST
DPTR FM NORMAL:     M   DPTR FM NORMAL:       M    2 = FOG REDUCING VISIBILITY
HIGHEST:    79 ON 12    GRTST 24HR  0.23 ON  6- 6      TO 1/4 MILE OR LESS
LOWEST:     18 ON 15                               3 = THUNDER
                        SNOW, ICE PELLETS, HAIL    4 = ICE PELLETS
                        TOTAL MONTH:    M          5 = HAIL
                        GRTST 24HR    M  ON   M    6 = FREEZING RAIN OR DRIZZLE
                        GRTST DEPTH:  M  ON   M    7 = DUSTSTORM OR SANDSTORM:
                                                       VSBY 1/2 MILE OR LESS
                                                   8 = SMOKE OR HAZE
[NO. OF DAYS WITH]      [WEATHER - DAYS WITH]      9 = BLOWING SNOW
                                                   X = TORNADO
MAX 32 OR BELOW:   0    0.01 INCH OR MORE:   4
MAX 90 OR ABOVE:   0    0.10 INCH OR MORE:   2
MIN 32 OR BELOW:  10    0.50 INCH OR MORE:   0
MIN  0 OR BELOW:   0    1.00 INCH OR MORE:   0

[HDD (BASE 65) ]
TOTAL THIS MO.   299    CLEAR  (SCALE 0-3)  11
DPTR FM NORMAL     M    PTCLDY (SCALE 4-7)   5
TOTAL FM JUL 1   417    CLOUDY (SCALE 8-10)  3
DPTR FM NORMAL     M

[CDD (BASE 65) ]
TOTAL THIS MO.     0
DPTR FM NORMAL     M    [PRESSURE DATA]
TOTAL FM JAN 1   411    HIGHEST SLP M ON M
DPTR FM NORMAL   268    LOWEST  SLP 29.50 ON  8

[REMARKS]
