000
CXHW51 PHFO 211250
CF6LIH
PRELIMINARY LOCAL CLIMATOLOGICAL DATA (WS FORM: F-6)

                                          STATION:   LIHUE HI
                                          MONTH:     OCTOBER
                                          YEAR:      2014
                                          LATITUDE:   21 58 N
                                          LONGITUDE: 159 21 W

  TEMPERATURE IN F:       :PCPN:    SNOW:  WIND      :SUNSHINE: SKY     :PK WND
================================================================================
1   2   3   4   5  6A  6B    7    8   9   10  11  12  13   14  15   16   17  18
                                     12Z  AVG MX 2MIN
DY MAX MIN AVG DEP HDD CDD  WTR  SNW DPTH SPD SPD DIR MIN PSBL S-S WX    SPD DR
================================================================================

 1  87  73  80   1   0  15    T  0.0    0  6.7 12 130   M    M   4        17 130
 2  87  73  80   1   0  15 0.10  0.0    0  7.0 18  50   M    M   2 8      23 360
 3  87  74  81   2   0  16    T  0.0    0  8.0 13  80   M    M   4        16  70
 4  85  72  79   0   0  14 0.24  0.0    0  6.8 14 300   M    M   6 1      17 290
 5  87  70  79   0   0  14 0.04  0.0    0  8.1 16  20   M    M   5 1      20  20
 6  89  70  80   1   0  15 0.00  0.0    0  8.6 18 170   M    M   0        22 170
 7  86  73  80   1   0  15 0.13  0.0    0  6.8 14 170   M    M   6 13     17 170
 8  87  72  80   1   0  15 0.00  0.0    0  6.1 10  60   M    M   2        13  60
 9  87  73  80   1   0  15 0.00  0.0    0 10.4 17  40   M    M   3        20  60
10  87  76  82   3   0  17 0.13  0.0    0 12.7 25  40   M    M   4        35  40
11  87  75  81   2   0  16 0.10  0.0    0 14.7 24  70   M    M   6 18     30  70
12  86  78  82   3   0  17 0.01  0.0    0 14.1 23  40   M    M   4        28  40
13  86  76  81   3   0  16 0.03  0.0    0 16.1 28  30   M    M   5        32  30
14  87  78  83   5   0  18    T  0.0    0 13.0 20 100   M    M   4        26  80
15  87  75  81   3   0  16    T  0.0    0  9.1 15  90   M    M   6        18  50
16  88  74  81   3   0  16 0.00  0.0    0  8.4 17  70   M    M   7 8      21  70
17  87  77  82   4   0  17 0.14  0.0    0 11.1 21  50   M    M   6 1      24  30
18  86  77  82   4   0  17 0.08  0.0    0 15.8 26 100   M    M   8 1      31 110
19  80  76  78   0   0  13 0.34  0.0    0 21.0 29  90   M    M   9 1      35  90
20  82  77  80   2   0  15    T  0.0    0 13.9 20  90   M    M   4        23  90
================================================================================
SM 1725 1489         0 312  1.34     0.0 218.4          M       95
================================================================================
AV 86.2 74.4                              10.9 FASTST   M    M   5    MAX(MPH)
                                 MISC ---->  # 29  90               # 35   40
================================================================================
NOTES:
# LAST OF SEVERAL OCCURRENCES

COLUMN 17 PEAK WIND IN M.P.H.

PRELIMINARY LOCAL CLIMATOLOGICAL DATA (WS FORM: F-6) , PAGE 2

                                          STATION:  LIHUE HI
                                          MONTH:    OCTOBER
                                          YEAR:     2014
                                          LATITUDE:   21 58 N
                                          LONGITUDE: 159 21 W

[TEMPERATURE DATA]      [PRECIPITATION DATA]       SYMBOLS USED IN COLUMN 16

AVERAGE MONTHLY: 80.3   TOTAL FOR MONTH:   1.34    1 = FOG OR MIST
DPTR FM NORMAL:   1.8   DPTR FM NORMAL:   -0.91    2 = FOG REDUCING VISIBILITY
HIGHEST:    89 ON  6    GRTST 24HR  0.34 ON 19-19      TO 1/4 MILE OR LESS
LOWEST:     70 ON  6, 5                            3 = THUNDER
                        SNOW, ICE PELLETS, HAIL    4 = ICE PELLETS
                        TOTAL MONTH:   0.0 INCH    5 = HAIL
                        GRTST 24HR     0.0         6 = FREEZING RAIN OR DRIZZLE
                        GRTST DEPTH:   0           7 = DUSTSTORM OR SANDSTORM:
                                                       VSBY 1/2 MILE OR LESS
                                                   8 = SMOKE OR HAZE
[NO. OF DAYS WITH]      [WEATHER - DAYS WITH]      9 = BLOWING SNOW
                                                   X = TORNADO
MAX 32 OR BELOW:   0    0.01 INCH OR MORE:  11
MAX 90 OR ABOVE:   0    0.10 INCH OR MORE:   7
MIN 32 OR BELOW:   0    0.50 INCH OR MORE:   0
MIN  0 OR BELOW:   0    1.00 INCH OR MORE:   0

[HDD (BASE 65) ]
TOTAL THIS MO.     0    CLEAR  (SCALE 0-3)   4
DPTR FM NORMAL     0    PTCLDY (SCALE 4-7)  14
TOTAL FM JUL 1     0    CLOUDY (SCALE 8-10)  2
DPTR FM NORMAL     0

[CDD (BASE 65) ]
TOTAL THIS MO.   312
DPTR FM NORMAL    41    [PRESSURE DATA]
TOTAL FM JAN 1  3307    HIGHEST SLP M ON M
DPTR FM NORMAL    77    LOWEST  SLP 29.87 ON M

[REMARKS]
