580
CXUS54 KLZK 271130
CF6LIT
PRELIMINARY LOCAL CLIMATOLOGICAL DATA (WS FORM: F-6)

                                          STATION:   Little Rock Adams Field
                                          MONTH:     FEBRUARY
                                          YEAR:      2017
                                          LATITUDE:   34 43 N
                                          LONGITUDE:  92 14 W

  TEMPERATURE IN F:       :PCPN:    SNOW:  WIND      :SUNSHINE: SKY     :PK WND
================================================================================
1   2   3   4   5  6A  6B    7    8   9   10  11  12  13   14  15   16   17  18
                                     12Z  AVG MX 2MIN
DY MAX MIN AVG DEP HDD CDD  WTR  SNW DPTH SPD SPD DIR MIN PSBL S-S WX    SPD DR
================================================================================

 1  67  45  56  14   9   0 0.00  0.0    0  8.0 18  40   M    M   8        23  50
 2  52  37  45   3  20   0    T  0.0    0 14.1 24  50   M    M  10        31  50
 3  48  31  40  -2  25   0 0.00  0.0    0  9.9 16  30   M    M   7        19  60
 4  42  24  33  -9  32   0    T  0.0    0  6.1 12 140   M    M   8        15 130
 5  57  39  48   6  17   0    T  0.0    0  4.4 12 200   M    M  10 1      15 210
 6  73  50  62  19   3   0    T  0.0    0  9.1 24 200   M    M   9 12     35 210
 7  80  54  67  24   0   2 0.78  0.0    0 10.1 30 190   M    M   8 13     52 190
 8  74  35  55  12  10   0 0.00  0.0    0  8.1 32 350   M    M   6        38 350
 9  46  29  38  -5  27   0 0.00  0.0    0  6.8 17 360   M    M   3        21 360
10  71  32  52   8  13   0 0.00  0.0    0 11.3 28 220   M    M   6        35 230
11  79  63  71  27   0   6 0.00  0.0    0 13.7 31 220   M    M   7        38 210
12  72  50  61  17   4   0    T  0.0    0 11.2 24  10   M    M   6 18     31  10
13  56  39  48   4  17   0 0.00  0.0    0  9.2 17  70   M    M   5        22  40
14  50  39  45   1  20   0 0.65    M    0  9.9 26  60   M    M  10 1      35  60
15  57  38  48   3  17   0    T    M    0  9.1 17 310   M    M   3        25 330
16  64  31  48   3  17   0 0.00  0.0    0  5.8 15 220   M    M   0        27 210
17  69  35  52   7  13   0 0.00  0.0    0  6.6 17 220   M    M   4        22 210
18  65  48  57  11   8   0 0.00  0.0    0  4.5 13 210   M    M   7 1      16 200
19  76  45  61  15   4   0 0.00  0.0    0  4.4 15 120   M    M   5 12     18 110
20  79  50  65  19   0   0 1.11  0.0    0  7.1 20 170   M    M   8 1      25 170
21  62  57  60  14   5   0 0.62  0.0    0  5.0 17  30   M    M  10 1      23  30
22  62  51  57  10   8   0 0.00  0.0    0  4.3 12 320   M    M   9 12     14 310
23  79  47  63  16   2   0 0.00  0.0    0  7.5 20 150   M    M   4 12     25 140
24  70  47  59  12   6   0 0.00  0.0    0 14.2 24 310   M    M   4        32 290
25  52  32  42  -6  23   0 0.00  0.0    0  8.7 23 310   M    M   0        32 290
26  59  31  45  -3  20   0 0.37  0.0    0  5.7 21 110   M    M   6 13     24 140
================================================================================
SM 1661 1079       320   8  3.53     0.0 214.8          M      163
================================================================================
AV 63.9 41.5                               8.3 FASTST   M    M   6    MAX(MPH)
                                 MISC ---->  # 32 350               # 52  190
================================================================================
NOTES:
# LAST OF SEVERAL OCCURRENCES

COLUMN 17 PEAK WIND IN M.P.H.

PRELIMINARY LOCAL CLIMATOLOGICAL DATA (WS FORM: F-6) , PAGE 2

                                          STATION:  Little Rock Adams Field
                                          MONTH:    FEBRUARY
                                          YEAR:     2017
                                          LATITUDE:   34 43 N
                                          LONGITUDE:  92 14 W

[TEMPERATURE DATA]      [PRECIPITATION DATA]       SYMBOLS USED IN COLUMN 16

AVERAGE MONTHLY: 52.7   TOTAL FOR MONTH:   3.53    1 = FOG OR MIST
DPTR FM NORMAL:   8.2   DPTR FM NORMAL:    0.16    2 = FOG REDUCING VISIBILITY
HIGHEST:    80 ON  7    GRTST 24HR  1.66 ON 20-21      TO 1/4 MILE OR LESS
LOWEST:     24 ON  4                               3 = THUNDER
                        SNOW, ICE PELLETS, HAIL    4 = ICE PELLETS
                        TOTAL MONTH:   0.0 INCH    5 = HAIL
                        GRTST 24HR     0.0         6 = FREEZING RAIN OR DRIZZLE
                        GRTST DEPTH:   0           7 = DUSTSTORM OR SANDSTORM:
                                                       VSBY 1/2 MILE OR LESS
                                                   8 = SMOKE OR HAZE
[NO. OF DAYS WITH]      [WEATHER - DAYS WITH]      9 = BLOWING SNOW
                                                   X = TORNADO
MAX 32 OR BELOW:   0    0.01 INCH OR MORE:   5
MAX 90 OR ABOVE:   0    0.10 INCH OR MORE:   5
MIN 32 OR BELOW:   7    0.50 INCH OR MORE:   4
MIN  0 OR BELOW:   0    1.00 INCH OR MORE:   1

[HDD (BASE 65) ]
TOTAL THIS MO.   320    CLEAR  (SCALE 0-3)   3
DPTR FM NORMAL  -214    PTCLDY (SCALE 4-7)  16
TOTAL FM JUL 1  1900    CLOUDY (SCALE 8-10)  7
DPTR FM NORMAL  -580

[CDD (BASE 65) ]
TOTAL THIS MO.     8
DPTR FM NORMAL     8    [PRESSURE DATA]
TOTAL FM JAN 1     8    HIGHEST SLP M ON M
DPTR FM NORMAL     7    LOWEST  SLP 29.59 ON 23

[REMARKS]
