000
CXUS54 KLZK 271130
CF6LIT
PRELIMINARY LOCAL CLIMATOLOGICAL DATA (WS FORM: F-6)

                                          STATION:   Little Rock Adams Field
                                          MONTH:     JULY
                                          YEAR:      2017
                                          LATITUDE:   34 43 N
                                          LONGITUDE:  92 14 W

  TEMPERATURE IN F:       :PCPN:    SNOW:  WIND      :SUNSHINE: SKY     :PK WND
================================================================================
1   2   3   4   5  6A  6B    7    8   9   10  11  12  13   14  15   16   17  18
                                     12Z  AVG MX 2MIN
DY MAX MIN AVG DEP HDD CDD  WTR  SNW DPTH SPD SPD DIR MIN PSBL S-S WX    SPD DR
================================================================================

 1  91  68  80  -2   0  15 0.03  0.0    0  7.4 35 220   M    M   7 13     43 220
 2  89  68  79  -3   0  14 0.00  0.0    0  8.2 16 240   M    M   7 1      19 240
 3  87  70  79  -3   0  14 0.51  0.0    0  5.1 28 250   M    M   8 13     39 230
 4  88  73  81  -1   0  16 0.07  0.0    0  6.4 20 170   M    M   7 13     24 160
 5  84  71  78  -4   0  13 0.83  0.0    0  7.1 26 200   M    M   7 13     33 200
 6  91  72  82   0   0  17 0.69  0.0    0  7.6 18 250   M    M   6 13     22 250
 7  94  72  83   1   0  18 0.00  0.0    0  5.1 13 220   M    M   3        16 210
 8  90  69  80  -2   0  15 0.62  0.0    0  5.0 37 320   M    M   7 13     44 320
 9  89  71  80  -3   0  15 0.00  0.0    0  5.3 13 120   M    M   2         M  M
10  91  69  80  -3   0  15 0.00  0.0    0  5.1 13 170   M    M   2        16 170
11  92  72  82  -1   0  17 0.00  0.0    0  6.5 14 200   M    M   3        17 150
12  92  74  83   0   0  18 0.00  0.0    0  7.0 14 170   M    M   3        17 240
13  93  73  83   0   0  18 0.00  0.0    0  5.4 13 150   M    M   3 3      15 150
14  92  73  83   0   0  18 0.12  0.0    0  4.9 24 310   M    M   6 13     34 320
15  91  72  82  -1   0  17 0.00  0.0    0  5.6 14  70   M    M   5        18  80
16  91  74  83   0   0  18 0.00  0.0    0  4.1 14  80   M    M   6 1      18  70
17  92  72  82  -1   0  17 0.00  0.0    0  2.5 10 110   M    M   3        15  80
18  94  71  83   0   0  18 0.00  0.0    0  2.8 12  80   M    M   3        15  80
19  95  75  85   2   0  20 0.00  0.0    0  3.5 10 170   M    M   4        14 130
20  96  77  87   4   0  22 0.00  0.0    0  5.2 12 170   M    M   2        16 150
21  96  77  87   4   0  22 0.00  0.0    0  6.0 12 180   M    M   2 1      22 170
22  96  76  86   3   0  21 0.00  0.0    0  6.6 15 220   M    M   1 1      17 220
23  96  71  84   1   0  19 1.13  0.0    0  4.7 25  90   M    M   5 13     32  70
24  92  71  82  -1   0  17 0.00  0.0    0  5.5 13 170   M    M   6        17 300
25  94  76  85   2   0  20 0.00  0.0    0  6.1 12 170   M    M   3 1      15 160
26  95  76  86   3   0  21 0.00  0.0    0  7.3 15 220   M    M   4        23 210
================================================================================
SM 2391 1883         0 455  4.00     0.0 146.0          M      115
================================================================================
AV 92.0 72.4                               5.6 FASTST   M    M   4    MAX(MPH)
                                 MISC ---->  # 37 320               # 44  320
================================================================================
NOTES:
# LAST OF SEVERAL OCCURRENCES

COLUMN 17 PEAK WIND IN M.P.H.

PRELIMINARY LOCAL CLIMATOLOGICAL DATA (WS FORM: F-6) , PAGE 2

                                          STATION:  Little Rock Adams Field
                                          MONTH:    JULY
                                          YEAR:     2017
                                          LATITUDE:   34 43 N
                                          LONGITUDE:  92 14 W

[TEMPERATURE DATA]      [PRECIPITATION DATA]       SYMBOLS USED IN COLUMN 16

AVERAGE MONTHLY: 82.2   TOTAL FOR MONTH:   4.00    1 = FOG OR MIST
DPTR FM NORMAL:  -0.5   DPTR FM NORMAL:    1.20    2 = FOG REDUCING VISIBILITY
HIGHEST:    96 ON 23,22 GRTST 24HR  1.13 ON 23-23      TO 1/4 MILE OR LESS
LOWEST:     68 ON  2, 1                            3 = THUNDER
                        SNOW, ICE PELLETS, HAIL    4 = ICE PELLETS
                        TOTAL MONTH:   0.0 INCH    5 = HAIL
                        GRTST 24HR     0.0         6 = FREEZING RAIN OR DRIZZLE
                        GRTST DEPTH:   0           7 = DUSTSTORM OR SANDSTORM:
                                                       VSBY 1/2 MILE OR LESS
                                                   8 = SMOKE OR HAZE
[NO. OF DAYS WITH]      [WEATHER - DAYS WITH]      9 = BLOWING SNOW
                                                   X = TORNADO
MAX 32 OR BELOW:   0    0.01 INCH OR MORE:   8
MAX 90 OR ABOVE:  21    0.10 INCH OR MORE:   6
MIN 32 OR BELOW:   0    0.50 INCH OR MORE:   5
MIN  0 OR BELOW:   0    1.00 INCH OR MORE:   1

[HDD (BASE 65) ]
TOTAL THIS MO.     0    CLEAR  (SCALE 0-3)  12
DPTR FM NORMAL     0    PTCLDY (SCALE 4-7)  14
TOTAL FM JUL 1     0    CLOUDY (SCALE 8-10)  0
DPTR FM NORMAL     0

[CDD (BASE 65) ]
TOTAL THIS MO.   455
DPTR FM NORMAL    -6    [PRESSURE DATA]
TOTAL FM JAN 1  1072    HIGHEST SLP M ON M
DPTR FM NORMAL   -95    LOWEST  SLP 29.80 ON 23

[REMARKS]
