000
CXUS55 KPIH 221200
CF6LLJ

PRELIMINARY LOCAL CLIMATOLOGICAL DATA (WS FORM: F-6)

                                          STATION:   CHALLIS ID
                                          MONTH:     JANUARY
                                          YEAR:      2018
                                          LATITUDE:   44 31 N
                                          LONGITUDE: 114 13 W

  TEMPERATURE IN F:       :PCPN:    SNOW:  WIND      :SUNSHINE: SKY     :PK WND
================================================================================
1   2   3   4   5  6A  6B    7    8   9   10  11  12  13   14  15   16   17  18
                                     12Z  AVG MX 2MIN
DY MAX MIN AVG DEP HDD CDD  WTR  SNW DPTH SPD SPD DIR MIN PSBL S-S WX    SPD DR
================================================================================

 1  33   9  21   4  44   0 0.00    M    M  1.2  6 160   M    M   0         7 160
 2  32   4  18   1  47   0 0.00    M    M  0.5  5 350   M    M   0         7 350
 3  33  11  22   5  43   0 0.00    M    M  0.7  5 150   M    M   2         5 290
 4  31   9  20   2  45   0 0.00    M    M  0.9  6  40   M    M   3 18      7  40
 5  40  20  30  12  35   0 0.00    M    M  1.1  6 210   M    M   9 8       7  90
 6  42  28  35  17  30   0 0.01    M    M  2.7  9 140   M    M   7 1      10 140
 7  39  19  29  11  36   0 0.00    M    M  1.6  6  60   M    M   6         8  60
 8  41  23  32  14  33   0 0.00    M    M  2.3  9 320   M    M   2        10 320
 9  44  27  36  18  29   0 0.01    M    M  1.1  6 150   M    M   9         7 150
10  41  30  36  18  29   0    T    M    M  7.2 17 290   M    M   8        22 290
11  34  22  28  10  37   0 0.07    M    M  2.5 12 340   M    M   9 1      19 150
12  45  20  33  15  32   0 0.00    M    M  2.2  9 300   M    M   8        12 310
13  46  26  36  17  29   0 0.00    M    M  1.9  7 160   M    M   8        14  60
14  41  20  31  12  34   0 0.00    M    M  1.1  6 330   M    M   0         7 190
15  27  22  25   6  40   0 0.00    M    M  1.0  7 170   M    M   9 12      8 320
16  27  16  22   3  43   0 0.00    M    M  1.9  7 190   M    M   7 1       8 200
17  32  14  23   4  42   0 0.00    M    M  1.2  7 160   M    M   4 1       9 150
18  50  17  34  15  31   0 0.05    M    M  4.3 26 160   M    M   4 1      35 170
19  42  22  32  13  33   0 0.01    M    M  4.6 26 330   M    M   7        34 330
20  33  20  27   7  38   0 0.00    M    M  2.1  9 330   M    M  10        12 320
21  36  15  26   6  39   0 0.00    M    M  2.4 14 160   M    M   3        16 170
================================================================================
SM  789  394       769   0  0.15    M     44.5          M      115
================================================================================
AV 37.6 18.8                               2.1 FASTST   M    M   5    MAX(MPH)
                                 MISC ---->  # 26 160               # 35  170
================================================================================
NOTES:
# LAST OF SEVERAL OCCURRENCES
PRECIPITATION SUSPECT DURING FREEZING/FROZEN EVENTS

COLUMN 17 PEAK WIND IN M.P.H.

PRELIMINARY LOCAL CLIMATOLOGICAL DATA (WS FORM: F-6) , PAGE 2

                                          STATION:  CHALLIS ID
                                          MONTH:    JANUARY
                                          YEAR:     2018
                                          LATITUDE:   44 31 N
                                          LONGITUDE: 114 13 W

[TEMPERATURE DATA]      [PRECIPITATION DATA]       SYMBOLS USED IN COLUMN 16

AVERAGE MONTHLY: 28.2   TOTAL FOR MONTH:   0.15    1 = FOG OR MIST
DPTR FM NORMAL:   9.8   DPTR FM NORMAL:   -0.22    2 = FOG REDUCING VISIBILITY
HIGHEST:    50 ON 18    GRTST 24HR  0.07 ON 11-11      TO 1/4 MILE OR LESS
LOWEST:      4 ON  2                               3 = THUNDER
                        SNOW, ICE PELLETS, HAIL    4 = ICE PELLETS
                        TOTAL MONTH:    M          5 = HAIL
                        GRTST 24HR    M  ON   M    6 = FREEZING RAIN OR DRIZZLE
                        GRTST DEPTH:  M  ON   M    7 = DUSTSTORM OR SANDSTORM:
                                                       VSBY 1/2 MILE OR LESS
                                                   8 = SMOKE OR HAZE
[NO. OF DAYS WITH]      [WEATHER - DAYS WITH]      9 = BLOWING SNOW
                                                   X = TORNADO
MAX 32 OR BELOW:   5    0.01 INCH OR MORE:   5
MAX 90 OR ABOVE:   0    0.10 INCH OR MORE:   0
MIN 32 OR BELOW:  21    0.50 INCH OR MORE:   0
MIN  0 OR BELOW:   0    1.00 INCH OR MORE:   0

[HDD (BASE 65) ]
TOTAL THIS MO.   769    CLEAR  (SCALE 0-3)   7
DPTR FM NORMAL  -210    PTCLDY (SCALE 4-7)   8
TOTAL FM JUL 1  3951    CLOUDY (SCALE 8-10)  6
DPTR FM NORMAL  -524

[CDD (BASE 65) ]
TOTAL THIS MO.     0
DPTR FM NORMAL     0    [PRESSURE DATA]
TOTAL FM JAN 1     0    HIGHEST SLP M ON M
DPTR FM NORMAL     0    LOWEST  SLP 29.57 ON 10

[REMARKS]
