000
CXUS55 KPIH 271200
CF6LLJ

PRELIMINARY LOCAL CLIMATOLOGICAL DATA (WS FORM: F-6)

                                          STATION:   CHALLIS ID
                                          MONTH:     MAY
                                          YEAR:      2017
                                          LATITUDE:   44 31 N
                                          LONGITUDE: 114 13 W

  TEMPERATURE IN F:       :PCPN:    SNOW:  WIND      :SUNSHINE: SKY     :PK WND
================================================================================
1   2   3   4   5  6A  6B    7    8   9   10  11  12  13   14  15   16   17  18
                                     12Z  AVG MX 2MIN
DY MAX MIN AVG DEP HDD CDD  WTR  SNW DPTH SPD SPD DIR MIN PSBL S-S WX    SPD DR
================================================================================

 1  61  33  47   0  18   0 0.00    M    M  5.1 28 270   M    M   5        33 270
 2  63  41  52   4  13   0 0.00    M    M  8.9 23 320   M    M   3        27 320
 3  72  30  51   3  14   0 0.00    M    M  3.5 12 330   M    M   0        14 330
 4  81  37  59  11   6   0 0.00    M    M  3.2 20 140   M    M   1        29 140
 5  82  40  61  12   4   0 0.24    M    M  6.9 40 240   M    M   3 18     49 260
 6  75  46  61  12   4   0 0.31    M    M  5.8 31 150   M    M   2 13     41 150
 7  67  44  56   7   9   0 0.26    M    M  8.3 23  30   M    M   7 13     31  20
 8  66  37  52   2  13   0 0.00    M    M  6.1 13  10   M    M   5        16 360
 9  71  39  55   5  10   0 0.00    M    M  3.9 12  20   M    M   1        18  20
10  77  37  57   7   8   0 0.00    M    M  3.1 18 270   M    M   0        21 280
11  80  40  60   9   5   0    T    M    M  6.5 25 180   M    M   1        34 160
12  75  34  55   4  10   0 0.03    M    M 11.5 45 270   M    M   7 1      59 270
13  48  34  41 -10  24   0 0.04    M    M  5.8 37 270   M    M   7 1      44 260
14  56  27  42 -10  23   0 0.00    M    M  5.1 15 220   M    M   4        19 130
15  60  35  48  -4  17   0    T    M    M  4.2 15 280   M    M   4        23 340
16  56  31  44  -8  21   0 0.10    M    M  6.0 21 260   M    M   5 1      27 180
17  44  34  39 -13  26   0 0.01    M    M  6.6 18  20   M    M   9 1      23  10
18  54  37  46  -7  19   0    T    M    M  5.8 14  40   M    M  10        20  30
19  62  43  53   0  12   0 0.00    M    M  2.8 14 360   M    M   8        17  20
20  66  36  51  -2  14   0 0.15    M    M  4.1 23 320   M    M   6        31 340
21  70  39  55   1  10   0 0.00    M    M  3.8 12  40   M    M   1        16  30
22  76  38  57   3   8   0 0.00    M    M  3.4 13  40   M    M   0        17  40
23  81  41  61   7   4   0 0.00    M    M  4.6 20 250   M    M   0        25 240
24  70  46  58   4   7   0 0.00    M    M 12.2 26 280   M    M   2        36 240
25  62  32  47  -8  18   0 0.03    M    M  5.8 16 360   M    M   5        24  60
26  65  43  54  -1  11   0 0.01    M    M  6.5 18 280   M    M   7        27  20
================================================================================
SM 1740  974       328   0  1.18    M    149.5          M      103
================================================================================
AV 66.9 37.5                               5.8 FASTST   M    M   4    MAX(MPH)
                                 MISC ---->  # 45 270               # 59  270
================================================================================
NOTES:
# LAST OF SEVERAL OCCURRENCES
PRECIPITATION SUSPECT DURING FREEZING/FROZEN EVENTS

COLUMN 17 PEAK WIND IN M.P.H.

PRELIMINARY LOCAL CLIMATOLOGICAL DATA (WS FORM: F-6) , PAGE 2

                                          STATION:  CHALLIS ID
                                          MONTH:    MAY
                                          YEAR:     2017
                                          LATITUDE:   44 31 N
                                          LONGITUDE: 114 13 W

[TEMPERATURE DATA]      [PRECIPITATION DATA]       SYMBOLS USED IN COLUMN 16

AVERAGE MONTHLY: 52.2   TOTAL FOR MONTH:   1.18    1 = FOG OR MIST
DPTR FM NORMAL:   0.9   DPTR FM NORMAL:   -0.01    2 = FOG REDUCING VISIBILITY
HIGHEST:    82 ON  5    GRTST 24HR  0.31 ON  6- 6      TO 1/4 MILE OR LESS
LOWEST:     27 ON 14                               3 = THUNDER
                        SNOW, ICE PELLETS, HAIL    4 = ICE PELLETS
                        TOTAL MONTH:    M          5 = HAIL
                        GRTST 24HR    M  ON   M    6 = FREEZING RAIN OR DRIZZLE
                        GRTST DEPTH:  M  ON   M    7 = DUSTSTORM OR SANDSTORM:
                                                       VSBY 1/2 MILE OR LESS
                                                   8 = SMOKE OR HAZE
[NO. OF DAYS WITH]      [WEATHER - DAYS WITH]      9 = BLOWING SNOW
                                                   X = TORNADO
MAX 32 OR BELOW:   0    0.01 INCH OR MORE:  10
MAX 90 OR ABOVE:   0    0.10 INCH OR MORE:   5
MIN 32 OR BELOW:   4    0.50 INCH OR MORE:   0
MIN  0 OR BELOW:   0    1.00 INCH OR MORE:   0

[HDD (BASE 65) ]
TOTAL THIS MO.   328    CLEAR  (SCALE 0-3)  11
DPTR FM NORMAL   -29    PTCLDY (SCALE 4-7)  13
TOTAL FM JUL 1  8205    CLOUDY (SCALE 8-10)  2
DPTR FM NORMAL   257

[CDD (BASE 65) ]
TOTAL THIS MO.     0
DPTR FM NORMAL     0    [PRESSURE DATA]
TOTAL FM JAN 1     0    HIGHEST SLP M ON M
DPTR FM NORMAL     0    LOWEST  SLP 29.44 ON 24

[REMARKS]
