000
CXUS53 KOAX 291519
CF6LNK
PRELIMINARY LOCAL CLIMATOLOGICAL DATA (WS FORM: F-6)

                                          STATION:   LINCOLN, NEBRASKA
                                          MONTH:     JUNE
                                          YEAR:      2015
                                          LATITUDE:   40 50 N
                                          LONGITUDE:  96 45 W

  TEMPERATURE IN F:       :PCPN:    SNOW:  WIND      :SUNSHINE: SKY     :PK WND
================================================================================
1   2   3   4   5  6A  6B    7    8   9   10  11  12  13   14  15   16   17  18
                                     12Z  AVG MX 2MIN
DY MAX MIN AVG DEP HDD CDD  WTR  SNW DPTH SPD SPD DIR MIN PSBL S-S WX    SPD DR
================================================================================

 1  77  54  66  -2   0   1 0.00  0.0    0  9.6 20 160   M    M   3        24 160
 2  79  58  69   1   0   4    T  0.0    0 14.1 22 140   M    M   5        29 140
 3  83  62  73   5   0   8 0.86  0.0    0  7.3 37 150   M    M   3 13     52 140
 4  74  65  70   1   0   5 0.74  0.0    0  7.5 32 260   M    M   5 13     40 240
 5  84  61  73   4   0   8 0.00  0.0    0  2.4  9 130   M    M   1        12 120
 6  87  67  77   7   0  12 0.32  0.0    0 13.3 25 180   M    M   3 13     33 180
 7  86  60  73   3   0   8 0.03  0.0    0  9.9 23 360   M    M   1 3      27 360
 8  90  59  75   5   0  10 0.00  0.0    0  6.7 18 320   M    M   0        23 330
 9  97  61  79   8   0  14 0.00  0.0    0  7.9 18 230   M    M   0        23 230
10  99  66  83  12   0  18 2.02  0.0    0  8.3 37 320   M    M   1 13     44 330
11  76  63  70  -1   0   5 1.00  0.0    0 13.3 22 350   M    M   9 13     27 350
12  68  61  65  -7   0   0    T  0.0    0  5.9 20 360   M    M  10 1      24 360
13  80  59  70  -2   0   5 0.00  0.0    0  4.8 14 170   M    M   4 1      17 180
14  84  63  74   2   0   9 0.44  0.0    0  6.1 29 310   M    M   4 13     34 330
15  78  59  69  -4   0   4 1.63  0.0    0 11.9 28  20   M    M   6 13     35  20
16  81  54  68  -5   0   3 0.00  0.0    0  7.7 17 140   M    M   0        22 130
17  88  66  77   4   0  12 0.00  0.0    0  5.7 13 330   M    M   1        16 350
18  78  62  70  -4   0   5 0.60  0.0    0  9.8 31 330   M    M   5 13     37 320
19  84  58  71  -3   0   6 0.00  0.0    0  8.7 17 170   M    M   0        23 160
20  92  71  82   8   0  17 0.00  0.0    0 11.4 20  30   M    M   1        26 190
21  88  66  77   3   0  12 0.00  0.0    0  9.0 20 110   M    M   1        25 130
22  92  63  78   3   0  13 0.00  0.0    0 15.0 26 210   M    M   2        31 210
23  79  57  68  -7   0   3    T  0.0    0  7.6 22 180   M    M   4 3      29 170
24  96  67  82   7   0  17 0.00  0.0    0 11.1 23 100   M    M   2 3      29 100
25  82  68  75   0   0  10 0.00  0.0    0  8.9 13  80   M    M   6 1      14  20
26  85  64  75  -1   0  10    T  0.0    0  9.5 20  30   M    M   3 18     26  40
27  88  59  74  -2   0   9 0.00  0.0    0  4.6 12 210   M    M   0 1      16  70
28  90  65  78   2   0  13 0.00  0.0    0 12.2 24 340   M    M   0        29 340
================================================================================
SM 2365 1738         0 241  7.64     0.0 250.2          M       80
================================================================================
AV 84.5 62.1                               8.9 FASTST   M    M   3    MAX(MPH)
                                 MISC ---->  # 37 150               # 52  140
================================================================================
NOTES:
# LAST OF SEVERAL OCCURRENCES

COLUMN 17 PEAK WIND IN M.P.H.

PRELIMINARY LOCAL CLIMATOLOGICAL DATA (WS FORM: F-6) , PAGE 2

                                          STATION:  LINCOLN, NEBRASKA
                                          MONTH:    JUNE
                                          YEAR:     2015
                                          LATITUDE:   40 50 N
                                          LONGITUDE:  96 45 W

[TEMPERATURE DATA]      [PRECIPITATION DATA]       SYMBOLS USED IN COLUMN 16

AVERAGE MONTHLY: 73.3   TOTAL FOR MONTH:   7.64    1 = FOG OR MIST
DPTR FM NORMAL:   1.0   DPTR FM NORMAL:    3.55    2 = FOG REDUCING VISIBILITY
HIGHEST:    99 ON 10    GRTST 24HR  3.02 ON 10-11      TO 1/4 MILE OR LESS
LOWEST:     54 ON 16, 1                            3 = THUNDER
                        SNOW, ICE PELLETS, HAIL    4 = ICE PELLETS
                        TOTAL MONTH:   0.0 INCH    5 = HAIL
                        GRTST 24HR     0.0         6 = FREEZING RAIN OR DRIZZLE
                        GRTST DEPTH:   0           7 = DUSTSTORM OR SANDSTORM:
                                                       VSBY 1/2 MILE OR LESS
                                                   8 = SMOKE OR HAZE
[NO. OF DAYS WITH]      [WEATHER - DAYS WITH]      9 = BLOWING SNOW
                                                   X = TORNADO
MAX 32 OR BELOW:   0    0.01 INCH OR MORE:   9
MAX 90 OR ABOVE:   7    0.10 INCH OR MORE:   8
MIN 32 OR BELOW:   0    0.50 INCH OR MORE:   6
MIN  0 OR BELOW:   0    1.00 INCH OR MORE:   3

[HDD (BASE 65) ]
TOTAL THIS MO.     0    CLEAR  (SCALE 0-3)  16
DPTR FM NORMAL   -13    PTCLDY (SCALE 4-7)  10
TOTAL FM JUL 1  5829    CLOUDY (SCALE 8-10)  2
DPTR FM NORMAL  -224

[CDD (BASE 65) ]
TOTAL THIS MO.   241
DPTR FM NORMAL    21    [PRESSURE DATA]
TOTAL FM JAN 1   293    HIGHEST SLP M ON M
DPTR FM NORMAL    -6    LOWEST  SLP 29.61 ON 10

[REMARKS]
