000
CXUS53 KOAX 201000
CF6LNK
PRELIMINARY LOCAL CLIMATOLOGICAL DATA (WS FORM: F-6)

                                          STATION:   LINCOLN, NEBRASKA
                                          MONTH:     DECEMBER
                                          YEAR:      2014
                                          LATITUDE:   40 50 N
                                          LONGITUDE:  96 45 W

  TEMPERATURE IN F:       :PCPN:    SNOW:  WIND      :SUNSHINE: SKY     :PK WND
================================================================================
1   2   3   4   5  6A  6B    7    8   9   10  11  12  13   14  15   16   17  18
                                     12Z  AVG MX 2MIN
DY MAX MIN AVG DEP HDD CDD  WTR  SNW DPTH SPD SPD DIR MIN PSBL S-S WX    SPD DR
================================================================================

 1  25  13  19 -12  46   0 0.00  0.0    0 10.6 18  30   M    M   3        25 360
 2  47  14  31   1  34   0 0.00  0.0    0  8.4 23 220   M    M   1        30 220
 3  38  15  27  -3  38   0 0.00  0.0    0  5.3 13  60   M    M   0        18  80
 4  45  20  33   3  32   0 0.00  0.0    0  8.6 15 180   M    M   0 18     20 190
 5  53  28  41  12  24   0 0.00  0.0    0  4.7 15 360   M    M   4 128    19 360
 6  36  26  31   2  34   0 0.00  0.0    0  7.7 16 170   M    M   8 18     19 170
 7  40  32  36   7  29   0 0.00  0.0    0 11.3 18 180   M    M  10 1      23 180
 8  53  27  40  12  25   0 0.00  0.0    0  9.8 26  10   M    M   1 1      33  30
 9  30  15  23  -5  42   0 0.00  0.0    0  4.8 14 350   M    M   2 18     19 360
10  41  21  31   3  34   0 0.00  0.0    0  6.6 12 140   M    M   7 18     14 140
11  42  33  38  11  27   0 0.00  0.0    0  8.0 13 210   M    M  10 18     16 190
12  58  37  48  21  17   0 0.00  0.0    0  9.3 16 210   M    M   7 18     22 200
13  54  49  52  25  13   0 0.00  0.0    0 12.8 22 190   M    M  10 18     26 190
14  59  53  56  29   9   0 0.35  0.0    0 12.7 21 170   M    M  10 1      29 170
15  55  27  41  15  24   0 0.48  0.0    0 20.7 36 340   M    M   9 1      46 330
16  28  20  24  -2  41   0 0.00  0.0    0 16.2 31 330   M    M  10        38 340
17  27  20  24  -2  41   0 0.00  0.0    0  5.6 10  50   M    M   9        12  50
18  32  26  29   3  36   0 0.06  0.7    1  3.5  8 180   M    M  10 18     10 160
19  35  31  33   7  32   0 0.00  0.0    0  8.1 15 180   M    M  10 18     20 180
================================================================================
SM  798  507       578   0  0.89     0.7 174.7          M      121
================================================================================
AV 42.0 26.7                               9.2 FASTST   M    M   6    MAX(MPH)
                                 MISC ---->  # 36 340               # 46  330
================================================================================
NOTES:
# LAST OF SEVERAL OCCURRENCES

COLUMN 17 PEAK WIND IN M.P.H.

PRELIMINARY LOCAL CLIMATOLOGICAL DATA (WS FORM: F-6) , PAGE 2

                                          STATION:  LINCOLN, NEBRASKA
                                          MONTH:    DECEMBER
                                          YEAR:     2014
                                          LATITUDE:   40 50 N
                                          LONGITUDE:  96 45 W

[TEMPERATURE DATA]      [PRECIPITATION DATA]       SYMBOLS USED IN COLUMN 16

AVERAGE MONTHLY: 34.3   TOTAL FOR MONTH:   0.89    1 = FOG OR MIST
DPTR FM NORMAL:   6.4   DPTR FM NORMAL:    0.26    2 = FOG REDUCING VISIBILITY
HIGHEST:    59 ON 14    GRTST 24HR  0.83 ON 14-15      TO 1/4 MILE OR LESS
LOWEST:     13 ON  1                               3 = THUNDER
                        SNOW, ICE PELLETS, HAIL    4 = ICE PELLETS
                        TOTAL MONTH:   0.7 INCH    5 = HAIL
                        GRTST 24HR   0.7 ON   M    6 = FREEZING RAIN OR DRIZZLE
                        GRTST DEPTH:   1 ON 18     7 = DUSTSTORM OR SANDSTORM:
                                                       VSBY 1/2 MILE OR LESS
                                                   8 = SMOKE OR HAZE
[NO. OF DAYS WITH]      [WEATHER - DAYS WITH]      9 = BLOWING SNOW
                                                   X = TORNADO
MAX 32 OR BELOW:   5    0.01 INCH OR MORE:   3
MAX 90 OR ABOVE:   0    0.10 INCH OR MORE:   2
MIN 32 OR BELOW:  15    0.50 INCH OR MORE:   0
MIN  0 OR BELOW:   0    1.00 INCH OR MORE:   0

[HDD (BASE 65) ]
TOTAL THIS MO.   578    CLEAR  (SCALE 0-3)   6
DPTR FM NORMAL  -126    PTCLDY (SCALE 4-7)   4
TOTAL FM JUL 1  1887    CLOUDY (SCALE 8-10)  9
DPTR FM NORMAL   -78

[CDD (BASE 65) ]
TOTAL THIS MO.     0
DPTR FM NORMAL     0    [PRESSURE DATA]
TOTAL FM JAN 1  1237    HIGHEST SLP  0.00 ON  8
DPTR FM NORMAL    64    LOWEST  SLP  0.00 ON  8

[REMARKS]
