000
CXUS53 KMKX 300646
CF6LNR
PRELIMINARY LOCAL CLIMATOLOGICAL DATA (WS FORM: F-6)

                                          STATION:   LONE ROCK WI
                                          MONTH:     NOVEMBER
                                          YEAR:      2016
                                          LATITUDE:   43 12 N
                                          LONGITUDE:  90 11 W

  TEMPERATURE IN F:       :PCPN:    SNOW:  WIND      :SUNSHINE: SKY     :PK WND
================================================================================
1   2   3   4   5  6A  6B    7    8   9   10  11  12  13   14  15   16   17  18
                                     12Z  AVG MX 2MIN
DY MAX MIN AVG DEP HDD CDD  WTR  SNW DPTH SPD SPD DIR MIN PSBL S-S WX    SPD DR
================================================================================

 1  74  46  60  17   5   0 0.00  0.0    0  2.3  9 310   M    M   3 128    15 310
 2  66  40  53  10  12   0    T    M    0  3.2 12 100   M    M   6        14  90
 3  67  35  51   9  14   0 0.00  0.0    0  3.5 18 350   M    M   3 12     22 340
 4  63  33  48   6  17   0 0.00  0.0    0  2.5 13 240   M    M   3 12     16 250
 5  71  35  53  12  12   0 0.00  0.0    0  0.6  7 220   M    M   1 12      9 220
 6  70  35  53  12  12   0 0.00    M    0  1.2 12 200   M    M   3 12     15 190
 7  65  32  49   9  16   0 0.00  0.0    0  3.3 14 200   M    M   1 128    19 190
 8  61  31  46   6  19   0 0.04  0.0    0  7.6 22 340   M    M   2 1      26 340
 9  58  28  43   4  22   0 0.00  0.0    0  4.1 13 250   M    M   0        17 250
10  66  33  50  11  15   0 0.00  0.0    0  7.3 18 280   M    M   0        26 280
11  54  25  40   2  25   0 0.00    M    M  6.9 17  20   M    M   0        22  10
12  52  20  36  -2  29   0 0.00    M    M  4.7 15 220   M    M   0 1      19 240
13  59  25  42   5  23   0 0.00    M    M  5.3 18 210   M    M   0        26 210
14  63  36  50  13  15   0 0.00    M    M  4.3 13 280   M    M   1        17 300
15  53  33  43   7  22   0 0.00  0.0    0  2.8  9 280   M    M   6 1      11 210
16  60  29  45   9  20   0 0.00  0.0    0  4.2 12 170   M    M   5 128    17 160
17  70  50  60  25   5   0 0.00  0.0    0  7.5 18 190   M    M   0        24 190
18  69  35  52  17  13   0    T    M    0 15.9 30 280   M    M   6        45 230
19  38  25  32  -2  33   0    T    M    0 16.8 32 300   M    M   6        43 300
20  34  16  25  -9  40   0 0.00  0.0    0  3.8 10 350   M    M   0        14  10
21  39  13  26  -7  39   0 0.00  0.0    0  3.4  9 110   M    M   0        11 130
22  43  27  35   3  30   0 0.12    M    M 10.5 18 110   M    M   6 1      22 110
23  42  36  39   7  26   0 0.24    M    M  7.1 15 300   M    M  10 1      19 290
24  37  36  37   6  28   0 0.00    M    M  5.7 17 310   M    M  10        21 310
25  40  36  38   7  27   0    M    M    M  5.5 14 280   M    M  10 1      17 300
26  50  27  39   9  26   0 0.00    M    M  4.4 16 180   M    M   3        22 190
27  47  25  36   6  29   0 0.98    M    M  8.2 21 130   M    M   4 18     27 130
28  50  43  47  18  18   0 0.55    M    M 10.1 18 130   M    M  10 13     29 140
29  48  33  41  12  24   0 0.00    M    M  8.6 21 200   M    M   4        25 200
================================================================================
SM 1609  918       616   0  1.93     0.0 171.3          M      103
================================================================================
AV 55.5 31.7                               5.9 FASTST   M    M   4    MAX(MPH)
                                 MISC ---->  # 32 300               # 45  230
================================================================================
NOTES:
# LAST OF SEVERAL OCCURRENCES

COLUMN 17 PEAK WIND IN M.P.H.

PRELIMINARY LOCAL CLIMATOLOGICAL DATA (WS FORM: F-6) , PAGE 2

                                          STATION:  LONE ROCK WI
                                          MONTH:    NOVEMBER
                                          YEAR:     2016
                                          LATITUDE:   43 12 N
                                          LONGITUDE:  90 11 W

[TEMPERATURE DATA]      [PRECIPITATION DATA]       SYMBOLS USED IN COLUMN 16

AVERAGE MONTHLY: 43.6   TOTAL FOR MONTH:   1.93    1 = FOG OR MIST
DPTR FM NORMAL:   7.5   DPTR FM NORMAL:   -0.02    2 = FOG REDUCING VISIBILITY
HIGHEST:    74 ON  1    GRTST 24HR  1.36 ON 27-28      TO 1/4 MILE OR LESS
LOWEST:     13 ON 21                               3 = THUNDER
                        SNOW, ICE PELLETS, HAIL    4 = ICE PELLETS
                        TOTAL MONTH:   0.0 INCH    5 = HAIL
                        GRTST 24HR     0.0         6 = FREEZING RAIN OR DRIZZLE
                        GRTST DEPTH:   0           7 = DUSTSTORM OR SANDSTORM:
                                                       VSBY 1/2 MILE OR LESS
                                                   8 = SMOKE OR HAZE
[NO. OF DAYS WITH]      [WEATHER - DAYS WITH]      9 = BLOWING SNOW
                                                   X = TORNADO
MAX 32 OR BELOW:   0    0.01 INCH OR MORE:   5
MAX 90 OR ABOVE:   0    0.10 INCH OR MORE:   4
MIN 32 OR BELOW:  13    0.50 INCH OR MORE:   2
MIN  0 OR BELOW:   0    1.00 INCH OR MORE:   0

[HDD (BASE 65) ]
TOTAL THIS MO.   616    CLEAR  (SCALE 0-3)  16
DPTR FM NORMAL  -222    PTCLDY (SCALE 4-7)   9
TOTAL FM JUL 1  1022    CLOUDY (SCALE 8-10)  4
DPTR FM NORMAL  -505

[CDD (BASE 65) ]
TOTAL THIS MO.     0
DPTR FM NORMAL     0    [PRESSURE DATA]
TOTAL FM JAN 1   751    HIGHEST SLP M ON M
DPTR FM NORMAL   180    LOWEST  SLP 29.06 ON 28

[REMARKS]
