000
CXUS53 KLMK 280800
CF6LOU
PRELIMINARY LOCAL CLIMATOLOGICAL DATA (WS FORM: F-6)

                                          STATION:   LOUISVILLE BOWMAN KY
                                          MONTH:     MAY
                                          YEAR:      2015
                                          LATITUDE:   38 13 N
                                          LONGITUDE:  85 40 W

  TEMPERATURE IN F:       :PCPN:    SNOW:  WIND      :SUNSHINE: SKY     :PK WND
================================================================================
1   2   3   4   5  6A  6B    7    8   9   10  11  12  13   14  15   16   17  18
                                     12Z  AVG MX 2MIN
DY MAX MIN AVG DEP HDD CDD  WTR  SNW DPTH SPD SPD DIR MIN PSBL S-S WX    SPD DR
================================================================================

 1  72  43  58  -4   7   0 0.00    M    M  5.8 14 320   M    M   0        18 320
 2  76  49  63   1   2   0 0.00    M    M  1.8 10 230   M    M   2        14 220
 3  79  50  65   3   0   0 0.00    M    M  4.2 15 230   M    M   1        22 240
 4  83  58  71   8   0   6 0.00    M    M  5.3 15 270   M    M   1        19 260
 5  85  59  72   9   0   7 0.00    M    M  3.2 15 240   M    M   2        20 230
 6  87  57  72   9   0   7 0.00    M    M  1.1  8 120   M    M   2        11 180
 7  88  59  74  10   0   9 0.00    M    M  2.9 12 180   M    M   1        16 210
 8  87  60  74  10   0   9 0.00    M    0  3.7 15 190   M    M   0        21 190
 9  86  67  77  13   0  12 0.46    M    0  4.9 14 200   M    M   5 1      20 180
10  85  67  76  12   0  11 0.00    M    M  4.7 31 290   M    M   3        45 300
11  87  66  77  12   0  12 0.33    M    M  7.7 24 260   M    M   2 138    34 220
12  72  58  65   0   0   0 0.00    M    M 11.6 23 270   M    M   0        30 270
13  72  49  61  -4   4   0 0.00    M    M  4.6 12 340   M    M   0        17 340
14  74  53  64  -2   1   0 0.00    M    M  6.0 14 100   M    M   0        18 100
15  87  65  76  10   0  11 0.00    M    M  6.9 17 250   M    M   5        23 190
16  75  69  72   6   0   7 0.25    M    M  5.2 13 180   M    M   7 1      18 190
17  82  67  75   9   0  10 0.20    M    M  6.2 15 210   M    M   4 138    22 180
18  78  66  72   5   0   7 0.02    M    M  4.6  9 200   M    M   5 1      14 190
19  75  59  67   0   0   2 0.00    M    M  7.2 14 310   M    M   0        18 310
20  68  50  59  -8   6   0    T    M    M  6.9 14  30   M    M   3        19  50
21  61  47  54 -14  11   0 0.00    M    M  7.8 16 300   M    M   8 8      20 320
22  76  43  60  -8   5   0 0.00    M    M  4.6 16 260   M    M   0 1      20 250
23  81  52  67  -1   0   2 0.00    M    M  3.0 12 120   M    M   0        19 160
24  86  62  74   5   0   9 0.00    M    M  7.3 15 150   M    M   1        24 150
25  76  66  71   2   0   6 0.37    M    M  7.0 14 180   M    M   8 1      20 160
26  83  66  75   6   0  10 0.30    M    M  8.1 22 240   M    M   4 138    35 230
27  80  66  73   3   0   8 0.11    M    M  5.9 24 240   M    M   5 13     35 250
================================================================================
SM 2141 1573        36 145  2.04    M    148.2          M       69
================================================================================
AV 79.3 58.3                               5.5 FASTST   M    M   3    MAX(MPH)
                                 MISC ---->  # 31 290               # 45  300
================================================================================
NOTES:
# LAST OF SEVERAL OCCURRENCES

COLUMN 17 PEAK WIND IN M.P.H.

PRELIMINARY LOCAL CLIMATOLOGICAL DATA (WS FORM: F-6) , PAGE 2

                                          STATION:  LOUISVILLE BOWMAN KY
                                          MONTH:    MAY
                                          YEAR:     2015
                                          LATITUDE:   38 13 N
                                          LONGITUDE:  85 40 W

[TEMPERATURE DATA]      [PRECIPITATION DATA]       SYMBOLS USED IN COLUMN 16

AVERAGE MONTHLY: 68.8   TOTAL FOR MONTH:   2.04    1 = FOG OR MIST
DPTR FM NORMAL:   3.1   DPTR FM NORMAL:   -2.48    2 = FOG REDUCING VISIBILITY
HIGHEST:    88 ON  7    GRTST 24HR  0.46 ON  9- 9      TO 1/4 MILE OR LESS
LOWEST:     43 ON 22, 1                            3 = THUNDER
                        SNOW, ICE PELLETS, HAIL    4 = ICE PELLETS
                        TOTAL MONTH:    M          5 = HAIL
                        GRTST 24HR    M  ON   M    6 = FREEZING RAIN OR DRIZZLE
                        GRTST DEPTH:   0           7 = DUSTSTORM OR SANDSTORM:
                                                       VSBY 1/2 MILE OR LESS
                                                   8 = SMOKE OR HAZE
[NO. OF DAYS WITH]      [WEATHER - DAYS WITH]      9 = BLOWING SNOW
                                                   X = TORNADO
MAX 32 OR BELOW:   0    0.01 INCH OR MORE:   8
MAX 90 OR ABOVE:   0    0.10 INCH OR MORE:   7
MIN 32 OR BELOW:   0    0.50 INCH OR MORE:   0
MIN  0 OR BELOW:   0    1.00 INCH OR MORE:   0

[HDD (BASE 65) ]
TOTAL THIS MO.    36    CLEAR  (SCALE 0-3)  17
DPTR FM NORMAL   -34    PTCLDY (SCALE 4-7)  10
TOTAL FM JUL 1  4614    CLOUDY (SCALE 8-10)  0
DPTR FM NORMAL   353

[CDD (BASE 65) ]
TOTAL THIS MO.   145
DPTR FM NORMAL    56    [PRESSURE DATA]
TOTAL FM JAN 1   166    HIGHEST SLP M ON M
DPTR FM NORMAL    43    LOWEST  SLP 29.91 ON 11

[REMARKS]
