000
CXUS54 KCRP 291300
CF6LRD
PRELIMINARY LOCAL CLIMATOLOGICAL DATA (WS FORM: F-6)

                                          STATION:   LAREDO
                                          MONTH:     JUNE
                                          YEAR:      2015
                                          LATITUDE:   27 31 N
                                          LONGITUDE:  99 28 W

  TEMPERATURE IN F:       :PCPN:    SNOW:  WIND      :SUNSHINE: SKY     :PK WND
================================================================================
1   2   3   4   5  6A  6B    7    8   9   10  11  12  13   14  15   16   17  18
                                     12Z  AVG MX 2MIN
DY MAX MIN AVG DEP HDD CDD  WTR  SNW DPTH SPD SPD DIR MIN PSBL S-S WX    SPD DR
================================================================================

 1  90  68  79  -7   0  14 0.00  0.0    0  5.7 15 130   M    M   1 12     18 130
 2  92  71  82  -4   0  17 0.00  0.0    0  8.9 16 110   M    M   0        18 110
 3  93  73  83  -3   0  18 0.00  0.0    0 11.4 18 110   M    M   2        21 130
 4  93  73  83  -3   0  18 0.00  0.0    0 11.7 20 150   M    M   3 8      23 150
 5  93  72  83  -3   0  18 0.00  0.0    0 10.8 23 110   M    M   1        27 100
 6  93  73  83  -3   0  18 0.00  0.0    0 10.2 17 120   M    M   2        22 110
 7  94  72  83  -3   0  18 0.00  0.0    0 11.2 21 120   M    M   1        25 110
 8  95  74  85  -2   0  20    T  0.0    0 10.6 20 100   M    M   4        22 130
 9  95  75  85  -2   0  20 0.00  0.0    0  8.9 17 150   M    M   3        22 150
10  97  75  86  -1   0  21 0.00  0.0    0  9.9 20 120   M    M   0        22 140
11  97  77  87   0   0  22 0.00  0.0    0 14.0 22 120   M    M   3        25 120
12  99  78  89   2   0  24 0.00  0.0    0 13.3 28 110   M    M   5        31 100
13  99  77  88   1   0  23 0.00  0.0    0 12.7 23 110   M    M   4        28 110
14  97  78  88   1   0  23 0.00  0.0    0 12.1 29 110   M    M   3        32 110
15  96  74  85  -2   0  20 0.00  0.0    0  6.4 17  90   M    M   2        21  70
16  96  76  86  -1   0  21 0.07  0.0    0  8.3 17  35   M    M   4        23  35
17  97  76  87   0   0  22    T  0.0    0  6.1 22 150   M    M   3        28 330
18  94  74  84  -3   0  19    T  0.0    0  8.1 23 120   M    M   3        28 100
19  94  77  86  -1   0  21 0.02  0.0    0  8.7 20 120   M    M   3 13     22 100
20  97  77  87  -1   0  22 0.04  0.0    0 13.8 24 140   M    M   4        29 140
21  95  73  84  -4   0  19 1.00  0.0    0 13.0 39 140   M    M   5 138    43 140
22  86  77  82  -6   0  17 0.03  0.0    0 11.9 21 130   M    M   5 18     24 130
23  93  77  85  -3   0  20 0.00  0.0    0 13.2 22 110   M    M   3        26 120
24  92  74  83  -5   0  18    T  0.0    0  6.3 18 130   M    M   3        24 120
25  96  75  86  -2   0  21 0.00  0.0    0  8.7 16 120   M    M   2        23 140
26  98  75  87  -1   0  22 0.00  0.0    0 12.3 20 140   M    M   0        24 140
27  96  73  85  -3   0  20 0.02  0.0    0  9.3 29 140   M    M   1 38     33 140
28  98  76  87  -1   0  22 0.00  0.0    0  6.4 20 120   M    M   1        23 120
================================================================================
SM 2655 2090         0 558  1.18     0.0 283.9          M       71
================================================================================
AV 94.8 74.6                              10.1 FASTST   M    M   3    MAX(MPH)
                                 MISC ---->    39   M                 43    M
================================================================================
NOTES:
# LAST OF SEVERAL OCCURRENCES

COLUMN 17 PEAK WIND IN M.P.H.

PRELIMINARY LOCAL CLIMATOLOGICAL DATA (WS FORM: F-6) , PAGE 2

                                          STATION:  LAREDO
                                          MONTH:    JUNE
                                          YEAR:     2015
                                          LATITUDE:   27 31 N
                                          LONGITUDE:  99 28 W

[TEMPERATURE DATA]      [PRECIPITATION DATA]       SYMBOLS USED IN COLUMN 16

AVERAGE MONTHLY: 84.7   TOTAL FOR MONTH:   1.18    1 = FOG OR MIST
DPTR FM NORMAL:  -2.3   DPTR FM NORMAL:   -0.91    2 = FOG REDUCING VISIBILITY
HIGHEST:    99 ON 13,12 GRTST 24HR  1.00 ON 21-21      TO 1/4 MILE OR LESS
LOWEST:     68 ON  1                               3 = THUNDER
                        SNOW, ICE PELLETS, HAIL    4 = ICE PELLETS
                        TOTAL MONTH:   0.0 INCH    5 = HAIL
                        GRTST 24HR     0.0         6 = FREEZING RAIN OR DRIZZLE
                        GRTST DEPTH:   0           7 = DUSTSTORM OR SANDSTORM:
                                                       VSBY 1/2 MILE OR LESS
                                                   8 = SMOKE OR HAZE
[NO. OF DAYS WITH]      [WEATHER - DAYS WITH]      9 = BLOWING SNOW
                                                   X = TORNADO
MAX 32 OR BELOW:   0    0.01 INCH OR MORE:   6
MAX 90 OR ABOVE:  27    0.10 INCH OR MORE:   1
MIN 32 OR BELOW:   0    0.50 INCH OR MORE:   1
MIN  0 OR BELOW:   0    1.00 INCH OR MORE:   1

[HDD (BASE 65) ]
TOTAL THIS MO.     0    CLEAR  (SCALE 0-3)  15
DPTR FM NORMAL     0    PTCLDY (SCALE 4-7)  13
TOTAL FM JUL 1  1064    CLOUDY (SCALE 8-10)  0
DPTR FM NORMAL   138

[CDD (BASE 65) ]
TOTAL THIS MO.   558
DPTR FM NORMAL   -59    [PRESSURE DATA]
TOTAL FM JAN 1  1500    HIGHEST SLP M ON M
DPTR FM NORMAL  -260    LOWEST  SLP M ON M

[REMARKS]
