000
CXUS51 KRNK 271405
CF6LWB

PRELIMINARY LOCAL CLIMATOLOGICAL DATA (WS FORM: F-6)

                                          STATION:   LEWISBURG WV
                                          MONTH:     FEBRUARY
                                          YEAR:      2015
                                          LATITUDE:   37 52 N
                                          LONGITUDE:  80 24 W

  TEMPERATURE IN F:       :PCPN:    SNOW:  WIND      :SUNSHINE: SKY     :PK WND
================================================================================
1   2   3   4   5  6A  6B    7    8   9   10  11  12  13   14  15   16   17  18
                                     12Z  AVG MX 2MIN
DY MAX MIN AVG DEP HDD CDD  WTR  SNW DPTH SPD SPD DIR MIN PSBL S-S WX    SPD DR
================================================================================

 1  46  29  38   8  27   0    M    T    0  3.7 14 230   M    M   9 4      17 230
 2  48  19  34   4  31   0    M    T    0  9.5 18 280   M    M  10 4      31 280
 3  35  17  26  -4  39   0    M    T    0  3.4  9 310   M    M   4         M  M
 4  52  19  36   6  29   0    M  0.0    0  3.5 10 220   M    M   0         M  M
 5  41  14  28  -2  37   0    M    T    0  8.8 16 330   M    M   5        24 330
 6  38   9  24  -6  41   0    M  0.0    0  4.8 12 230   M    M   2        16 230
 7  57  22  40  10  25   0    M  0.0    0  4.3 13 220   M    M   2        18 220
 8  66  26  46  16  19   0    M  0.0    0  6.9 17 210   M    M   2        25 220
 9  55  40  48  17  17   0    M  0.0    0  2.2 12 270   M    M  10 1      16 270
10  41  23  32   1  33   0    M  0.0    0  4.2 12 330   M    M   8 1      17 330
11  43  21  32   1  33   0    M  0.0    0  3.0 10 250   M    M   8 1      21 250
12  36  14  25  -6  40   0    M  0.3    T  9.4 17 330   M    M  10        29 300
13  27   7  17 -14  48   0    M    T    T  4.9 15 310   M    M   1        21 310
14  37   6  22 -10  43   0    M  3.0    3 11.5 24 330   M    M   9 9      40 330
15  15   3   9 -23  56   0    M  0.0    1  9.3 21 300   M    M   4 9      36 290
16  17   5  11 -21  54   0    M  9.0    9  3.6 10  20   M    M  10         M  M
17  29  13  21 -11  44   0    M  0.4    7  5.0 12 270   M    M   4         M  M
18  26   1  14 -18  51   0    M  3.0    6  5.2 14 310   M    M   6 9      28 290
19   9  -1   4 -28  61   0    M    T    6  6.9 15 310   M    M   9        24 290
20  15  -5   5 -28  60   0    M  0.0    6  4.5  9  20   M    M   5 8       M  M
21  28   7  18 -15  47   0    M 15.0   21  6.8 12  20   M    M   8         M  M
22  46  28  37   4  28   0    M    T   19  3.3  8 260   M    M   6 12      M  M
23  32   5  19 -14  46   0    M    T   14  5.5 10 340   M    M   6        17 340
24  25  -1  12 -22  53   0    M    T   14  2.4  9  30   M    M   6 8       M  M
25  36  15  26  -8  39   0    M  0.0   14  4.9 12 290   M    M   3        20 290
26  36  23  30  -4  35   0    M  3.0   13  3.5  9 270   M    M   9         M  M
================================================================================
SM  936  359      1036   0    M     33.7 141.0          M      156
================================================================================
AV 36.0 13.8                               5.4 FASTST   M    M   6    MAX(MPH)
                                 MISC ---->  # 24 330               # 40  330
================================================================================
NOTES:
# LAST OF SEVERAL OCCURRENCES

COLUMN 17 PEAK WIND IN M.P.H.

PRELIMINARY LOCAL CLIMATOLOGICAL DATA (WS FORM: F-6) , PAGE 2

                                          STATION:  LEWISBURG WV
                                          MONTH:    FEBRUARY
                                          YEAR:     2015
                                          LATITUDE:   37 52 N
                                          LONGITUDE:  80 24 W

[TEMPERATURE DATA]      [PRECIPITATION DATA]       SYMBOLS USED IN COLUMN 16

AVERAGE MONTHLY: 24.9   TOTAL FOR MONTH:      M    1 = FOG OR MIST
DPTR FM NORMAL:  -6.7   DPTR FM NORMAL:       M    2 = FOG REDUCING VISIBILITY
HIGHEST:    66 ON  8    GRTST 24HR    M  ON   M        TO 1/4 MILE OR LESS
LOWEST:     -5 ON 20                               3 = THUNDER
                        SNOW, ICE PELLETS, HAIL    4 = ICE PELLETS
                        TOTAL MONTH:  33.7 INCHES  5 = HAIL
                        GRTST 24HR  15.0 ON 21-21  6 = FREEZING RAIN OR DRIZZLE
                        GRTST DEPTH:  21 ON 21     7 = DUSTSTORM OR SANDSTORM:
                                                       VSBY 1/2 MILE OR LESS
                                                   8 = SMOKE OR HAZE
[NO. OF DAYS WITH]      [WEATHER - DAYS WITH]      9 = BLOWING SNOW
                                                   X = TORNADO
MAX 32 OR BELOW:  10    0.01 INCH OR MORE:   0
MAX 90 OR ABOVE:   0    0.10 INCH OR MORE:   0
MIN 32 OR BELOW:  25    0.50 INCH OR MORE:   0
MIN  0 OR BELOW:   3    1.00 INCH OR MORE:   0

[HDD (BASE 65) ]
TOTAL THIS MO.  1036    CLEAR  (SCALE 0-3)   6
DPTR FM NORMAL   165    PTCLDY (SCALE 4-7)  11
TOTAL FM JUL 1  4120    CLOUDY (SCALE 8-10)  9
DPTR FM NORMAL  -244

[CDD (BASE 65) ]
TOTAL THIS MO.     0
DPTR FM NORMAL     0    [PRESSURE DATA]
TOTAL FM JAN 1     0    HIGHEST SLP M ON M
DPTR FM NORMAL     0    LOWEST  SLP M ON M

[REMARKS]
DUE TO HIGHLY SUSPECT PRECIPITATION VALUES FROM THE AUTOMATED RAIN
GAUGE...ALL LIQUID PRECIPITATION DATA WILL BE CODED AS MISSING.
