000
CXUS51 KRNK 300929
CF6LWB
PRELIMINARY LOCAL CLIMATOLOGICAL DATA (WS FORM: F-6)

                                          STATION:   LEWISBURG WV
                                          MONTH:     SEPTEMBER
                                          YEAR:      2014
                                          LATITUDE:   37 52 N
                                          LONGITUDE:  80 24 W

  TEMPERATURE IN F:       :PCPN:    SNOW:  WIND      :SUNSHINE: SKY     :PK WND
================================================================================
1   2   3   4   5  6A  6B    7    8   9   10  11  12  13   14  15   16   17  18
                                     12Z  AVG MX 2MIN
DY MAX MIN AVG DEP HDD CDD  WTR  SNW DPTH SPD SPD DIR MIN PSBL S-S WX    SPD DR
================================================================================

 1  86  67  77  10   0  12    T  0.0    0  3.4 12 250   M    M   6        20 250
 2  89  65  77  10   0  12 0.76  0.0    0  3.9 16  20   M    M   4 13     22  20
 3  81  66  74   8   0   9 0.00  0.0    0  0.7  7 240   M    M   5 1       M  M
 4  84  64  74   8   0   9    T  0.0    0  1.6  8 150   M    M   7 12      M  M
 5  86  66  76  10   0  11 0.00  0.0    0  1.2  9 240   M    M   5 12      M  M
 6  86  65  76  11   0  11 0.02  0.0    0  1.4 13 350   M    M   7 123    20 350
 7  75  65  70   5   0   5    T  0.0    0  2.0  6 100   M    M   9 1       M  M
 8  69  58  64  -1   1   0 0.04  0.0    0  3.8  9  20   M    M  10         M  M
 9  77  59  68   4   0   3 0.00  0.0    0  1.0  5 130   M    M   7         M  M
10  78  59  69   5   0   4 0.00  0.0    0  2.2 10 210   M    M   7 1       M  M
11  81  59  70   6   0   5 0.00  0.0    0  2.1 12 260   M    M   8 12     18 260
12  78  67  73  10   0   8 0.00  0.0    0  1.2  5 260   M    M   9 1       M  M
13  67  49  58  -5   7   0 0.14  0.0    0  2.4 10 320   M    M   8 12      M  M
14  62  48  55  -8  10   0 0.00  0.0    0  1.8  6  20   M    M  10 12      M  M
15  73  52  63   1   2   0 0.00  0.0    0  0.8  5 210   M    M   6 12      M  M
16  72  53  63   1   2   0 0.00  0.0    0  2.3  9 280   M    M   7         M  M
17  69  49  59  -3   6   0 0.00  0.0    0  1.9  7  20   M    M   7 12      M  M
18  73  51  62   1   3   0 0.00  0.0    0  0.5  7 220   M    M   8 1       M  M
19  66  54  60  -1   5   0 0.00  0.0    0  3.0  7 110   M    M  10         M  M
20  78  56  67   7   0   2 0.00  0.0    0  1.4  6 150   M    M   4 1       M  M
21  80  53  67   7   0   2 0.01  0.0    0  3.8 16 250   M    M   7 12     28 250
22  65  42  54  -6  11   0 0.00  0.0    0  4.8 12 360   M    M   4        17 360
23  69  38  54  -5  11   0 0.00  0.0    0  0.7  6  10   M    M   4 12      M  M
24  69  45  57  -2   8   0 0.00  0.0    0  5.3 10  70   M    M   5        17  70
25  77  54  66   7   0   1 0.00  0.0    0  2.9  8  50   M    M   5         M  M
26  76  57  67   9   0   2 0.00  0.0    0  2.1  7  20   M    M   8 1       M  M
27  76  51  64   6   1   0 0.00  0.0    0  1.8  7  20   M    M   2 12      M  M
28  74  46  60   3   5   0 0.00  0.0    0  1.0  6  20   M    M   2 1       M  M
29  75  55  65   8   0   0 0.01  0.0    0  0.4  5 240   M    M   4 1       M  M
================================================================================
SM 2191 1613        72  96  0.98     0.0  61.4          M      185
================================================================================
AV 75.6 55.6                               2.1 FASTST   M    M   6    MAX(MPH)
                                 MISC ---->  # 16  20               # 28  250
================================================================================
NOTES:
# LAST OF SEVERAL OCCURRENCES

COLUMN 17 PEAK WIND IN M.P.H.

PRELIMINARY LOCAL CLIMATOLOGICAL DATA (WS FORM: F-6) , PAGE 2

                                          STATION:  LEWISBURG WV
                                          MONTH:    SEPTEMBER
                                          YEAR:     2014
                                          LATITUDE:   37 52 N
                                          LONGITUDE:  80 24 W

[TEMPERATURE DATA]      [PRECIPITATION DATA]       SYMBOLS USED IN COLUMN 16

AVERAGE MONTHLY: 65.6   TOTAL FOR MONTH:   0.98    1 = FOG OR MIST
DPTR FM NORMAL:   3.4   DPTR FM NORMAL:   -2.19    2 = FOG REDUCING VISIBILITY
HIGHEST:    89 ON  2    GRTST 24HR  0.76 ON  2- 2      TO 1/4 MILE OR LESS
LOWEST:     38 ON 23                               3 = THUNDER
                        SNOW, ICE PELLETS, HAIL    4 = ICE PELLETS
                        TOTAL MONTH:   0.0 INCH    5 = HAIL
                        GRTST 24HR     0.0         6 = FREEZING RAIN OR DRIZZLE
                        GRTST DEPTH:   0           7 = DUSTSTORM OR SANDSTORM:
                                                       VSBY 1/2 MILE OR LESS
                                                   8 = SMOKE OR HAZE
[NO. OF DAYS WITH]      [WEATHER - DAYS WITH]      9 = BLOWING SNOW
                                                   X = TORNADO
MAX 32 OR BELOW:   0    0.01 INCH OR MORE:   6
MAX 90 OR ABOVE:   0    0.10 INCH OR MORE:   2
MIN 32 OR BELOW:   0    0.50 INCH OR MORE:   1
MIN  0 OR BELOW:   0    1.00 INCH OR MORE:   0

[HDD (BASE 65) ]
TOTAL THIS MO.    72    CLEAR  (SCALE 0-3)   2
DPTR FM NORMAL   -53    PTCLDY (SCALE 4-7)  22
TOTAL FM JUL 1    94    CLOUDY (SCALE 8-10)  5
DPTR FM NORMAL   -59

[CDD (BASE 65) ]
TOTAL THIS MO.    96
DPTR FM NORMAL    51    [PRESSURE DATA]
TOTAL FM JAN 1   613    HIGHEST SLP M ON M
DPTR FM NORMAL   118    LOWEST  SLP M ON M

[REMARKS]
