000
CXUS56 KOTX 171500
CF6LWS
PRELIMINARY LOCAL CLIMATOLOGICAL DATA (WS FORM: F-6)

                                          STATION:   LEWISTON ID AIRPORT
                                          MONTH:     DECEMBER
                                          YEAR:      2014
                                          LATITUDE:   46 22 N
                                          LONGITUDE: 117  1 W

  TEMPERATURE IN F:       :PCPN:    SNOW:  WIND      :SUNSHINE: SKY     :PK WND
================================================================================
1   2   3   4   5  6A  6B    7    8   9   10  11  12  13   14  15   16   17  18
                                     12Z  AVG MX 2MIN
DY MAX MIN AVG DEP HDD CDD  WTR  SNW DPTH SPD SPD DIR MIN PSBL S-S WX    SPD DR
================================================================================

 1  28  16  22 -14  43   0    T    T    0  3.0  9 280   M    M   8        12 290
 2  32  25  29  -7  36   0 0.00  0.0    0  1.2  7 230   M    M  10         7 220
 3  32  29  31  -5  34   0 0.04    T    0  1.1  6  40   M    M  10 1       7  70
 4  35  31  33  -2  32   0 0.34  0.0    0  2.3  7 250   M    M  10 16      9 270
 5  41  34  38   3  27   0    T  0.0    0  0.4  5 130   M    M   9 12      6 280
 6  47  33  40   5  25   0 0.10  0.0    0  2.4 17 280   M    M   8 12     20 280
 7  42  34  38   3  27   0 0.00  0.0    0  2.7  9 100   M    M   8 12     12 100
 8  47  34  41   7  24   0 0.00  0.0    0  2.3 14  90   M    M   5 12     16  90
 9  55  44  50  16  15   0 0.02  0.0    0  7.8 15 150   M    M   7        20 170
10  59  45  52  18  13   0    T  0.0    0  6.1 15  70   M    M   3        19  60
11  66  51  59  25   6   0    T  0.0    0  7.6 29 170   M    M   3        38 170
12  56  41  49  15  16   0 0.33  0.0    0  6.3 15 320   M    M  10 1      20 300
13  50  33  42   8  23   0 0.00  0.0    0  1.9 12 180   M    M   3        12 190
14  35  29  32  -1  33   0    T  0.0    0  2.7  9 120   M    M   7 12     10 120
15  44  29  37   4  28   0    T  0.0    0  5.8 13 150   M    M   2 12     15 110
16  43  34  39   6  26   0    T  0.0    0  4.3 12  90   M    M   9        16  90
================================================================================
SM  712  542       408   0  0.83    T     57.9          M      112
================================================================================
AV 44.5 33.9                               3.6 FASTST   M    M   7    MAX(MPH)
                                 MISC ---->  # 29 170               # 38  170
================================================================================
NOTES:
# LAST OF SEVERAL OCCURRENCES

COLUMN 17 PEAK WIND IN M.P.H.

PRELIMINARY LOCAL CLIMATOLOGICAL DATA (WS FORM: F-6) , PAGE 2

                                          STATION:  LEWISTON ID AIRPORT
                                          MONTH:    DECEMBER
                                          YEAR:     2014
                                          LATITUDE:   46 22 N
                                          LONGITUDE: 117  1 W

[TEMPERATURE DATA]      [PRECIPITATION DATA]       SYMBOLS USED IN COLUMN 16

AVERAGE MONTHLY: 39.2   TOTAL FOR MONTH:   0.83    1 = FOG OR MIST
DPTR FM NORMAL:   4.8   DPTR FM NORMAL:    0.34    2 = FOG REDUCING VISIBILITY
HIGHEST:    66 ON 11    GRTST 24HR  0.36 ON  3- 4      TO 1/4 MILE OR LESS
LOWEST:     16 ON  1                               3 = THUNDER
                        SNOW, ICE PELLETS, HAIL    4 = ICE PELLETS
                        TOTAL MONTH:    T          5 = HAIL
                        GRTST 24HR    T  ON  3- 3  6 = FREEZING RAIN OR DRIZZLE
                        GRTST DEPTH:   0           7 = DUSTSTORM OR SANDSTORM:
                                                       VSBY 1/2 MILE OR LESS
                                                   8 = SMOKE OR HAZE
[NO. OF DAYS WITH]      [WEATHER - DAYS WITH]      9 = BLOWING SNOW
                                                   X = TORNADO
MAX 32 OR BELOW:   3    0.01 INCH OR MORE:   5
MAX 90 OR ABOVE:   0    0.10 INCH OR MORE:   3
MIN 32 OR BELOW:   6    0.50 INCH OR MORE:   0
MIN  0 OR BELOW:   0    1.00 INCH OR MORE:   0

[HDD (BASE 65) ]
TOTAL THIS MO.   408    CLEAR  (SCALE 0-3)   4
DPTR FM NORMAL   -82    PTCLDY (SCALE 4-7)   6
TOTAL FM JUL 1  1386    CLOUDY (SCALE 8-10)  6
DPTR FM NORMAL  -344

[CDD (BASE 65) ]
TOTAL THIS MO.     0
DPTR FM NORMAL     0    [PRESSURE DATA]
TOTAL FM JAN 1  1095    HIGHEST SLP M ON M
DPTR FM NORMAL   288    LOWEST  SLP  0.00 ON M

[REMARKS]
