000
CXUS53 KILX 190900
CF6LWV
PRELIMINARY LOCAL CLIMATOLOGICAL DATA (WS FORM: F-6)

                                          STATION:   LAWRENCEVILLE IL AIRPORT
                                          MONTH:     FEBRUARY
                                          YEAR:      2017
                                          LATITUDE:   38 45 N
                                          LONGITUDE:  87 36 W

  TEMPERATURE IN F:       :PCPN:    SNOW:  WIND      :SUNSHINE: SKY     :PK WND
================================================================================
1   2   3   4   5  6A  6B    7    8   9   10  11  12  13   14  15   16   17  18
                                     12Z  AVG MX 2MIN
DY MAX MIN AVG DEP HDD CDD  WTR  SNW DPTH SPD SPD DIR MIN PSBL S-S WX    SPD DR
================================================================================

 1  44  33  39   7  26   0 0.00    M    M  5.5 15 330   M    M   3        18 330
 2  34  24  29  -3  36   0 0.00    M    M  9.5 18 350   M    M   0        25 340
 3  32  18  25  -8  40   0 0.00    M    M  7.7 18 330   M    M   2        21 340
 4  40  14  27  -6  38   0 0.00    M    M  9.0 18 220   M    M   3        23 150
 5  51  30  41   8  24   0 0.00    M    M  8.1 17 220   M    M   1        21 240
 6  59  29  44  11  21   0 0.06    M    M  8.7 18 180   M    M   7 123    22 170
 7  64  43  54  20  11   0 0.09    M    M 16.1 28 200   M    M   6 13     34 200
 8  43  27  35   1  30   0 0.01    M    M 14.3 25 350   M    M   9 18     29 340
 9  29  17  23 -11  42   0 0.00    M    M 10.8 23 330   M    M   3        28 320
10  58  20  39   5  26   0 0.00    M    M 15.7 30 200   M    M   0        36 200
11  70  43  57  23   8   0    T    M    M  8.7 21 230   M    M   5 1      25 230
12  63  35  49  14  16   0 0.00    M    M 15.7 35 310   M    M   3 18     40 310
13  49  24  37   2  28   0 0.00    M    M  3.5 13 350   M    M   1        17 340
14  56  39  48  13  17   0    T    M    M  9.4 18 260   M    M   3        22 260
15  45  31  38   2  27   0 0.00    M    M 12.6 24 340   M    M   0        29 340
16  56  27  42   6  23   0 0.00    M    M  8.1 21 180   M    M   0        24 180
17  69  37  53  17  12   0 0.00    M    M 12.0 25 210   M    M   0        29 220
18  63  40  52  16  13   0    T    M    M  9.5 24 210   M    M   4 12     27 210
================================================================================
SM  925  531       438   0  0.16    M    184.9          M       50
================================================================================
AV 51.4 29.5                              10.3 FASTST   M    M   3    MAX(MPH)
                                 MISC ---->  # 35 310               # 40  310
================================================================================
NOTES:
# LAST OF SEVERAL OCCURRENCES

COLUMN 17 PEAK WIND IN M.P.H.

PRELIMINARY LOCAL CLIMATOLOGICAL DATA (WS FORM: F-6) , PAGE 2

                                          STATION:  LAWRENCEVILLE IL AIRPORT
                                          MONTH:    FEBRUARY
                                          YEAR:     2017
                                          LATITUDE:   38 45 N
                                          LONGITUDE:  87 36 W

[TEMPERATURE DATA]      [PRECIPITATION DATA]       SYMBOLS USED IN COLUMN 16

AVERAGE MONTHLY: 40.4   TOTAL FOR MONTH:   0.16    1 = FOG OR MIST
DPTR FM NORMAL:   6.3   DPTR FM NORMAL:   -1.21    2 = FOG REDUCING VISIBILITY
HIGHEST:    70 ON 11    GRTST 24HR  0.15 ON  6- 7      TO 1/4 MILE OR LESS
LOWEST:     14 ON  4                               3 = THUNDER
                        SNOW, ICE PELLETS, HAIL    4 = ICE PELLETS
                        TOTAL MONTH:    M          5 = HAIL
                        GRTST 24HR    M  ON   M    6 = FREEZING RAIN OR DRIZZLE
                        GRTST DEPTH:  M  ON   M    7 = DUSTSTORM OR SANDSTORM:
                                                       VSBY 1/2 MILE OR LESS
                                                   8 = SMOKE OR HAZE
[NO. OF DAYS WITH]      [WEATHER - DAYS WITH]      9 = BLOWING SNOW
                                                   X = TORNADO
MAX 32 OR BELOW:   2    0.01 INCH OR MORE:   3
MAX 90 OR ABOVE:   0    0.10 INCH OR MORE:   0
MIN 32 OR BELOW:  11    0.50 INCH OR MORE:   0
MIN  0 OR BELOW:   0    1.00 INCH OR MORE:   0

[HDD (BASE 65) ]
TOTAL THIS MO.   438    CLEAR  (SCALE 0-3)  10
DPTR FM NORMAL  -119    PTCLDY (SCALE 4-7)   7
TOTAL FM JUL 1  2925    CLOUDY (SCALE 8-10)  1
DPTR FM NORMAL  -483

[CDD (BASE 65) ]
TOTAL THIS MO.     0
DPTR FM NORMAL     0    [PRESSURE DATA]
TOTAL FM JAN 1     0    HIGHEST SLP M ON M
DPTR FM NORMAL     0    LOWEST  SLP 29.46 ON  7

[REMARKS]
