000
CXUS53 KGID 180730
CF6LXN
PRELIMINARY LOCAL CLIMATOLOGICAL DATA (WS FORM: F-6)

                                          STATION:   LEXINGTON
                                          MONTH:     AUGUST
                                          YEAR:      2017
                                          LATITUDE:   40 47 N
                                          LONGITUDE:  99 46 W

  TEMPERATURE IN F:       :PCPN:    SNOW:  WIND      :SUNSHINE: SKY     :PK WND
================================================================================
1   2   3   4   5  6A  6B    7    8   9   10  11  12  13   14  15   16   17  18
                                     12Z  AVG MX 2MIN
DY MAX MIN AVG DEP HDD CDD  WTR  SNW DPTH SPD SPD DIR MIN PSBL S-S WX    SPD DR
================================================================================

 1  86  61  74   M   0   9    T    M    M  4.9 12 360   M    M   4 13     25 360
 2  84  58  71   M   0   6 0.01    M    M  5.4 22  50   M    M   1 3      36  50
 3  78  54  66   M   0   1 0.00    M    M  8.8 18 330   M    M   3        18 350
 4  77  47  62   M   3   0 0.00    M    M  7.4 16 150   M    M   2        22 150
 5  78  60  69   M   0   4 0.00    M    M  8.6 18 160   M    M   3 1      22 150
 6  79  64  72   M   0   7 0.00    M    M  5.8 13 100   M    M   8 1       M  M
 7  79  60  70   M   0   5 0.11    M    M  5.4 10  40   M    M   6 1       M  M
 8  80  55  68   M   0   3 0.00    M    M  6.6 14 200   M    M   6 12     20 180
 9  83  62  73   M   0   8    T    M    M  7.0 15 180   M    M   4 13     18 200
10  73  57  65   M   0   0 0.14    M    M  3.6 13  90   M    M   6 12      M  M
11  80  51  66   M   0   1 0.00    M    M  3.0  7 140   M    M   1 1       M  M
12  81  61  71   M   0   6 0.26    M    M 10.9 28 210   M    M   7 3      46 210
13  84  66  75   M   0  10 0.20    M    M  8.3 14  80   M    M   6 13     20 190
14  84  60  72   M   0   7 0.57    M    M  9.5 17 200   M    M   2 13     24 200
15  90  65  78   M   0  13 0.20    M    M 11.1 21  60   M    M   5 13     31  70
16  79  58  69   M   0   4 0.89    M    M 10.6 18  10   M    M   4 3      27 360
17  86  53  70   M   0   5 0.00    M    M  6.3 10 180   M    M   0         M  M
================================================================================
SM 1381  992         3  89  2.38    M    123.2          M       68
================================================================================
AV 81.2 58.4                               7.2 FASTST   M    M   4    MAX(MPH)
                                 MISC ---->  # 28 210               # 46  210
================================================================================
NOTES:
# LAST OF SEVERAL OCCURRENCES

COLUMN 17 PEAK WIND IN M.P.H.

PRELIMINARY LOCAL CLIMATOLOGICAL DATA (WS FORM: F-6) , PAGE 2

                                          STATION:  LEXINGTON
                                          MONTH:    AUGUST
                                          YEAR:     2017
                                          LATITUDE:   40 47 N
                                          LONGITUDE:  99 46 W

[TEMPERATURE DATA]      [PRECIPITATION DATA]       SYMBOLS USED IN COLUMN 16

AVERAGE MONTHLY: 69.8   TOTAL FOR MONTH:   2.38    1 = FOG OR MIST
DPTR FM NORMAL:     M   DPTR FM NORMAL:       M    2 = FOG REDUCING VISIBILITY
HIGHEST:    90 ON 15    GRTST 24HR  0.89 ON 16-16      TO 1/4 MILE OR LESS
LOWEST:     47 ON  4                               3 = THUNDER
                        SNOW, ICE PELLETS, HAIL    4 = ICE PELLETS
                        TOTAL MONTH:    M          5 = HAIL
                        GRTST 24HR    M  ON   M    6 = FREEZING RAIN OR DRIZZLE
                        GRTST DEPTH:  M  ON   M    7 = DUSTSTORM OR SANDSTORM:
                                                       VSBY 1/2 MILE OR LESS
                                                   8 = SMOKE OR HAZE
[NO. OF DAYS WITH]      [WEATHER - DAYS WITH]      9 = BLOWING SNOW
                                                   X = TORNADO
MAX 32 OR BELOW:   0    0.01 INCH OR MORE:   8
MAX 90 OR ABOVE:   1    0.10 INCH OR MORE:   7
MIN 32 OR BELOW:   0    0.50 INCH OR MORE:   2
MIN  0 OR BELOW:   0    1.00 INCH OR MORE:   0

[HDD (BASE 65) ]
TOTAL THIS MO.     3    CLEAR  (SCALE 0-3)   7
DPTR FM NORMAL     M    PTCLDY (SCALE 4-7)  10
TOTAL FM JUL 1     3    CLOUDY (SCALE 8-10)  0
DPTR FM NORMAL     M

[CDD (BASE 65) ]
TOTAL THIS MO.    89
DPTR FM NORMAL     M    [PRESSURE DATA]
TOTAL FM JAN 1   764    HIGHEST SLP M ON M
DPTR FM NORMAL     M    LOWEST  SLP M ON M

[REMARKS]
