000
CXUS55 KEAX 240736
CF6LXT
PRELIMINARY LOCAL CLIMATOLOGICAL DATA (WS FORM: F-6)

                                          STATION:   Lee`s Summit MO
                                          MONTH:     OCTOBER
                                          YEAR:      2017
                                          LATITUDE:   38 57 N
                                          LONGITUDE:  94 22 W

  TEMPERATURE IN F:       :PCPN:    SNOW:  WIND      :SUNSHINE: SKY     :PK WND
================================================================================
1   2   3   4   5  6A  6B    7    8   9   10  11  12  13   14  15   16   17  18
                                     12Z  AVG MX 2MIN
DY MAX MIN AVG DEP HDD CDD  WTR  SNW DPTH SPD SPD DIR MIN PSBL S-S WX    SPD DR
================================================================================

 1  78  61  70   8   0   5 0.00    M    M 12.0 20 170   M    M   3        28 160
 2  86  65  76  14   0  11 0.00    M    M 15.9 24 200   M    M   1        32 190
 3  86  69  78  17   0  13 0.00    M    M 14.4 23 210   M    M   5        35 190
 4  73  59  66   5   0   1 1.43    M    M  8.0 17  20   M    M  10 13     20  40
 5  76  61  69   9   0   4 0.09    M    M  9.2 15 190   M    M   9 1      18 200
 6  76  68  72  12   0   7 0.07    M    M 14.0 23 180   M    M   6 13     33 170
 7  74  59  67   7   0   2 0.51    M    M 15.0 33 250   M    M   5 13     45 240
 8  79  56  68   8   0   3 0.00    M    M  7.2 18 210   M    M   0        24 220
 9  81  54  68   9   0   3 0.21    M    M  9.2 21  30   M    M   1 1      25  40
10  55  45  50  -9  15   0 0.12    M    M 12.4 24 360   M    M   9 1      29 360
11  63  42  53  -5  12   0 0.00    M    M  5.3  9 120   M    M   5        12 110
12  71  47  59   1   6   0 0.00    M    M  9.0 17 140   M    M   4 12     22 150
13  86  60  73  15   0   8 0.00    M    M 13.3 21 200   M    M   1        25 210
14  87  56  72  15   0   7 0.54    M    M 14.9 29 210   M    M   4 138    36 250
15  61  46  54  -3  11   0 0.00    M    M 11.1 30 310   M    M   3        39 320
16  68  43  56  -1   9   0 0.00    M    M  8.2 14 210   M    M   0        23 220
17  71  49  60   4   5   0 0.00    M    M 12.7 23 200   M    M   0        27 190
18  74  50  62   6   3   0 0.00    M    M 14.2 24 200   M    M   0        29 200
19  80  53  67  11   0   2 0.00    M    M 10.5 16 190   M    M   0        21 190
20  73  55  64   9   1   0 0.00    M    M 15.3 23 170   M    M   0        36 170
21  78  52  65  10   0   0 0.91    M    M 17.9 30 200   M    M   8 138    39 200
22  65  48  57   2   8   0 0.67    M    M  8.2 21 330   M    M   3 13     28 330
23  66  45  56   2   9   0 0.00    M    M 14.6 32 300   M    M   1        41 330
================================================================================
SM 1707 1243        79  66  4.55    M    272.5          M       78
================================================================================
AV 74.2 54.0                              11.8 FASTST   M    M   3    MAX(MPH)
                                 MISC ---->  # 33 250               # 45  240
================================================================================
NOTES:
# LAST OF SEVERAL OCCURRENCES

COLUMN 17 PEAK WIND IN M.P.H.

PRELIMINARY LOCAL CLIMATOLOGICAL DATA (WS FORM: F-6) , PAGE 2

                                          STATION:  Lee`s Summit MO
                                          MONTH:    OCTOBER
                                          YEAR:     2017
                                          LATITUDE:   38 57 N
                                          LONGITUDE:  94 22 W

[TEMPERATURE DATA]      [PRECIPITATION DATA]       SYMBOLS USED IN COLUMN 16

AVERAGE MONTHLY: 64.1   TOTAL FOR MONTH:   4.55    1 = FOG OR MIST
DPTR FM NORMAL:   6.0   DPTR FM NORMAL:    1.76    2 = FOG REDUCING VISIBILITY
HIGHEST:    87 ON 14    GRTST 24HR  1.43 ON  4- 4      TO 1/4 MILE OR LESS
LOWEST:     42 ON 11                               3 = THUNDER
                        SNOW, ICE PELLETS, HAIL    4 = ICE PELLETS
                        TOTAL MONTH:    M          5 = HAIL
                        GRTST 24HR    M  ON   M    6 = FREEZING RAIN OR DRIZZLE
                        GRTST DEPTH:  M  ON   M    7 = DUSTSTORM OR SANDSTORM:
                                                       VSBY 1/2 MILE OR LESS
                                                   8 = SMOKE OR HAZE
[NO. OF DAYS WITH]      [WEATHER - DAYS WITH]      9 = BLOWING SNOW
                                                   X = TORNADO
MAX 32 OR BELOW:   0    0.01 INCH OR MORE:   9
MAX 90 OR ABOVE:   0    0.10 INCH OR MORE:   7
MIN 32 OR BELOW:   0    0.50 INCH OR MORE:   5
MIN  0 OR BELOW:   0    1.00 INCH OR MORE:   1

[HDD (BASE 65) ]
TOTAL THIS MO.    79    CLEAR  (SCALE 0-3)  13
DPTR FM NORMAL  -103    PTCLDY (SCALE 4-7)   6
TOTAL FM JUL 1    92    CLOUDY (SCALE 8-10)  4
DPTR FM NORMAL  -142

[CDD (BASE 65) ]
TOTAL THIS MO.    66
DPTR FM NORMAL    39    [PRESSURE DATA]
TOTAL FM JAN 1  1455    HIGHEST SLP  0.00 ON M
DPTR FM NORMAL   140    LOWEST  SLP  0.00 ON M

[REMARKS]
