000
CXUS55 KPUB 281059
CF6LXV
PRELIMINARY LOCAL CLIMATOLOGICAL DATA (WS FORM: F-6)

                                          STATION:   LEADVILLE CO
                                          MONTH:     SEPTEMBER
                                          YEAR:      2016
                                          LATITUDE:   39 15 N
                                          LONGITUDE: 106 18 W

  TEMPERATURE IN F:       :PCPN:    SNOW:  WIND      :SUNSHINE: SKY     :PK WND
================================================================================
1   2   3   4   5  6A  6B    7    8   9   10  11  12  13   14  15   16   17  18
                                     12Z  AVG MX 2MIN
DY MAX MIN AVG DEP HDD CDD  WTR  SNW DPTH SPD SPD DIR MIN PSBL S-S WX    SPD DR
================================================================================

 1  67  36  52   2  13   0 0.01  0.0    0  5.2 24 200   M    M   5        30 220
 2  63  39  51   1  14   0 0.14  0.0    0  6.5 17 320   M    M   6 1      23 340
 3  64  37  51   2  14   0 0.09  0.0    0  4.7 28 180   M    M   3 1      34 170
 4  63  34  49   0  16   0 0.05  0.0    0  6.3 29 210   M    M   5 1      39 210
 5  67  31  49   0  16   0 0.00  0.0    0  7.0 28 180   M    M   0        39 180
 6  66  33  50   2  15   0 0.00  0.0    0  8.1 28 190   M    M   2        39 240
 7  66  37  52   4  13   0 0.00  0.0    0  7.1 18 320   M    M   0        26 330
 8  67  28  48   0  17   0 0.00  0.0    0  7.0 20 280   M    M   0        28 270
 9  64  30  47  -1  18   0 0.00  0.0    0  7.5 21 280   M    M   0        28 320
10  68  26  47  -1  18   0 0.00  0.0    0  6.3 22 310   M    M   0        29 310
11  67  35  51   4  14   0 0.00  0.0    0  8.1 22 290   M    M   1        31 310
12  64  30  47   0  18   0 0.01  0.0    0  8.4 26 160   M    M   3        33 170
13  57  33  45  -2  20   0 0.05  0.0    0  5.3 28 290   M    M   5        35 290
14  61  36  49   3  16   0 0.03  0.0    0  7.8 26 220   M    M   8 1      36 240
15  58  28  43  -3  22   0    T  0.0    0  6.4 21 200   M    M   1        32 280
16  59  23  41  -5  24   0 0.00  0.0    0  4.6 17 310   M    M   2        22 310
17  59  27  43  -3  22   0 0.00  0.0    0  6.8 22 280   M    M   0        29 270
18  66  35  51   6  14   0 0.00  0.0    0  8.2 18 290   M    M   0        25 300
19  71  32  52   7  13   0 0.00  0.0    0  4.9 14 310   M    M   1        21  10
20  65  35  50   5  15   0    T  0.0    0  5.2 22 160   M    M   5        34 160
21  59  39  49   5  16   0    T  0.0    0  3.3 14 310   M    M   7        23 320
22  65  36  51   7  14   0 0.02  0.0    0  8.3 24 170   M    M   7        32 190
23  56  25  41  -3  24   0 0.01    M    0 13.0 31 170   M    M   6 1      41 170
24  44  26  35  -8  30   0    T  0.0    0  8.4 18 330   M    M   7        27 310
25  58  25  42  -1  23   0 0.00  0.0    0  6.1 17 350   M    M   1        23 290
26  66  23  45   2  20   0 0.00  0.0    0  3.9 17 350   M    M   0        24 350
27  68  26  47   5  18   0 0.00  0.0    0  3.7 15 360   M    M   1        20 350
================================================================================
SM 1698  845       477   0  0.41     0.0 178.1          M       76
================================================================================
AV 62.9 31.3                               6.6 FASTST   M    M   3    MAX(MPH)
                                 MISC ---->  # 31 170               # 41  170
================================================================================
NOTES:
# LAST OF SEVERAL OCCURRENCES

COLUMN 17 PEAK WIND IN M.P.H.

PRELIMINARY LOCAL CLIMATOLOGICAL DATA (WS FORM: F-6) , PAGE 2

                                          STATION:  LEADVILLE CO
                                          MONTH:    SEPTEMBER
                                          YEAR:     2016
                                          LATITUDE:   39 15 N
                                          LONGITUDE: 106 18 W

[TEMPERATURE DATA]      [PRECIPITATION DATA]       SYMBOLS USED IN COLUMN 16

AVERAGE MONTHLY: 47.1   TOTAL FOR MONTH:   0.41    1 = FOG OR MIST
DPTR FM NORMAL:   0.8   DPTR FM NORMAL:   -0.59    2 = FOG REDUCING VISIBILITY
HIGHEST:    71 ON 19    GRTST 24HR  0.15 ON  1- 2      TO 1/4 MILE OR LESS
LOWEST:     23 ON 26,16                            3 = THUNDER
                        SNOW, ICE PELLETS, HAIL    4 = ICE PELLETS
                        TOTAL MONTH:   0.0 INCH    5 = HAIL
                        GRTST 24HR     0.0         6 = FREEZING RAIN OR DRIZZLE
                        GRTST DEPTH:   0           7 = DUSTSTORM OR SANDSTORM:
                                                       VSBY 1/2 MILE OR LESS
                                                   8 = SMOKE OR HAZE
[NO. OF DAYS WITH]      [WEATHER - DAYS WITH]      9 = BLOWING SNOW
                                                   X = TORNADO
MAX 32 OR BELOW:   0    0.01 INCH OR MORE:   9
MAX 90 OR ABOVE:   0    0.10 INCH OR MORE:   1
MIN 32 OR BELOW:  14    0.50 INCH OR MORE:   0
MIN  0 OR BELOW:   0    1.00 INCH OR MORE:   0

[HDD (BASE 65) ]
TOTAL THIS MO.   477    CLEAR  (SCALE 0-3)  16
DPTR FM NORMAL   -29    PTCLDY (SCALE 4-7)  11
TOTAL FM JUL 1  1171    CLOUDY (SCALE 8-10)  0
DPTR FM NORMAL   -57

[CDD (BASE 65) ]
TOTAL THIS MO.     0
DPTR FM NORMAL     0    [PRESSURE DATA]
TOTAL FM JAN 1     0    HIGHEST SLP M ON M
DPTR FM NORMAL     0    LOWEST  SLP 29.67 ON 23

[REMARKS]
