000
CXUS51 KRNK 241237
CF6LYH

PRELIMINARY LOCAL CLIMATOLOGICAL DATA (WS FORM: F-6)

                                          STATION:   LYNCHBURG VA
                                          MONTH:     FEBRUARY
                                          YEAR:      2017
                                          LATITUDE:   37 19 N
                                          LONGITUDE:  79 12 W

  TEMPERATURE IN F:       :PCPN:    SNOW:  WIND      :SUNSHINE: SKY     :PK WND
================================================================================
1   2   3   4   5  6A  6B    7    8   9   10  11  12  13   14  15   16   17  18
                                     12Z  AVG MX 2MIN
DY MAX MIN AVG DEP HDD CDD  WTR  SNW DPTH SPD SPD DIR MIN PSBL S-S WX    SPD DR
================================================================================

 1  55  38  47  11  18   0 0.00  0.0    0  4.1 13 260   M    M   1        18 240
 2  53  32  43   7  22   0 0.00  0.0    0  4.8 15 280   M    M   1        33 240
 3  38  23  31  -5  34   0 0.00  0.0    0  3.6 13 290   M    M   7        18 280
 4  40  17  29  -7  36   0 0.00  0.0    0  4.5 13 360   M    M   0        19  10
 5  56  23  40   4  25   0 0.00  0.0    0  7.2 16 260   M    M   4        25 270
 6  65  31  48  11  17   0 0.00  0.0    0  6.2 15 180   M    M   1        19 190
 7  72  48  60  23   5   0    T  0.0    0 11.3 28 200   M    M   2        37 200
 8  70  46  58  21   7   0 0.03  0.0    0  4.9 12 250   M    M   2        18 270
 9  52  24  38   1  27   0 0.05  0.0    0 10.4 23 290   M    M   4 1      38 300
10  37  18  28  -9  37   0 0.00  0.0    0  4.8 12 200   M    M   2        15 250
11  68  30  49  12  16   0 0.00  0.0    0  5.9 16 210   M    M   2        22 190
12  80  51  66  28   0   1    T  0.0    0  8.4 22 210   M    M   4        34 310
13  54  31  43   5  22   0 0.00  0.0    0  6.5 21 300   M    M   0        31 300
14  52  29  41   3  24   0 0.00  0.0    0  4.2 14 190   M    M   3        25 180
15  52  37  45   7  20   0 0.25  0.0    0  7.6 20 310   M    M   5        34 310
16  45  26  36  -2  29   0 0.00  0.0    0  6.1 18 320   M    M   1        26 280
17  65  28  47   9  18   0 0.00  0.0    0  5.5 16 210   M    M   2        26 210
18  71  34  53  14  12   0    T  0.0    0  5.6 15 200   M    M   1        21 200
19  70  39  55  16  10   0 0.00  0.0    0  4.6 13 310   M    M   0        22 320
20  71  35  53  14  12   0 0.00  0.0    0  2.1  8  30   M    M   0        12 160
21  60  36  48   9  17   0 0.00  0.0    0  4.0 10 200   M    M   0        21 170
22  55  40  48   8  17   0 0.14  0.0    0  2.4  7 220   M    M   8 128    13 210
23  73   M   M   M   M   M 0.00  0.0    0   M   M   M   M    M   M 12      M  M
================================================================================
SM 1354  716       425   1  0.47     0.0 124.7          M       50
================================================================================
AV 58.9 32.6                               5.7 FASTST   M    M   2    MAX(MPH)
                                 MISC ---->  # 28 200               # 38  300
================================================================================
NOTES:
# LAST OF SEVERAL OCCURRENCES

COLUMN 17 PEAK WIND IN M.P.H.

PRELIMINARY LOCAL CLIMATOLOGICAL DATA (WS FORM: F-6) , PAGE 2

                                          STATION:  LYNCHBURG VA
                                          MONTH:    FEBRUARY
                                          YEAR:     2017
                                          LATITUDE:   37 19 N
                                          LONGITUDE:  79 12 W

[TEMPERATURE DATA]      [PRECIPITATION DATA]       SYMBOLS USED IN COLUMN 16

AVERAGE MONTHLY: 45.7   TOTAL FOR MONTH:   0.47    1 = FOG OR MIST
DPTR FM NORMAL:   8.1   DPTR FM NORMAL:   -1.94    2 = FOG REDUCING VISIBILITY
HIGHEST:    80 ON 12    GRTST 24HR  0.25 ON 15-15      TO 1/4 MILE OR LESS
LOWEST:     17 ON  4                               3 = THUNDER
                        SNOW, ICE PELLETS, HAIL    4 = ICE PELLETS
                        TOTAL MONTH:   0.0 INCH    5 = HAIL
                        GRTST 24HR     0.0         6 = FREEZING RAIN OR DRIZZLE
                        GRTST DEPTH:   0           7 = DUSTSTORM OR SANDSTORM:
                                                       VSBY 1/2 MILE OR LESS
                                                   8 = SMOKE OR HAZE
[NO. OF DAYS WITH]      [WEATHER - DAYS WITH]      9 = BLOWING SNOW
                                                   X = TORNADO
MAX 32 OR BELOW:   0    0.01 INCH OR MORE:   4
MAX 90 OR ABOVE:   0    0.10 INCH OR MORE:   2
MIN 32 OR BELOW:  12    0.50 INCH OR MORE:   0
MIN  0 OR BELOW:   0    1.00 INCH OR MORE:   0

[HDD (BASE 65) ]
TOTAL THIS MO.   425    CLEAR  (SCALE 0-3)  16
DPTR FM NORMAL  -204    PTCLDY (SCALE 4-7)   6
TOTAL FM JUL 1  2633    CLOUDY (SCALE 8-10)  0
DPTR FM NORMAL  -668

[CDD (BASE 65) ]
TOTAL THIS MO.     1
DPTR FM NORMAL     1    [PRESSURE DATA]
TOTAL FM JAN 1     1    HIGHEST SLP M ON M
DPTR FM NORMAL     1    LOWEST  SLP 29.47 ON  9

[REMARKS]
DUE TO A POWER OUTAGE CAUSING A MISSING LOW TEMPERATURE ON FEBRUARY
23...ALL TEMPERATURE AND HEATING DEGREE DAY INFORMATION WILL BE
CALCULATED WITHOUT DATA FROM THIS DATE.
