000
CXUS54 KLZK 261330
CF6M19
PRELIMINARY LOCAL CLIMATOLOGICAL DATA (WS FORM: F-6)

                                          STATION:   Newport Airport
                                          MONTH:     MARCH
                                          YEAR:      2015
                                          LATITUDE:   35 35 N
                                          LONGITUDE:  91 16 W

  TEMPERATURE IN F:       :PCPN:    SNOW:  WIND      :SUNSHINE: SKY     :PK WND
================================================================================
1   2   3   4   5  6A  6B    7    8   9   10  11  12  13   14  15   16   17  18
                                     12Z  AVG MX 2MIN
DY MAX MIN AVG DEP HDD CDD  WTR  SNW DPTH SPD SPD DIR MIN PSBL S-S WX    SPD DR
================================================================================

 1  38  30  34 -12  31   0 0.05    M    0  5.2 13  30   M    M  10 1       M  M
 2  38  32  35 -11  30   0    T    M    0 12.1 18  50   M    M  10        25  40
 3  56  33  45  -1  20   0 0.10    M    0  8.2 16 190   M    M  10 1      21 190
 4  52  21  37 -10  28   0 1.67    M    0 18.9 29  30   M    M  10 16     35  20
 5  32  16  24 -23  41   0 0.17    M    0  9.3 23  10   M    M   4 1      30  30
 6  34  13  24 -24  41   0 0.00  0.0    3  6.6 14 170   M    M   0 12      M  M
 7  45  21  33 -15  32   0 0.00  0.0    0 10.5 16 180   M    M   0         M  M
 8  44  31  38 -10  27   0 0.03    M    0  8.5 15 190   M    M   6 1       M  M
 9  47  37  42  -6  23   0 0.63    M    0  5.1 15  50   M    M  10 12      M  M
10  56  46  51   2  14   0 0.36    M    0  7.0 14  70   M    M  10 1       M  M
11   M   M   M   M   M   M 0.00  0.0    0  6.0 12  20   M    M   9         M  M
12   M   M   M   M   M   M    T    M    M 11.5 12  30   M    M  10 1       M  M
13  65  57  61  11   4   0 1.64  0.0    M  8.9 17 130   M    M  10 1      22 120
14  59  54  57   7   8   0 0.09  0.0    0  9.8 20  20   M    M  10 12     27  30
15  68  45  57   7   8   0 0.00  0.0    0  4.6 12 360   M    M   0 18      M  M
16  74  47  61  10   4   0 0.00  0.0    0  8.6 18 190   M    M   0        24 190
17  70  51  61  10   4   0 0.00  0.0    0 13.9 29  20   M    M   0        37  20
18  51  41  46  -5  19   0 0.87    M    0 14.2 22  30   M    M   8 1      22  20
19  50  41  46  -6  19   0    T    M    0  7.3 16  20   M    M  10 1      20  20
20  55  47  51  -1  14   0    T    M    0  7.4 14 360   M    M   7 1       M  M
21  60  42  51  -1  14   0 0.00  0.0    0  3.8  9 120   M    M   0 12      M  M
22  60  50  55   2  10   0 0.04  0.0    0  6.8 13  30   M    M   7 1       M  M
23  72  44  58   5   7   0 0.00  0.0    0  6.6 12 180   M    M   0 12     20 190
24  74  48  61   8   4   0 0.00  0.0    0 13.2 24 170   M    M   1        31 170
25  77  53  65  11   0   0    T  0.0    0 11.6 24 160   M    M   2        30 160
================================================================================
SM 1277  900       402   0  5.65     0.0 225.6          M      144
================================================================================
AV 55.5 39.1                               9.0 FASTST   M    M   6    MAX(MPH)
                                 MISC ---->    29   M                 37    M
================================================================================
NOTES:
# LAST OF SEVERAL OCCURRENCES

COLUMN 17 PEAK WIND IN M.P.H.

PRELIMINARY LOCAL CLIMATOLOGICAL DATA (WS FORM: F-6) , PAGE 2

                                          STATION:  Newport Airport
                                          MONTH:    MARCH
                                          YEAR:     2015
                                          LATITUDE:   35 35 N
                                          LONGITUDE:  91 16 W

[TEMPERATURE DATA]      [PRECIPITATION DATA]       SYMBOLS USED IN COLUMN 16

AVERAGE MONTHLY: 47.3   TOTAL FOR MONTH:   5.65    1 = FOG OR MIST
DPTR FM NORMAL:  -2.4   DPTR FM NORMAL:    2.01    2 = FOG REDUCING VISIBILITY
HIGHEST:    77 ON 25    GRTST 24HR  1.67 ON  4- 4      TO 1/4 MILE OR LESS
LOWEST:     13 ON  6                               3 = THUNDER
                        SNOW, ICE PELLETS, HAIL    4 = ICE PELLETS
                        TOTAL MONTH:   0.0 INCH    5 = HAIL
                        GRTST 24HR     0.0         6 = FREEZING RAIN OR DRIZZLE
                        GRTST DEPTH:   3 ON  6     7 = DUSTSTORM OR SANDSTORM:
                                                       VSBY 1/2 MILE OR LESS
                                                   8 = SMOKE OR HAZE
[NO. OF DAYS WITH]      [WEATHER - DAYS WITH]      9 = BLOWING SNOW
                                                   X = TORNADO
MAX 32 OR BELOW:   1    0.01 INCH OR MORE:  11
MAX 90 OR ABOVE:   0    0.10 INCH OR MORE:   7
MIN 32 OR BELOW:   7    0.50 INCH OR MORE:   4
MIN  0 OR BELOW:   0    1.00 INCH OR MORE:   2

[HDD (BASE 65) ]
TOTAL THIS MO.   402    CLEAR  (SCALE 0-3)   9
DPTR FM NORMAL    17    PTCLDY (SCALE 4-7)   4
TOTAL FM JUL 1  3514    CLOUDY (SCALE 8-10) 12
DPTR FM NORMAL   175

[CDD (BASE 65) ]
TOTAL THIS MO.     0
DPTR FM NORMAL     0    [PRESSURE DATA]
TOTAL FM JAN 1     0    HIGHEST SLP M ON M
DPTR FM NORMAL     0    LOWEST  SLP M ON M

[REMARKS]
