000
CXUS56 KHNX 201146
CF6MAE
PRELIMINARY LOCAL CLIMATOLOGICAL DATA (WS FORM: F-6)

                                          STATION:   MADERA CA AIRPORT
                                          MONTH:     OCTOBER
                                          YEAR:      2014
                                          LATITUDE:   36 58 N
                                          LONGITUDE: 120  7 W

  TEMPERATURE IN F:       :PCPN:    SNOW:  WIND      :SUNSHINE: SKY     :PK WND
================================================================================
1   2   3   4   5  6A  6B    7    8   9   10  11  12  13   14  15   16   17  18
                                     12Z  AVG MX 2MIN
DY MAX MIN AVG DEP HDD CDD  WTR  SNW DPTH SPD SPD DIR MIN PSBL S-S WX    SPD DR
================================================================================

 1  85  52  69   0   0   4 0.00  0.0    0  5.2 12 310   M    M   0 18     19 220
 2  91  53  72   3   0   7 0.00  0.0    0  4.6 10 350   M    M   0        13 200
 3  94  54  74   6   0   9 0.00  0.0    0  3.0  9 290   M    M   0 8      12 280
 4  94  54  74   6   0   9 0.00  0.0    0  3.0  9 300   M    M   0        14 260
 5  95  56  76   8   0  11 0.00  0.0    0  3.2  9 320   M    M   0 8      12 320
 6  96  56  76   9   0  11 0.00  0.0    0  2.6  8 310   M    M   0        12 240
 7  95  58  77  10   0  12 0.00  0.0    0  3.4 13 300   M    M   0 8      16 290
 8  95  54  75   8   0  10 0.00  0.0    0  4.6 18 310   M    M   0 8      23 310
 9  92  54  73   7   0   8 0.00  0.0    0  4.8 17 330   M    M   0        20 320
10  87  53  70   4   0   5 0.00  0.0    0  4.7 12 320   M    M   0        18 280
11  86  52  69   3   0   4 0.00  0.0    0  2.8 10 310   M    M   0 8      13 330
12  85  54  70   4   0   5 0.00  0.0    0  5.0 13 300   M    M   0 8      16 320
13  94  59  77  12   0  12 0.00  0.0    0  5.9 13 160   M    M   0        16 150
14  93  55  74   9   0   9 0.00  0.0    0 10.4 22 310   M    M   0 8      30 320
15  77  55  66   2   0   1 0.00  0.0    0  5.6 13 240   M    M   2        16 280
16  78  53  66   2   0   1 0.00  0.0    0  4.5  8 300   M    M   0 18     10 280
17  76  51  64   0   1   0 0.00  0.0    0  4.9 10 290   M    M   0        16 320
18  80  49  65   2   0   0 0.00  0.0    0  4.5 12 300   M    M   0 18     16 310
19  82  50  66   3   0   1    T  0.0    0  2.2  8 300   M    M   0        12 310
================================================================================
SM 1675 1022         1 119    T      0.0  84.9          M        2
================================================================================
AV 88.2 53.8                               4.5 FASTST   M    M   0    MAX(MPH)
                                 MISC ---->  # 22 310               # 30  320
================================================================================
NOTES:
# LAST OF SEVERAL OCCURRENCES

COLUMN 17 PEAK WIND IN M.P.H.

PRELIMINARY LOCAL CLIMATOLOGICAL DATA (WS FORM: F-6) , PAGE 2

                                          STATION:  MADERA CA AIRPORT
                                          MONTH:    OCTOBER
                                          YEAR:     2014
                                          LATITUDE:   36 58 N
                                          LONGITUDE: 120  7 W

[TEMPERATURE DATA]      [PRECIPITATION DATA]       SYMBOLS USED IN COLUMN 16

AVERAGE MONTHLY: 71.0   TOTAL FOR MONTH:      T    1 = FOG OR MIST
DPTR FM NORMAL:   4.9   DPTR FM NORMAL:   -0.33    2 = FOG REDUCING VISIBILITY
HIGHEST:    96 ON  6    GRTST 24HR    T  ON 19-19      TO 1/4 MILE OR LESS
LOWEST:     49 ON 18                               3 = THUNDER
                        SNOW, ICE PELLETS, HAIL    4 = ICE PELLETS
                        TOTAL MONTH:   0.0 INCH    5 = HAIL
                        GRTST 24HR     0.0         6 = FREEZING RAIN OR DRIZZLE
                        GRTST DEPTH:   0           7 = DUSTSTORM OR SANDSTORM:
                                                       VSBY 1/2 MILE OR LESS
                                                   8 = SMOKE OR HAZE
[NO. OF DAYS WITH]      [WEATHER - DAYS WITH]      9 = BLOWING SNOW
                                                   X = TORNADO
MAX 32 OR BELOW:   0    0.01 INCH OR MORE:   0
MAX 90 OR ABOVE:  10    0.10 INCH OR MORE:   0
MIN 32 OR BELOW:   0    0.50 INCH OR MORE:   0
MIN  0 OR BELOW:   0    1.00 INCH OR MORE:   0

[HDD (BASE 65) ]
TOTAL THIS MO.     1    CLEAR  (SCALE 0-3)  19
DPTR FM NORMAL   -31    PTCLDY (SCALE 4-7)   0
TOTAL FM JUL 1     1    CLOUDY (SCALE 8-10)  0
DPTR FM NORMAL   -38

[CDD (BASE 65) ]
TOTAL THIS MO.   119
DPTR FM NORMAL    67    [PRESSURE DATA]
TOTAL FM JAN 1  2949    HIGHEST SLP M ON M
DPTR FM NORMAL  1435    LOWEST  SLP 29.74 ON 14

[REMARKS]
