000
CXUS54 KMAF 251100
CF6MAF
PRELIMINARY LOCAL CLIMATOLOGICAL DATA (WS FORM: F-6)

                                          STATION:   Midland International Airport
                                          MONTH:     OCTOBER
                                          YEAR:      2014
                                          LATITUDE:   31 57 N
                                          LONGITUDE: 102 11 W

  TEMPERATURE IN F:       :PCPN:    SNOW:  WIND      :SUNSHINE: SKY     :PK WND
================================================================================
1   2   3   4   5  6A  6B    7    8   9   10  11  12  13   14  15   16   17  18
                                     12Z  AVG MX 2MIN
DY MAX MIN AVG DEP HDD CDD  WTR  SNW DPTH SPD SPD DIR MIN PSBL S-S WX    SPD DR
================================================================================

 1  92  68  80  10   0  15 0.00  0.0    0  9.2 18 230   M    M   0        22 240
 2  84  63  74   5   0   9 0.00  0.0    0 11.5 23 330   M    M   0        29 320
 3  83  52  68  -1   0   3 0.00  0.0    0  7.7 23  60   M    M   0        28  70
 4  86  53  70   1   0   5 0.00  0.0    0 11.7 22 200   M    M   0        29 210
 5  90  55  73   5   0   8 0.00  0.0    0  8.6 20 260   M    M   0        25 280
 6  91  54  73   5   0   8 0.00  0.0    0  5.2 12 220   M    M   0        19 240
 7  92  58  75   7   0  10 0.00  0.0    0  9.2 17 230   M    M   0 8      23 200
 8  93  63  78  10   0  13 0.00  0.0    0 13.2 22 150   M    M   0 18     28 150
 9  90  69  80  13   0  15 0.00  0.0    0 13.8 25 180   M    M   0        30 180
10  85  59  72   5   0   7 0.00  0.0    0 12.0 30  10   M    M   3        35 360
11  67  52  60  -7   5   0 0.00  0.0    0  9.4 20  20   M    M   6        24  40
12  88  50  69   3   0   4 0.00  0.0    0 13.0 31 350   M    M   1 8      41 340
13  71  50  61  -5   4   0 0.00  0.0    0 18.8 35 350   M    M   1 8      45 340
14  76  44  60  -6   5   0 0.00  0.0    0  4.5 15 230   M    M   0 8      18 230
15  84  45  65   0   0   0 0.00  0.0    0  4.4 15 190   M    M   0 8      19 180
16  92  57  75  10   0  10 0.00  0.0    0  8.1 18 240   M    M   0        22 250
17  86  52  69   4   0   4 0.00  0.0    0  9.3 17  70   M    M   0 8      20  60
18  78  56  67   3   0   2 0.00  0.0    0 14.5 21  40   M    M   1        25  40
19  82  56  69   5   0   4 0.00  0.0    0  9.5 25 140   M    M   2        32 140
20  77  57  67   3   0   2 0.00  0.0    0  7.7 17 120   M    M   2 1      21  90
21  74  59  67   4   0   2 0.00  0.0    0  7.7 16 170   M    M   6         M  M
22  76  59  68   5   0   3    T  0.0    0 11.8 20 160   M    M   8 18     23 160
23  83  54  69   6   0   4 0.00  0.0    0  5.8 15 180   M    M   3 128    17 180
24  87  56  72  10   0   7 0.00  0.0    0  7.1 14 190   M    M   1 128    20 270
================================================================================
SM 2007 1341        14 135    T      0.0 233.7          M       34
================================================================================
AV 83.6 55.9                               9.7 FASTST   M    M   1    MAX(MPH)
                                 MISC ---->  # 35 350               # 45  340
================================================================================
NOTES:
# LAST OF SEVERAL OCCURRENCES

COLUMN 17 PEAK WIND IN M.P.H.

PRELIMINARY LOCAL CLIMATOLOGICAL DATA (WS FORM: F-6) , PAGE 2

                                          STATION:  Midland International Airport
                                          MONTH:    OCTOBER
                                          YEAR:     2014
                                          LATITUDE:   31 57 N
                                          LONGITUDE: 102 11 W

[TEMPERATURE DATA]      [PRECIPITATION DATA]       SYMBOLS USED IN COLUMN 16

AVERAGE MONTHLY: 69.8   TOTAL FOR MONTH:      T    1 = FOG OR MIST
DPTR FM NORMAL:   3.7   DPTR FM NORMAL:   -1.46    2 = FOG REDUCING VISIBILITY
HIGHEST:    93 ON  8    GRTST 24HR    T  ON 22-22      TO 1/4 MILE OR LESS
LOWEST:     44 ON 14                               3 = THUNDER
                        SNOW, ICE PELLETS, HAIL    4 = ICE PELLETS
                        TOTAL MONTH:   0.0 INCH    5 = HAIL
                        GRTST 24HR     0.0         6 = FREEZING RAIN OR DRIZZLE
                        GRTST DEPTH:   0           7 = DUSTSTORM OR SANDSTORM:
                                                       VSBY 1/2 MILE OR LESS
                                                   8 = SMOKE OR HAZE
[NO. OF DAYS WITH]      [WEATHER - DAYS WITH]      9 = BLOWING SNOW
                                                   X = TORNADO
MAX 32 OR BELOW:   0    0.01 INCH OR MORE:   0
MAX 90 OR ABOVE:   7    0.10 INCH OR MORE:   0
MIN 32 OR BELOW:   0    0.50 INCH OR MORE:   0
MIN  0 OR BELOW:   0    1.00 INCH OR MORE:   0

[HDD (BASE 65) ]
TOTAL THIS MO.    14    CLEAR  (SCALE 0-3)  21
DPTR FM NORMAL   -45    PTCLDY (SCALE 4-7)   3
TOTAL FM JUL 1    28    CLOUDY (SCALE 8-10)  0
DPTR FM NORMAL   -42

[CDD (BASE 65) ]
TOTAL THIS MO.   135
DPTR FM NORMAL    48    [PRESSURE DATA]
TOTAL FM JAN 1  2652    HIGHEST SLP M ON M
DPTR FM NORMAL   386    LOWEST  SLP 29.54 ON 12

[REMARKS]
