000
CXUS55 KABR 011428
CF6MBG
PRELIMINARY LOCAL CLIMATOLOGICAL DATA (WS FORM: F-6)

                                          STATION:   MOBRIDGE SD
                                          MONTH:     SEPTEMBER
                                          YEAR:      2014
                                          LATITUDE:   45 32 N
                                          LONGITUDE: 100 25 W

  TEMPERATURE IN F:       :PCPN:    SNOW:  WIND      :SUNSHINE: SKY     :PK WND
================================================================================
1   2   3   4   5  6A  6B    7    8   9   10  11  12  13   14  15   16   17  18
                                     12Z  AVG MX 2MIN
DY MAX MIN AVG DEP HDD CDD  WTR  SNW DPTH SPD SPD DIR MIN PSBL S-S WX    SPD DR
================================================================================

 1  76  49  63  -4   2   0 0.02  0.0    0  6.3 18 280   M    M   1        25 270
 2  84  47  66  -1   0   1 0.00  0.0    0  6.5 17 240   M    M   0        22 240
 3  82  55  69   3   0   4 0.00  0.0    0 10.2 18  90   M    M   0 1      25  90
 4  70  53  62  -4   3   0 0.00  0.0    0 17.6 28 330   M    M   3 1      38 310
 5  72  46  59  -7   6   0 0.00  0.0    0  5.4 17 330   M    M   0        22 330
 6  81  45  63  -2   2   0 0.00  0.0    0  6.3 16 210   M    M   1        23 200
 7  82  52  67   2   0   2 0.00  0.0    0  9.6 16 160   M    M   0 3      19 160
 8  87  55  71   7   0   6 0.00  0.0    0  6.7 16  20   M    M   0        23  20
 9  63  46  55  -9  10   0 0.11  0.0    0 13.6 22  30   M    M   9 1      29  70
10  54  39  47 -16  18   0 0.09  0.0    0 14.2 22  10   M    M  10 1      30  10
11  51  39  45 -18  20   0 0.00  0.0    0  9.5 15 360   M    M   7        19  30
12  58  38  48 -14  17   0 0.00  0.0    0  6.3 14 160   M    M   5        18 220
13  69  41  55  -7  10   0 0.00  0.0    0 12.0 21 320   M    M   0        28 320
14  59  34  47 -15  18   0    T  0.0    0  5.2 13 330   M    M   2        17  10
15  66  37  52  -9  13   0 0.00  0.0    0  6.3 13 140   M    M   1        16 140
16  75  45  60  -1   5   0 0.00  0.0    0  6.6 16 160   M    M   0        19 150
17  78  45  62   2   3   0 0.00  0.0    0  6.9 14  90   M    M   0        17  90
18  82  49  66   6   0   1    T  0.0    0 13.3 24 170   M    M   0 3      31 150
19  85  59  72  13   0   7 0.34  0.0    0  8.3 20 240   M    M   0 138    27 240
20  76  48  62   3   3   0 0.00  0.0    0 10.1 30 320   M    M   1        39 330
21  74  43  59   1   6   0 0.00  0.0    0  5.8 12 310   M    M   0        14 290
22  84  46  65   7   0   0 0.00  0.0    0 13.4 23 150   M    M   0        29 170
23  66  56  61   4   4   0 0.00  0.0    0 12.7 22 150   M    M   8 1      26 140
24  87  54  71  14   0   6 0.00  0.0    0  6.0  9 100   M    M   4 12     11 150
25  93  57  75  19   0  10 0.00  0.0    0  9.2 16 130   M    M   0        22 130
26  93  64  79  23   0  14 0.00  0.0    0 13.9 25 170   M    M   0        32 170
27  89  64  77  22   0  12 0.00  0.0    0 10.4 17 140   M    M   0 8      20 140
28  68  53  61   6   4   0 0.00  0.0    0 12.8 21  10   M    M   7        30  30
29  63  53  58   4   7   0 0.00  0.0    0  9.2 17  90   M    M   9        23  90
30  69  53  61   7   4   0 0.15  0.0    0 18.8 31 150   M    M   8 1      43 150
================================================================================
SM 2236 1465       155  63  0.71     0.0 293.1          M       76
================================================================================
AV 74.5 48.8                               9.8 FASTST   M    M   3    MAX(MPH)
                                 MISC ---->  # 31 150               # 43  150
================================================================================
NOTES:
# LAST OF SEVERAL OCCURRENCES

COLUMN 17 PEAK WIND IN M.P.H.

PRELIMINARY LOCAL CLIMATOLOGICAL DATA (WS FORM: F-6) , PAGE 2

                                          STATION:  MOBRIDGE SD
                                          MONTH:    SEPTEMBER
                                          YEAR:     2014
                                          LATITUDE:   45 32 N
                                          LONGITUDE: 100 25 W

[TEMPERATURE DATA]      [PRECIPITATION DATA]       SYMBOLS USED IN COLUMN 16

AVERAGE MONTHLY: 61.7   TOTAL FOR MONTH:   0.71    1 = FOG OR MIST
DPTR FM NORMAL:   1.0   DPTR FM NORMAL:   -0.83    2 = FOG REDUCING VISIBILITY
HIGHEST:    93 ON 26,25 GRTST 24HR  0.34 ON 19-19      TO 1/4 MILE OR LESS
LOWEST:     34 ON 14                               3 = THUNDER
                        SNOW, ICE PELLETS, HAIL    4 = ICE PELLETS
                        TOTAL MONTH:   0.0 INCH    5 = HAIL
                        GRTST 24HR     0.0         6 = FREEZING RAIN OR DRIZZLE
                        GRTST DEPTH:   0           7 = DUSTSTORM OR SANDSTORM:
                                                       VSBY 1/2 MILE OR LESS
                                                   8 = SMOKE OR HAZE
[NO. OF DAYS WITH]      [WEATHER - DAYS WITH]      9 = BLOWING SNOW
                                                   X = TORNADO
MAX 32 OR BELOW:   0    0.01 INCH OR MORE:   5
MAX 90 OR ABOVE:   2    0.10 INCH OR MORE:   3
MIN 32 OR BELOW:   0    0.50 INCH OR MORE:   0
MIN  0 OR BELOW:   0    1.00 INCH OR MORE:   0

[HDD (BASE 65) ]
TOTAL THIS MO.   155    CLEAR  (SCALE 0-3)  20
DPTR FM NORMAL   -32    PTCLDY (SCALE 4-7)   6
TOTAL FM JUL 1   202    CLOUDY (SCALE 8-10)  4
DPTR FM NORMAL   -18

[CDD (BASE 65) ]
TOTAL THIS MO.    63
DPTR FM NORMAL     3    [PRESSURE DATA]
TOTAL FM JAN 1   466    HIGHEST SLP 30.52 ON 12
DPTR FM NORMAL  -175    LOWEST  SLP 29.35 ON 30

[REMARKS]
#FINAL-09-14#
