000
CXUS55 KABR 311400
CF6MBG
PRELIMINARY LOCAL CLIMATOLOGICAL DATA (WS FORM: F-6)

                                          STATION:   MOBRIDGE SD
                                          MONTH:     JANUARY
                                          YEAR:      2015
                                          LATITUDE:   45 32 N
                                          LONGITUDE: 100 25 W

  TEMPERATURE IN F:       :PCPN:    SNOW:  WIND      :SUNSHINE: SKY     :PK WND
================================================================================
1   2   3   4   5  6A  6B    7    8   9   10  11  12  13   14  15   16   17  18
                                     12Z  AVG MX 2MIN
DY MAX MIN AVG DEP HDD CDD  WTR  SNW DPTH SPD SPD DIR MIN PSBL S-S WX    SPD DR
================================================================================

 1  33  21  27  11  38   0 0.00  0.0    2  7.5 17 290   M    M   9        22 270
 2  31  20  26  10  39   0 0.00  0.0    2  9.2 21 160   M    M   5        23 160
 3  29  -3  13  -3  52   0    T    T    2 18.3 38 360   M    M   7 89     48 360
 4   5 -10  -2 -18  67   0 0.00  0.0    2 12.3 23 330   M    M   2        26 320
 5   5 -17  -6 -22  71   0 0.18  2.6    2  8.9 22 120   M    M   4        26 130
 6  11 -12   0 -16  65   0    T    T    4 13.3 29 330   M    M   4 8      34 330
 7   9  -8   1 -15  64   0 0.00  0.0    4 13.4 24 330   M    M   0        31 330
 8  23   2  13  -3  52   0 0.01  0.8    5 23.5 43 310   M    M   6 89     52 310
 9  11  -5   3 -13  62   0 0.00  0.0    5 13.6 28 310   M    M   0        32 310
10  14  -5   5 -11  60   0 0.00  0.0    5  6.6 20 340   M    M   2        24 340
11  18  -3   8  -8  57   0 0.00  0.0    5  7.1 16 340   M    M   6 8      18 350
12   4 -13  -4 -20  69   0 0.00  0.0    3  7.9 16 150   M    M   0        18 140
13  25  -5  10  -6  55   0 0.00  0.0    3  8.1 18 170   M    M   4        22 160
14  38  11  25   9  40   0 0.00  0.0    2  4.8 14 310   M    M   2        16 310
15  42  19  31  15  34   0 0.00  0.0    2  6.7 15 320   M    M   0        18 320
16  41  14  28  12  37   0    T  0.0    1  6.3 12 130   M    M   2 1      14  80
17  45  30  38  22  27   0 0.00  0.0    T 17.7 37 310   M    M   3        46 310
18  43  19  31  15  34   0 0.00  0.0    T  4.1 12 130   M    M   2        13 300
19  50  32  41  25  24   0 0.00  0.0    T 11.7 24 300   M    M   4        34 310
20  38  29  34  18  31   0 0.08  0.7    T 11.4 21 320   M    M  10 1      26 320
21  35  13  24   8  41   0 0.01  0.2    1  9.9 18 340   M    M   9 18     23 350
22  40  11  26  10  39   0 0.00  0.0    T  7.9 15 150   M    M   0        18 200
23  48  26  37  21  28   0 0.00  0.0    0  7.3 22 320   M    M   0        25 320
24  50  27  39  23  26   0 0.03  0.0    0  9.9 29 330   M    M   7 1      37 310
25  41  33  37  21  28   0 0.00  0.0    0  8.7 21 320   M    M   8 1      27 320
26  54  32  43  26  22   0 0.00  0.0    0  7.9 16 310   M    M   1        19 320
27  53  29  41  24  24   0 0.00  0.0    0  8.7 14 160   M    M   0        16 160
28  54  28  41  24  24   0 0.00  0.0    0 14.2 36 340   M    M   3        47 340
29  37  20  29  12  36   0 0.00  0.0    0 14.2 28 340   M    M   6        37 310
30  47  20  34  17  31   0 0.00  0.0    0  7.6 16 160   M    M   0        21 150
================================================================================
SM  974  355      1277   0  0.31     4.3 308.7          M      106
================================================================================
AV 32.5 11.8                              10.3 FASTST   M    M   4    MAX(MPH)
                                 MISC ---->  # 43 310               # 52  310
================================================================================
NOTES:
# LAST OF SEVERAL OCCURRENCES

COLUMN 17 PEAK WIND IN M.P.H.

PRELIMINARY LOCAL CLIMATOLOGICAL DATA (WS FORM: F-6) , PAGE 2

                                          STATION:  MOBRIDGE SD
                                          MONTH:    JANUARY
                                          YEAR:     2015
                                          LATITUDE:   45 32 N
                                          LONGITUDE: 100 25 W

[TEMPERATURE DATA]      [PRECIPITATION DATA]       SYMBOLS USED IN COLUMN 16

AVERAGE MONTHLY: 22.1   TOTAL FOR MONTH:   0.31    1 = FOG OR MIST
DPTR FM NORMAL:   6.0   DPTR FM NORMAL:    0.03    2 = FOG REDUCING VISIBILITY
HIGHEST:    54 ON 28,26 GRTST 24HR  0.18 ON  5- 5      TO 1/4 MILE OR LESS
LOWEST:    -17 ON  5                               3 = THUNDER
                        SNOW, ICE PELLETS, HAIL    4 = ICE PELLETS
                        TOTAL MONTH:   4.3 INCHES  5 = HAIL
                        GRTST 24HR   2.6 ON   M    6 = FREEZING RAIN OR DRIZZLE
                        GRTST DEPTH:   5 ON 11,10  7 = DUSTSTORM OR SANDSTORM:
                                                       VSBY 1/2 MILE OR LESS
                                                   8 = SMOKE OR HAZE
[NO. OF DAYS WITH]      [WEATHER - DAYS WITH]      9 = BLOWING SNOW
                                                   X = TORNADO
MAX 32 OR BELOW:  12    0.01 INCH OR MORE:   5
MAX 90 OR ABOVE:   0    0.10 INCH OR MORE:   1
MIN 32 OR BELOW:  29    0.50 INCH OR MORE:   0
MIN  0 OR BELOW:  10    1.00 INCH OR MORE:   0

[HDD (BASE 65) ]
TOTAL THIS MO.  1277    CLEAR  (SCALE 0-3)  15
DPTR FM NORMAL  -187    PTCLDY (SCALE 4-7)  12
TOTAL FM JUL 1  4385    CLOUDY (SCALE 8-10)  3
DPTR FM NORMAL  -295

[CDD (BASE 65) ]
TOTAL THIS MO.     0
DPTR FM NORMAL     0    [PRESSURE DATA]
TOTAL FM JAN 1     0    HIGHEST SLP M ON M
DPTR FM NORMAL     0    LOWEST  SLP 29.57 ON 17

[REMARKS]
