000
CXUS55 KABR 291400
CF6MBG
PRELIMINARY LOCAL CLIMATOLOGICAL DATA (WS FORM: F-6)

                                          STATION:   MOBRIDGE SD
                                          MONTH:     MAY
                                          YEAR:      2016
                                          LATITUDE:   45 32 N
                                          LONGITUDE: 100 25 W

  TEMPERATURE IN F:       :PCPN:    SNOW:  WIND      :SUNSHINE: SKY     :PK WND
================================================================================
1   2   3   4   5  6A  6B    7    8   9   10  11  12  13   14  15   16   17  18
                                     12Z  AVG MX 2MIN
DY MAX MIN AVG DEP HDD CDD  WTR  SNW DPTH SPD SPD DIR MIN PSBL S-S WX    SPD DR
================================================================================

 1  65  32  49  -2  16   0 0.00  0.0    0  7.0 15 330   M    M   0        23 350
 2  65  38  52   0  13   0 0.42  0.0    0  4.7 14 200   M    M   4 1      17 190
 3  79  37  58   6   7   0 0.00  0.0    0  9.2 26 360   M    M   0 12     34 360
 4  77  37  57   5   8   0 0.00  0.0    0  5.8 13 150   M    M   0        14 140
 5  88  49  69  16   0   4 0.00  0.0    0 11.3 22 200   M    M   0        29 180
 6  83  49  66  13   0   1 0.00  0.0    0 11.2 28  20   M    M   0 8      36  10
 7  71  42  57   4   8   0 0.00  0.0    0  4.8 13 200   M    M   0        16 190
 8  75  43  59   5   6   0 0.00  0.0    0  9.5 21 140   M    M   2 1      27 150
 9  66  51  59   5   6   0 0.65  0.0    0 12.6 21 160   M    M   8 13     26 100
10  63  45  54   0  11   0 0.09  0.0    0 10.9 21 280   M    M   7 1      26 280
11  58  43  51  -4  14   0 0.00  0.0    0 16.1 28 300   M    M   7        37 250
12  65  44  55   0  10   0 0.00  0.0    0 15.8 24 330   M    M   4 8      34 330
13  47  36  42 -13  23   0 0.01  0.0    0 18.2 31 330   M    M   7        40 320
14  62  34  48  -8  17   0 0.00  0.0    0 10.2 25 320   M    M   5        31 310
15  68  31  50  -6  15   0 0.00  0.0    0  4.7 13 310   M    M   0        18 300
16  74  36  55  -1  10   0 0.00  0.0    0  6.1 16  60   M    M   0        21  50
17  71  36  54  -2  11   0 0.00  0.0    0  5.5 12 310   M    M   0        16  90
18  75  43  59   2   6   0 0.00  0.0    0  9.9 20 150   M    M   0        25 140
19  79  51  65   8   0   0 0.00  0.0    0 18.0 29 170   M    M   0        36 170
20  74  54  64   7   1   0 0.00  0.0    0 18.7 25 160   M    M   2        33 150
21  75  57  66   8   0   1 0.00  0.0    0 20.1 31 150   M    M   6        37 150
22  84  59  72  14   0   7 0.96  0.0    0 14.6 36 260   M    M   6 13     49 260
23  78  52  65   7   0   0 0.01  0.0    0  6.5 24 290   M    M   1        33 300
24  81  48  65   6   0   0 0.01  0.0    0  5.3 24 250   M    M   1 8      35 250
25  76  50  63   4   2   0 0.38  0.0    0  9.2 33 100   M    M   6        41 100
26  77  47  62   3   3   0 0.00  0.0    0  6.8 17 160   M    M   0 3      22 180
27  73  50  62   2   3   0 0.00  0.0    0  5.7 16  10   M    M   0 8      19  20
28  77  52  65   5   0   0 0.23  0.0    0  5.0 29 280   M    M   3 1      37 270
================================================================================
SM 2026 1246       190  13  2.76     0.0 283.4          M       69
================================================================================
AV 72.4 44.5                              10.1 FASTST   M    M   2    MAX(MPH)
                                 MISC ---->  # 36 260               # 49  260
================================================================================
NOTES:
# LAST OF SEVERAL OCCURRENCES

COLUMN 17 PEAK WIND IN M.P.H.

PRELIMINARY LOCAL CLIMATOLOGICAL DATA (WS FORM: F-6) , PAGE 2

                                          STATION:  MOBRIDGE SD
                                          MONTH:    MAY
                                          YEAR:     2016
                                          LATITUDE:   45 32 N
                                          LONGITUDE: 100 25 W

[TEMPERATURE DATA]      [PRECIPITATION DATA]       SYMBOLS USED IN COLUMN 16

AVERAGE MONTHLY: 58.4   TOTAL FOR MONTH:   2.76    1 = FOG OR MIST
DPTR FM NORMAL:   2.8   DPTR FM NORMAL:    0.24    2 = FOG REDUCING VISIBILITY
HIGHEST:    88 ON  5    GRTST 24HR  0.97 ON 22-23      TO 1/4 MILE OR LESS
LOWEST:     31 ON 15                               3 = THUNDER
                        SNOW, ICE PELLETS, HAIL    4 = ICE PELLETS
                        TOTAL MONTH:   0.0 INCH    5 = HAIL
                        GRTST 24HR     0.0         6 = FREEZING RAIN OR DRIZZLE
                        GRTST DEPTH:   0           7 = DUSTSTORM OR SANDSTORM:
                                                       VSBY 1/2 MILE OR LESS
                                                   8 = SMOKE OR HAZE
[NO. OF DAYS WITH]      [WEATHER - DAYS WITH]      9 = BLOWING SNOW
                                                   X = TORNADO
MAX 32 OR BELOW:   0    0.01 INCH OR MORE:   9
MAX 90 OR ABOVE:   0    0.10 INCH OR MORE:   5
MIN 32 OR BELOW:   2    0.50 INCH OR MORE:   2
MIN  0 OR BELOW:   0    1.00 INCH OR MORE:   0

[HDD (BASE 65) ]
TOTAL THIS MO.   190    CLEAR  (SCALE 0-3)  18
DPTR FM NORMAL   -82    PTCLDY (SCALE 4-7)  10
TOTAL FM JUL 1  6295    CLOUDY (SCALE 8-10)  0
DPTR FM NORMAL -1572

[CDD (BASE 65) ]
TOTAL THIS MO.    13
DPTR FM NORMAL     3    [PRESSURE DATA]
TOTAL FM JAN 1    15    HIGHEST SLP M ON M
DPTR FM NORMAL     4    LOWEST  SLP 29.48 ON 22

[REMARKS]
