000
CXUS53 KDTX 280800
CF6MBS
PRELIMINARY LOCAL CLIMATOLOGICAL DATA (WS FORM: F-6)

                                          STATION:   TRI CITIES MI
                                          MONTH:     JULY
                                          YEAR:      2015
                                          LATITUDE:   43 31 N
                                          LONGITUDE:  84  5 W

  TEMPERATURE IN F:       :PCPN:    SNOW:  WIND      :SUNSHINE: SKY     :PK WND
================================================================================
1   2   3   4   5  6A  6B    7    8   9   10  11  12  13   14  15   16   17  18
                                     12Z  AVG MX 2MIN
DY MAX MIN AVG DEP HDD CDD  WTR  SNW DPTH SPD SPD DIR MIN PSBL S-S WX    SPD DR
================================================================================

 1  70  58  64  -7   1   0 0.00  0.0    0  8.1 14 340   M    M  10        17 350
 2  72  56  64  -7   1   0 0.00  0.0    0  7.4 16  50   M    M   5        23  40
 3  77  50  64  -7   1   0 0.00  0.0    0  2.0  9 340   M    M   0        13 330
 4  83  56  70  -1   0   5 0.00  0.0    0  6.4 13 260   M    M   2        17 250
 5  84  61  73   2   0   8 0.00  0.0    0  5.6 10 200   M    M   0 18     15 220
 6  86  62  74   3   0   9 0.00  0.0    0  9.9 17 210   M    M   1        22 210
 7  76  58  67  -4   0   2 0.27  0.0    0 10.2 21 330   M    M   8 18     25 320
 8  70  53  62  -9   3   0 0.00  0.0    0  5.9 12  90   M    M   3        14 120
 9  78  58  68  -3   0   3 0.00  0.0    0  5.0 12 350   M    M   4 1      15 350
10  83  58  71   0   0   6 0.00  0.0    0  4.8 12 230   M    M   0 1      14 240
11  84  62  73   2   0   8 0.00  0.0    0  5.7 13 220   M    M   1        20 230
12  84  67  76   5   0  11 0.00  0.0    0  4.0 12 180   M    M   0 18     15 170
13  79  65  72   1   0   7    T  0.0    0  8.0 26 140   M    M   3        32 140
14  80  65  73   2   0   8 1.39  0.0    0 12.4 30 280   M    M   8 13     42 290
15  69  55  62  -9   3   0 0.00  0.0    0 11.5 21  30   M    M   1        28  30
16  79  52  66  -5   0   1    T  0.0    0  5.2 15 220   M    M   1        17 230
17  86  65  76   5   0  11 0.27  0.0    0  9.8 20 270   M    M   6 18     26 280
18  88  68  78   7   0  13 0.21  0.0    0  7.9 24 290   M    M   3 123    34 290
19  85  65  75   4   0  10 0.00  0.0    0 10.4 22 280   M    M   2 12     31 310
20  86  62  74   3   0   9 0.00  0.0    0 11.3 24 220   M    M   1        32 220
21  81  63  72   1   0   7 0.00  0.0    0  9.4 21 320   M    M   2        26 320
22  80  58  69  -2   0   4 0.00  0.0    0  6.4 16 340   M    M   3        19 350
23  86  56  71   0   0   6 0.00  0.0    0  5.5 13 280   M    M   1        17 220
24  88  63  76   5   0  11 0.00  0.0    0  6.7 16 230   M    M   1        24 260
25  87  69  78   7   0  13 0.22  0.0    0  9.3 21 320   M    M   3 13     27 280
26  89  65  77   6   0  12 0.00  0.0    0  2.8  8 350   M    M   1        11 340
27  90  66  78   7   0  13 0.00  0.0    0  2.8  8 270   M    M   0        13 280
================================================================================
SM 2200 1636         9 177  2.36     0.0 194.4          M       70
================================================================================
AV 81.5 60.6                               7.2 FASTST   M    M   3    MAX(MPH)
                                 MISC ---->  # 30 280               # 42  290
================================================================================
NOTES:
# LAST OF SEVERAL OCCURRENCES

COLUMN 17 PEAK WIND IN M.P.H.

PRELIMINARY LOCAL CLIMATOLOGICAL DATA (WS FORM: F-6) , PAGE 2

                                          STATION:  TRI CITIES MI
                                          MONTH:    JULY
                                          YEAR:     2015
                                          LATITUDE:   43 31 N
                                          LONGITUDE:  84  5 W

[TEMPERATURE DATA]      [PRECIPITATION DATA]       SYMBOLS USED IN COLUMN 16

AVERAGE MONTHLY: 71.0   TOTAL FOR MONTH:   2.36    1 = FOG OR MIST
DPTR FM NORMAL:   0.0   DPTR FM NORMAL:    0.13    2 = FOG REDUCING VISIBILITY
HIGHEST:    90 ON 27    GRTST 24HR  1.39 ON 14-14      TO 1/4 MILE OR LESS
LOWEST:     50 ON  3                               3 = THUNDER
                        SNOW, ICE PELLETS, HAIL    4 = ICE PELLETS
                        TOTAL MONTH:   0.0 INCH    5 = HAIL
                        GRTST 24HR     0.0         6 = FREEZING RAIN OR DRIZZLE
                        GRTST DEPTH:   0           7 = DUSTSTORM OR SANDSTORM:
                                                       VSBY 1/2 MILE OR LESS
                                                   8 = SMOKE OR HAZE
[NO. OF DAYS WITH]      [WEATHER - DAYS WITH]      9 = BLOWING SNOW
                                                   X = TORNADO
MAX 32 OR BELOW:   0    0.01 INCH OR MORE:   5
MAX 90 OR ABOVE:   1    0.10 INCH OR MORE:   5
MIN 32 OR BELOW:   0    0.50 INCH OR MORE:   1
MIN  0 OR BELOW:   0    1.00 INCH OR MORE:   1

[HDD (BASE 65) ]
TOTAL THIS MO.     9    CLEAR  (SCALE 0-3)  20
DPTR FM NORMAL     7    PTCLDY (SCALE 4-7)   6
TOTAL FM JUL 1     9    CLOUDY (SCALE 8-10)  1
DPTR FM NORMAL     7

[CDD (BASE 65) ]
TOTAL THIS MO.   177
DPTR FM NORMAL     1    [PRESSURE DATA]
TOTAL FM JAN 1   359    HIGHEST SLP M ON M
DPTR FM NORMAL    23    LOWEST  SLP 29.46 ON 14

[REMARKS]
