000
CXUS55 KLIX 221000
CF6MCB
PRELIMINARY LOCAL CLIMATOLOGICAL DATA (WS FORM: F-6)

                                          STATION:   MCCOMB
                                          MONTH:     MAY
                                          YEAR:      2017
                                          LATITUDE:   31 10 N
                                          LONGITUDE:  90 28 W

  TEMPERATURE IN F:       :PCPN:    SNOW:  WIND      :SUNSHINE: SKY     :PK WND
================================================================================
1   2   3   4   5  6A  6B    7    8   9   10  11  12  13   14  15   16   17  18
                                     12Z  AVG MX 2MIN
DY MAX MIN AVG DEP HDD CDD  WTR  SNW DPTH SPD SPD DIR MIN PSBL S-S WX    SPD DR
================================================================================

 1  79  50  65  -4   0   0 0.00  0.0    0  4.5 15 290   M    M   0        19 290
 2  84  50  67  -2   0   2 0.00  0.0    0  2.5 12 200   M    M   0        15 210
 3  73  57  65  -4   0   0 1.89  0.0    0  8.2 25 130   M    M   5 18     34 130
 4  62  47  55 -15  10   0 0.08    M    0  9.7 25 150   M    M   8 1      31 140
 5  73  44  59 -11   6   0 0.00  0.0    0 10.3 30 330   M    M   0        42 300
 6  78  47  63  -7   2   0 0.00  0.0    0  3.9 14 260   M    M   0        20 220
 7  83  50  67  -3   0   2 0.00  0.0    0  1.2  9 160   M    M   0        12 160
 8  85  54  70  -1   0   5 0.00  0.0    0  2.6 12 130   M    M   0        15 130
 9  85  56  71   0   0   6 0.00  0.0    0  3.8 15 170   M    M   0 1      19 170
10  84  57  71   0   0   6 0.00  0.0    0  4.6 15 170   M    M   0 18     18 150
11  82  63  73   1   0   8 0.00  0.0    0  4.1 13 170   M    M   3 18     14 170
12  81  62  72   0   0   7 0.54  0.0    0  4.7 25 280   M    M   5 18     34 280
13  79  59  69  -3   0   4 0.00  0.0    0  9.0 18 340   M    M   5        23 340
14  85  57  71  -1   0   6 0.00  0.0    0  2.9 10  10   M    M   1 1      14  10
15  87  60  74   1   0   9 0.00  0.0    0  3.0 13 160   M    M   1        17 150
16  86  62  74   1   0   9 0.00  0.0    0  7.2 18 150   M    M   2 18     24 190
17  87  66  77   4   0  12 0.00  0.0    0 10.3 22 160   M    M   4 1      28 150
18  89  72  81   8   0  16 0.00  0.0    0  9.9 20 180   M    M   6 1      24 170
19  89  73  81   7   0  16 0.00  0.0    0  8.7 18 170   M    M   5 18     24 180
20  88  68  78   4   0  13 1.03  0.0    0  6.4 16 110   M    M   7 1      23 100
21  83  65  74   0   0   9 0.57  0.0    0  4.3 26 330   M    M   5 1      33 330
================================================================================
SM 1722 1219        18 130  4.11     0.0 121.8          M       57
================================================================================
AV 82.0 58.1                               5.8 FASTST   M    M   3    MAX(MPH)
                                 MISC ---->  # 30 330               # 42  300
================================================================================
NOTES:
# LAST OF SEVERAL OCCURRENCES

COLUMN 17 PEAK WIND IN M.P.H.

PRELIMINARY LOCAL CLIMATOLOGICAL DATA (WS FORM: F-6) , PAGE 2

                                          STATION:  MCCOMB
                                          MONTH:    MAY
                                          YEAR:     2017
                                          LATITUDE:   31 10 N
                                          LONGITUDE:  90 28 W

[TEMPERATURE DATA]      [PRECIPITATION DATA]       SYMBOLS USED IN COLUMN 16

AVERAGE MONTHLY: 70.0   TOTAL FOR MONTH:   4.11    1 = FOG OR MIST
DPTR FM NORMAL:  -1.5   DPTR FM NORMAL:    1.16    2 = FOG REDUCING VISIBILITY
HIGHEST:    89 ON 19,18 GRTST 24HR  1.89 ON  3- 3      TO 1/4 MILE OR LESS
LOWEST:     44 ON  5                               3 = THUNDER
                        SNOW, ICE PELLETS, HAIL    4 = ICE PELLETS
                        TOTAL MONTH:   0.0 INCH    5 = HAIL
                        GRTST 24HR     0.0         6 = FREEZING RAIN OR DRIZZLE
                        GRTST DEPTH:   0           7 = DUSTSTORM OR SANDSTORM:
                                                       VSBY 1/2 MILE OR LESS
                                                   8 = SMOKE OR HAZE
[NO. OF DAYS WITH]      [WEATHER - DAYS WITH]      9 = BLOWING SNOW
                                                   X = TORNADO
MAX 32 OR BELOW:   0    0.01 INCH OR MORE:   5
MAX 90 OR ABOVE:   0    0.10 INCH OR MORE:   4
MIN 32 OR BELOW:   0    0.50 INCH OR MORE:   4
MIN  0 OR BELOW:   0    1.00 INCH OR MORE:   2

[HDD (BASE 65) ]
TOTAL THIS MO.    18    CLEAR  (SCALE 0-3)  12
DPTR FM NORMAL    12    PTCLDY (SCALE 4-7)   8
TOTAL FM JUL 1  1047    CLOUDY (SCALE 8-10)  1
DPTR FM NORMAL  -982

[CDD (BASE 65) ]
TOTAL THIS MO.   130
DPTR FM NORMAL   -15    [PRESSURE DATA]
TOTAL FM JAN 1   436    HIGHEST SLP M ON M
DPTR FM NORMAL   157    LOWEST  SLP 29.65 ON  4

[REMARKS]
