561
CXAK56 PAFG 211218
CF6MCG
PRELIMINARY LOCAL CLIMATOLOGICAL DATA (WS FORM: F-6)

                                          STATION:   MCGRATH AK
                                          MONTH:     JANUARY
                                          YEAR:      2018
                                          LATITUDE:   62 57 N
                                          LONGITUDE: 155 36 W

  TEMPERATURE IN F:       :PCPN:    SNOW:  WIND      :SUNSHINE: SKY     :PK WND
================================================================================
1   2   3   4   5  6A  6B    7    8   9   10  11  12  13   14  15   16   17  18
                                     12Z  AVG MX 2MIN
DY MAX MIN AVG DEP HDD CDD  WTR  SNW DPTH SPD SPD DIR MIN PSBL S-S WX    SPD DR
================================================================================

 1  15  -9   3   9  62   0 0.00  0.0   14  1.5  9 150   M    M   3        11 150
 2  20   9  15  22  50   0 0.08  1.0   15  0.7  6  70   M    M   8 1       8 320
 3  20   3  12  19  53   0    T    T   15  3.5 12 130   M    M   8 18     15 130
 4  21  12  17  24  48   0 0.01  0.1   15  0.2  4 270   M    M  10 128     M  M
 5  18  -3   8  15  57   0 0.00  0.0   15  1.9  7 350   M    M   7 1       M  M
 6   7 -11  -2   5  67   0 0.00  0.0   15  0.6  5 350   M    M   2 128     7 330
 7   1 -11  -5   2  70   0 0.00  0.0   15  0.3  5  20   M    M   6         6  20
 8 -11 -26 -18 -11  83   0 0.00  0.0   15  0.3  5  20   M    M   0 1       7 240
 9 -15 -29 -22 -15  87   0 0.00  0.0   14  0.0  M   M   M    M   0         M  M
10   2 -23 -10  -3  75   0 0.00  0.0   14  0.4  3 320   M    M   7         6 330
11   4  -7  -1   6  66   0    T    T   14  0.1  5 290   M    M   5 8       7  80
12  10  -8   1   8  64   0 0.00  0.0   14  0.3  5 310   M    M   1         6 270
13  18  -7   6  13  59   0 0.00  0.0   14  1.6 13  80   M    M   1        14  90
14  31   3  17  24  48   0 0.00  0.0   14  3.5 14 110   M    M   4        17 110
15  28  -1  14  21  51   0 0.00  0.0   14  0.6  9 200   M    M   5        10 200
16  20  -4   8  15  57   0 0.00  0.0   14  1.7  8 270   M    M   4         9 260
17  19   5  12  19  53   0    T    T   14  1.4  8 260   M    M   5 8       8 270
18  21  10  16  23  49   0 0.01  0.3   14  3.9 10  10   M    M  10 1      15  20
19  12  -4   4  11  61   0    T    T   14  8.2 15 350   M    M   5        20 350
20  -3 -21 -12  -5  77   0 0.00  0.0   14  5.0 12 360   M    M   0        14  10
================================================================================
SM  238 -122      1237   0  0.10     1.4  35.7          M       91
================================================================================
AV 11.9 -6.1                               1.8 FASTST   M    M   5    MAX(MPH)
                                 MISC ---->  # 15 350               # 20  350
================================================================================
NOTES:
# LAST OF SEVERAL OCCURRENCES

COLUMN 17 PEAK WIND IN M.P.H.

PRELIMINARY LOCAL CLIMATOLOGICAL DATA (WS FORM: F-6) , PAGE 2

                                          STATION:  MCGRATH AK
                                          MONTH:    JANUARY
                                          YEAR:     2018
                                          LATITUDE:   62 57 N
                                          LONGITUDE: 155 36 W

[TEMPERATURE DATA]      [PRECIPITATION DATA]       SYMBOLS USED IN COLUMN 16

AVERAGE MONTHLY:  2.9   TOTAL FOR MONTH:   0.10    1 = FOG OR MIST
DPTR FM NORMAL:   9.8   DPTR FM NORMAL:   -0.63    2 = FOG REDUCING VISIBILITY
HIGHEST:    31 ON 14    GRTST 24HR  0.08 ON  2- 2      TO 1/4 MILE OR LESS
LOWEST:    -29 ON  9                               3 = THUNDER
                        SNOW, ICE PELLETS, HAIL    4 = ICE PELLETS
                        TOTAL MONTH:   1.4 INCHES  5 = HAIL
                        GRTST 24HR   1.0 ON  2- 2  6 = FREEZING RAIN OR DRIZZLE
                        GRTST DEPTH:  15 ON  8, 7  7 = DUSTSTORM OR SANDSTORM:
                                                       VSBY 1/2 MILE OR LESS
                                                   8 = SMOKE OR HAZE
[NO. OF DAYS WITH]      [WEATHER - DAYS WITH]      9 = BLOWING SNOW
                                                   X = TORNADO
MAX 32 OR BELOW:  20    0.01 INCH OR MORE:   3
MAX 90 OR ABOVE:   0    0.10 INCH OR MORE:   0
MIN 32 OR BELOW:  20    0.50 INCH OR MORE:   0
MIN  0 OR BELOW:  14    1.00 INCH OR MORE:   0

[HDD (BASE 65) ]
TOTAL THIS MO.  1237    CLEAR  (SCALE 0-3)   7
DPTR FM NORMAL  -202    PTCLDY (SCALE 4-7)  11
TOTAL FM JUL 1  6071    CLOUDY (SCALE 8-10)  2
DPTR FM NORMAL -1605

[CDD (BASE 65) ]
TOTAL THIS MO.     0
DPTR FM NORMAL     0    [PRESSURE DATA]
TOTAL FM JAN 1     0    HIGHEST SLP M ON M
DPTR FM NORMAL     0    LOWEST  SLP 29.18 ON 14

[REMARKS]
