000
CXUS52 KMLB 300627
CF6MCO
PRELIMINARY LOCAL CLIMATOLOGICAL DATA (WS FORM: F-6)

                                          STATION:   ORLANDO INTL
                                          MONTH:     MAY
                                          YEAR:      2016
                                          LATITUDE:   28 25 N
                                          LONGITUDE:  81 19 W

  TEMPERATURE IN F:       :PCPN:    SNOW:  WIND      :SUNSHINE: SKY     :PK WND
================================================================================
1   2   3   4   5  6A  6B    7    8   9   10  11  12  13   14  15   16   17  18
                                     12Z  AVG MX 2MIN
DY MAX MIN AVG DEP HDD CDD  WTR  SNW DPTH SPD SPD DIR MIN PSBL S-S WX    SPD DR
================================================================================

 1  89  68  79   5   0  14 0.00  0.0    0  8.2 17 110   M    M   6        22 100
 2  92  70  81   7   0  16 1.66  0.0    0  7.7 22 100   M    M   5 13     25 110
 3  90  71  81   6   0  16 0.21  0.0    0  8.0 30 240   M    M   7        39 240
 4  75  67  71  -4   0   6 0.77  0.0    0  9.0 18 180   M    M   9 13     23 180
 5  82  58  70  -5   0   5 0.00  0.0    0 12.9 29 280   M    M   1        37 260
 6  78  53  66  -9   0   1 0.00  0.0    0  9.2 21 280   M    M   2        28 280
 7  81  56  69  -6   0   4 0.00  0.0    0  5.8 16 350   M    M   1        23 330
 8  86  56  71  -5   0   6 0.00  0.0    0  4.5 12 160   M    M   0        15 150
 9  86  59  73  -3   0   8 0.00  0.0    0  6.6 18 110   M    M   1        23 100
10  88  65  77   1   0  12 0.00  0.0    0  7.0 18 100   M    M   7        22 100
11  88  68  78   2   0  13 0.00  0.0    0  5.1 17  80   M    M   6        21  80
12  87  68  78   2   0  13 0.00  0.0    0  2.9 16 130   M    M   7        21 120
13  91  67  79   2   0  14 0.00  0.0    0  6.4 17 290   M    M   4        23 280
14  91  66  79   2   0  14 0.00  0.0    0  6.7 17 260   M    M   3 3      23 240
15  91  62  77   0   0  12 0.00  0.0    0  5.2 18  70   M    M   5        22  50
16  92  66  79   2   0  14 0.06  0.0    0  7.7 23  70   M    M   7        27  80
17  89  69  79   1   0  14 1.91  0.0    0  9.6 28 170   M    M   9 13     33 240
18  90  69  80   2   0  15 0.00  0.0    0  7.8 20 110   M    M   8 1      24 110
19  89  71  80   2   0  15 0.10  0.0    0  6.6 30 200   M    M   8 13     36 210
20  88  70  79   1   0  14    T  0.0    0  5.3 29 320   M    M   7 38     37 310
21  91  72  82   4   0  17 0.02  0.0    0  6.9 18 280   M    M   6        23 270
22  90  71  81   3   0  16 0.00  0.0    0 10.7 23 300   M    M   6        30 280
23  89  68  79   0   0  14 0.00  0.0    0  5.1 17  70   M    M   5        21  70
24  88  70  79   0   0  14 0.00  0.0    0  9.6 26  90   M    M   4 3      32 100
25  89  68  79   0   0  14 0.00  0.0    0  8.3 18 100   M    M   3        23 120
26  87  64  76  -3   0  11 0.00  0.0    0  9.1 20  70   M    M   3        24  80
27  88  70  79   0   0  14    T  0.0    0  8.8 18  90   M    M   5        22  70
28  93  70  82   2   0  17 0.00  0.0    0  6.8 18  60   M    M   3        23  40
29  94  71  83   3   0  18 0.35  0.0    0  4.7 17 140   M    M   5 13     21 130
================================================================================
SM 2552 1923         0 361  5.08     0.0 212.2          M      143
================================================================================
AV 88.0 66.3                               7.3 FASTST   M    M   5    MAX(MPH)
                                 MISC ---->  # 30 240               # 39  240
================================================================================
NOTES:
# LAST OF SEVERAL OCCURRENCES

COLUMN 17 PEAK WIND IN M.P.H.

PRELIMINARY LOCAL CLIMATOLOGICAL DATA (WS FORM: F-6) , PAGE 2

                                          STATION:  ORLANDO INTL
                                          MONTH:    MAY
                                          YEAR:     2016
                                          LATITUDE:   28 25 N
                                          LONGITUDE:  81 19 W

[TEMPERATURE DATA]      [PRECIPITATION DATA]       SYMBOLS USED IN COLUMN 16

AVERAGE MONTHLY: 77.2   TOTAL FOR MONTH:   5.08    1 = FOG OR MIST
DPTR FM NORMAL:   0.1   DPTR FM NORMAL:    2.00    2 = FOG REDUCING VISIBILITY
HIGHEST:    94 ON 29    GRTST 24HR  1.91 ON 17-17      TO 1/4 MILE OR LESS
LOWEST:     53 ON  6                               3 = THUNDER
                        SNOW, ICE PELLETS, HAIL    4 = ICE PELLETS
                        TOTAL MONTH:   0.0 INCH    5 = HAIL
                        GRTST 24HR     0.0         6 = FREEZING RAIN OR DRIZZLE
                        GRTST DEPTH:   0           7 = DUSTSTORM OR SANDSTORM:
                                                       VSBY 1/2 MILE OR LESS
                                                   8 = SMOKE OR HAZE
[NO. OF DAYS WITH]      [WEATHER - DAYS WITH]      9 = BLOWING SNOW
                                                   X = TORNADO
MAX 32 OR BELOW:   0    0.01 INCH OR MORE:   8
MAX 90 OR ABOVE:  11    0.10 INCH OR MORE:   6
MIN 32 OR BELOW:   0    0.50 INCH OR MORE:   3
MIN  0 OR BELOW:   0    1.00 INCH OR MORE:   2

[HDD (BASE 65) ]
TOTAL THIS MO.     0    CLEAR  (SCALE 0-3)   7
DPTR FM NORMAL     0    PTCLDY (SCALE 4-7)  20
TOTAL FM JUL 1   370    CLOUDY (SCALE 8-10)  2
DPTR FM NORMAL  -200

[CDD (BASE 65) ]
TOTAL THIS MO.   361
DPTR FM NORMAL    10    [PRESSURE DATA]
TOTAL FM JAN 1   882    HIGHEST SLP M ON M
DPTR FM NORMAL   110    LOWEST  SLP 29.64 ON  4

[REMARKS]
