000
CXUS53 KPAH 182302
CF6MDH
PRELIMINARY LOCAL CLIMATOLOGICAL DATA (WS FORM: F-6)

                                          STATION:   CARBONDALE IL
                                          MONTH:     DECEMBER
                                          YEAR:      2014
                                          LATITUDE:   37 46 N
                                          LONGITUDE:  89 15 W

  TEMPERATURE IN F:       :PCPN:    SNOW:  WIND      :SUNSHINE: SKY     :PK WND
================================================================================
1   2   3   4   5  6A  6B    7    8   9   10  11  12  13   14  15   16   17  18
                                     12Z  AVG MX 2MIN
DY MAX MIN AVG DEP HDD CDD  WTR  SNW DPTH SPD SPD DIR MIN PSBL S-S WX    SPD DR
================================================================================

 1  36  28  32  -8  33   0 0.16  0.0    0 10.4 20 340   M    M  10 136    25 360
 2  34  29  32  -8  33   0 0.00  0.0    0  5.4 10 230   M    M  10 1      13 220
 3  47  32  40   1  25   0 0.00  0.0    0  2.4  7  40   M    M   4         9 230
 4  41  37  39   0  26   0 0.15    M    0  4.9 13 110   M    M  10 1      17 120
 5  53  40  47   9  18   0 0.95    M    0  4.0 17 330   M    M  10 12     22 330
 6  45  38  42   4  23   0 0.07    M    0 11.6 21 340   M    M  10 18     26 350
 7  44  35  40   2  25   0 0.00  0.0    0  5.3 13  70   M    M   5        16  80
 8  51  33  42   4  23   0 0.00  0.0    0  6.0 15 270   M    M   5 1      19 280
 9  42  34  38   1  27   0 0.00  0.0    0 10.2 20 330   M    M  10        24 340
10  37  33  35  -2  30   0 0.00  0.0    0  5.5 10 350   M    M  10        14 340
11  39  23  31  -6  34   0 0.00  0.0    0  3.0  9 350   M    M   6 1      13  10
12  51  23  37   1  28   0 0.00  0.0    0  3.1  9 190   M    M   4 1      12 190
13  51  42  47  11  18   0 0.00  0.0    0  5.8 12 200   M    M  10        14 200
14  61  47  54  18  11   0 0.00  0.0    0  7.8 16 170   M    M   8        20 150
15  55  45  50  14  15   0 0.47    M    0  9.0 23 260   M    M   9 13     28 250
16  49  33  41   5  24   0    T    M    0 11.6 20 300   M    M  10        27 310
17  39  30  35   0  30   0 0.00  0.0    0  4.4 12 310   M    M   6        16 320
================================================================================
SM  775  582       423   0  1.80     0.0 110.4          M      137
================================================================================
AV 45.6 34.2                               6.5 FASTST   M    M   8    MAX(MPH)
                                 MISC ---->  # 23 260               # 28  250
================================================================================
NOTES:
# LAST OF SEVERAL OCCURRENCES

COLUMN 17 PEAK WIND IN M.P.H.

PRELIMINARY LOCAL CLIMATOLOGICAL DATA (WS FORM: F-6) , PAGE 2

                                          STATION:  CARBONDALE IL
                                          MONTH:    DECEMBER
                                          YEAR:     2014
                                          LATITUDE:   37 46 N
                                          LONGITUDE:  89 15 W

[TEMPERATURE DATA]      [PRECIPITATION DATA]       SYMBOLS USED IN COLUMN 16

AVERAGE MONTHLY: 39.9   TOTAL FOR MONTH:   1.80    1 = FOG OR MIST
DPTR FM NORMAL:   2.5   DPTR FM NORMAL:   -0.27    2 = FOG REDUCING VISIBILITY
HIGHEST:    61 ON 14    GRTST 24HR  1.02 ON  5- 6      TO 1/4 MILE OR LESS
LOWEST:     23 ON 12,11                            3 = THUNDER
                        SNOW, ICE PELLETS, HAIL    4 = ICE PELLETS
                        TOTAL MONTH:   0.0 INCH    5 = HAIL
                        GRTST 24HR     0.0         6 = FREEZING RAIN OR DRIZZLE
                        GRTST DEPTH:   0           7 = DUSTSTORM OR SANDSTORM:
                                                       VSBY 1/2 MILE OR LESS
                                                   8 = SMOKE OR HAZE
[NO. OF DAYS WITH]      [WEATHER - DAYS WITH]      9 = BLOWING SNOW
                                                   X = TORNADO
MAX 32 OR BELOW:   0    0.01 INCH OR MORE:   5
MAX 90 OR ABOVE:   0    0.10 INCH OR MORE:   4
MIN 32 OR BELOW:   6    0.50 INCH OR MORE:   1
MIN  0 OR BELOW:   0    1.00 INCH OR MORE:   0

[HDD (BASE 65) ]
TOTAL THIS MO.   423    CLEAR  (SCALE 0-3)   0
DPTR FM NORMAL   -46    PTCLDY (SCALE 4-7)   7
TOTAL FM JUL 1  1508    CLOUDY (SCALE 8-10) 10
DPTR FM NORMAL   177

[CDD (BASE 65) ]
TOTAL THIS MO.     0
DPTR FM NORMAL     0    [PRESSURE DATA]
TOTAL FM JAN 1  1285    HIGHEST SLP M ON M
DPTR FM NORMAL   -86    LOWEST  SLP 29.72 ON 15

[REMARKS]
