000
CXUS55 KCTP 311131
CF6MDT
PRELIMINARY LOCAL CLIMATOLOGICAL DATA (WS FORM: F-6)

                                          STATION:   HARRISBURG PA
                                          MONTH:     JULY
                                          YEAR:      2015
                                          LATITUDE:   40 11 N
                                          LONGITUDE:  76 46 W

  TEMPERATURE IN F:       :PCPN:    SNOW:  WIND      :SUNSHINE: SKY     :PK WND
================================================================================
1   2   3   4   5  6A  6B    7    8   9   10  11  12  13   14  15   16   17  18
                                     12Z  AVG MX 2MIN
DY MAX MIN AVG DEP HDD CDD  WTR  SNW DPTH SPD SPD DIR MIN PSBL S-S WX    SPD DR
================================================================================

 1  81  66  74  -1   0   9    T  0.0    0  6.2 18 310   M    M   5 1      26 290
 2  77  63  70  -5   0   5 0.00  0.0    0  2.3  8 310   M    M   6 18     10  20
 3  81  62  72  -4   0   7    T  0.0    0  2.5  8 130   M    M   6 18     13 130
 4  71  65  68  -8   0   3 0.27  0.0    0  2.6 12 110   M    M   9 18     16 100
 5  81  63  72  -4   0   7 0.00  0.0    0  1.6  6 150   M    M   9 128     8 290
 6  84  70  77   1   0  12 0.02  0.0    0  4.3 14 180   M    M   9 18     18 170
 7  87  71  79   3   0  14 0.06  0.0    0  4.3 14 220   M    M   6 18     19 230
 8  84  74  79   3   0  14 0.04  0.0    0  5.6 18 220   M    M   9 1      22 210
 9  86  72  79   3   0  14 0.34  0.0    0  6.8 30 250   M    M   8 3      48 260
10  83  67  75  -1   0  10 0.00  0.0    0  9.0 20 260   M    M   5        20 310
11  85  67  76   0   0  11 0.00  0.0    0  4.0 13 340   M    M   5        17 330
12  86  66  76   0   0  11 0.00  0.0    0  2.8 10 320   M    M   6        15 290
13  83  66  75  -1   0  10    T  0.0    0  3.6 13 110   M    M   7 8      17 120
14  87  71  79   3   0  14 1.04  0.0    0  4.7 12 180   M    M   8 138    17 200
15  79  61  70  -6   0   5 0.07  0.0    0  8.3 20 360   M    M   7 1      40 250
16  80  58  69  -7   0   4 0.00  0.0    0  3.8 10 310   M    M   2        14 340
17  79  62  71  -5   0   6 0.00  0.0    0  6.0 15 160   M    M   8 18     19 160
18  88  71  80   4   0  15 0.36  0.0    0  4.6 20 210   M    M   8 138    26 210
19  93  71  82   6   0  17 0.00  0.0    0  3.4 17 320   M    M   6 18     22 310
20  90  76  83   7   0  18 0.00  0.0    0  7.5 18 310   M    M   7        23 330
21  88  72  80   4   0  15    T  0.0    0  4.2 25 310   M    M   6        33 310
22  83  66  75  -1   0  10 0.00  0.0    0 10.1 21 310   M    M   3        27 300
23  81  63  72  -4   0   7 0.00  0.0    0  6.4 15 310   M    M   3        19 350
24  84  64  74  -2   0   9 0.00  0.0    0  5.6 15 300   M    M   4        19 360
25  88  64  76   0   0  11 0.00  0.0    0  3.9 12 210   M    M   5        15 210
26  89  70  80   4   0  15 0.19  0.0    0  5.1 13 310   M    M   6 13     18 200
27  86  70  78   2   0  13 0.21  0.0    0  2.3  8 160   M    M   7 18     11 180
28  91  72  82   6   0  17 0.00  0.0    0  1.1  6  90   M    M   5 128     9  90
29  91  71  81   5   0  16 0.00  0.0    0  4.7 12 180   M    M   5 18     15 170
30  88  73  81   5   0  16 0.09  0.0    0  5.4 22 220   M    M   7 138    27 220
================================================================================
SM 2534 2027         0 335  2.69     0.0 142.7          M      187
================================================================================
AV 84.5 67.6                               4.8 FASTST   M    M   6    MAX(MPH)
                                 MISC ---->  # 30 250               # 48  260
================================================================================
NOTES:
# LAST OF SEVERAL OCCURRENCES

COLUMN 17 PEAK WIND IN M.P.H.

PRELIMINARY LOCAL CLIMATOLOGICAL DATA (WS FORM: F-6) , PAGE 2

                                          STATION:  HARRISBURG PA
                                          MONTH:    JULY
                                          YEAR:     2015
                                          LATITUDE:   40 11 N
                                          LONGITUDE:  76 46 W

[TEMPERATURE DATA]      [PRECIPITATION DATA]       SYMBOLS USED IN COLUMN 16

AVERAGE MONTHLY: 76.0   TOTAL FOR MONTH:   2.69    1 = FOG OR MIST
DPTR FM NORMAL:   0.1   DPTR FM NORMAL:   -1.78    2 = FOG REDUCING VISIBILITY
HIGHEST:    93 ON 19    GRTST 24HR  1.06 ON 14-15      TO 1/4 MILE OR LESS
LOWEST:     58 ON 16                               3 = THUNDER
                        SNOW, ICE PELLETS, HAIL    4 = ICE PELLETS
                        TOTAL MONTH:   0.0 INCH    5 = HAIL
                        GRTST 24HR     0.0         6 = FREEZING RAIN OR DRIZZLE
                        GRTST DEPTH:   0           7 = DUSTSTORM OR SANDSTORM:
                                                       VSBY 1/2 MILE OR LESS
                                                   8 = SMOKE OR HAZE
[NO. OF DAYS WITH]      [WEATHER - DAYS WITH]      9 = BLOWING SNOW
                                                   X = TORNADO
MAX 32 OR BELOW:   0    0.01 INCH OR MORE:  11
MAX 90 OR ABOVE:   4    0.10 INCH OR MORE:   6
MIN 32 OR BELOW:   0    0.50 INCH OR MORE:   1
MIN  0 OR BELOW:   0    1.00 INCH OR MORE:   1

[HDD (BASE 65) ]
TOTAL THIS MO.     0    CLEAR  (SCALE 0-3)   2
DPTR FM NORMAL     0    PTCLDY (SCALE 4-7)  22
TOTAL FM JUL 1     0    CLOUDY (SCALE 8-10)  6
DPTR FM NORMAL     0

[CDD (BASE 65) ]
TOTAL THIS MO.   335
DPTR FM NORMAL     7    [PRESSURE DATA]
TOTAL FM JAN 1   770    HIGHEST SLP M ON M
DPTR FM NORMAL   164    LOWEST  SLP 29.48 ON 14

[REMARKS]
