000
CXUS53 KARX 180930
CF6MDZ
PRELIMINARY LOCAL CLIMATOLOGICAL DATA (WS FORM: F-6)

                                          STATION:   MEDFORD WI
                                          MONTH:     DECEMBER
                                          YEAR:      2014
                                          LATITUDE:   45  5 N
                                          LONGITUDE:  90 18 W

  TEMPERATURE IN F:       :PCPN:    SNOW:  WIND      :SUNSHINE: SKY     :PK WND
================================================================================
1   2   3   4   5  6A  6B    7    8   9   10  11  12  13   14  15   16   17  18
                                     12Z  AVG MX 2MIN
DY MAX MIN AVG DEP HDD CDD  WTR  SNW DPTH SPD SPD DIR MIN PSBL S-S WX    SPD DR
================================================================================

 1   5  -6   0   M  65   0 0.00  0.0    M  6.8 14 340   M    M   0        16 260
 2  21  -2  10   M  55   0    M    M    M 10.5 20 170   M    M   7        23 170
 3  19   4  12   M  53   0    M    M    M  8.9 15 280   M    M   2        24 280
 4  22   1  12   M  53   0 0.00  0.0    M  5.4 10 150   M    M   7         M  M
 5  29  19  24   M  41   0 0.00  0.0    M  5.9  9 340   M    M  10 1       M  M
 6  32  11  22   M  43   0 0.00  0.0    M  2.6  7  70   M    M   1 128     M  M
 7  30  13  22   M  43   0 0.00  0.0    M  9.7 15 160   M    M   6 1      22 150
 8  32  25  29   M  36   0    M    M    M  8.9 15 330   M    M  10 12      M  M
 9  28  19  24   M  41   0 0.00  0.0    M  7.9 13 330   M    M  10 1       M  M
10  19  18  19   M  46   0 0.00  0.0    M  0.9  5 240   M    M  10 128     M  M
11   M   M   M   M   M   M 0.00  0.0    M  5.2  9 260   M    M  10 128     M  M
12   M   M   M   M   M   M 0.00  0.0    M  4.2  6 230   M    M  10 12      M  M
13  38  32  35   M  30   0 0.00  0.0    M  5.0 10 250   M    M  10 12      M  M
14  41  35  38   M  27   0 0.00  0.0    0  4.6  7 150   M    M  10 2       M  M
15  41  38  40   M  25   0 0.16  0.0    M  4.8  7 150   M    M  10 2       M  M
16  38  20  29   M  36   0 0.22    M    M 12.4 18 330   M    M  10        23 330
17  21  15  18   M  47   0    M    M    M  8.1 13 310   M    M   9        18 310
================================================================================
SM  416  242       641   0  0.38     0.0 111.8          M      132
================================================================================
AV 27.7 16.1                               6.6 FASTST   M    M   8    MAX(MPH)
                                 MISC ---->    20   M                 24    M
================================================================================
NOTES:
# LAST OF SEVERAL OCCURRENCES

COLUMN 17 PEAK WIND IN M.P.H.

PRELIMINARY LOCAL CLIMATOLOGICAL DATA (WS FORM: F-6) , PAGE 2

                                          STATION:  MEDFORD WI
                                          MONTH:    DECEMBER
                                          YEAR:     2014
                                          LATITUDE:   45  5 N
                                          LONGITUDE:  90 18 W

[TEMPERATURE DATA]      [PRECIPITATION DATA]       SYMBOLS USED IN COLUMN 16

AVERAGE MONTHLY: 21.9   TOTAL FOR MONTH:   0.38    1 = FOG OR MIST
DPTR FM NORMAL:     M   DPTR FM NORMAL:       M    2 = FOG REDUCING VISIBILITY
HIGHEST:    41 ON 15,14 GRTST 24HR  0.22 ON 16-16      TO 1/4 MILE OR LESS
LOWEST:     -6 ON  1                               3 = THUNDER
                        SNOW, ICE PELLETS, HAIL    4 = ICE PELLETS
                        TOTAL MONTH:   0.0 INCH    5 = HAIL
                        GRTST 24HR     0.0         6 = FREEZING RAIN OR DRIZZLE
                        GRTST DEPTH:   0           7 = DUSTSTORM OR SANDSTORM:
                                                       VSBY 1/2 MILE OR LESS
                                                   8 = SMOKE OR HAZE
[NO. OF DAYS WITH]      [WEATHER - DAYS WITH]      9 = BLOWING SNOW
                                                   X = TORNADO
MAX 32 OR BELOW:  11    0.01 INCH OR MORE:   2
MAX 90 OR ABOVE:   0    0.10 INCH OR MORE:   2
MIN 32 OR BELOW:  13    0.50 INCH OR MORE:   0
MIN  0 OR BELOW:   2    1.00 INCH OR MORE:   0

[HDD (BASE 65) ]
TOTAL THIS MO.   641    CLEAR  (SCALE 0-3)   3
DPTR FM NORMAL     M    PTCLDY (SCALE 4-7)   3
TOTAL FM JUL 1  2949    CLOUDY (SCALE 8-10) 11
DPTR FM NORMAL     M

[CDD (BASE 65) ]
TOTAL THIS MO.     0
DPTR FM NORMAL     M    [PRESSURE DATA]
TOTAL FM JAN 1   157    HIGHEST SLP M ON M
DPTR FM NORMAL     M    LOWEST  SLP M ON M

[REMARKS]
