000
CXUS54 KMEG 300637
CF6MEM
PRELIMINARY LOCAL CLIMATOLOGICAL DATA (WS FORM: F-6)

                                          STATION:   MEMPHIS
                                          MONTH:     APRIL
                                          YEAR:      2016
                                          LATITUDE:   35  3 N
                                          LONGITUDE:  89 59 W

  TEMPERATURE IN F:       :PCPN:    SNOW:  WIND      :SUNSHINE: SKY     :PK WND
================================================================================
1   2   3   4   5  6A  6B    7    8   9   10  11  12  13   14  15   16   17  18
                                     12Z  AVG MX 2MIN
DY MAX MIN AVG DEP HDD CDD  WTR  SNW DPTH SPD SPD DIR MIN PSBL S-S WX    SPD DR
================================================================================

 1  62  50  56  -3   9   0 0.00  0.0    0  8.4 16 320   M    M   7        20 320
 2  64  43  54  -5  11   0 0.00  0.0    0  8.7 18 290   M    M   0        24 290
 3  72  45  59   0   6   0 0.00  0.0    0  6.0 15 180   M    M   0        22 230
 4  80  52  66   6   0   1 0.00  0.0    0  8.1 18 260   M    M   0        24 250
 5  71  50  61   1   4   0 0.00  0.0    0  9.7 22  80   M    M   1        28  70
 6  72  50  61   1   4   0 0.36  0.0    0 11.4 30 260   M    M   7 138    45 250
 7  75  48  62   2   3   0 0.00  0.0    0  9.1 26  40   M    M   3        32  30
 8  66  45  56  -5   9   0 0.00  0.0    0 10.8 28 300   M    M   3        36 300
 9  64  46  55  -6  10   0 0.00  0.0    0  6.5 18  70   M    M   2        23  50
10  81  53  67   6   0   2 0.01  0.0    0 15.9 32 180   M    M   7        41 200
11  70  54  62   0   3   0 1.18  0.0    0 12.1 23 180   M    M  10 13     30 190
12  67  49  58  -4   7   0 0.00  0.0    0 11.3 23  50   M    M   3        30  40
13  65  50  58  -4   7   0 0.02  0.0    0  5.7 13  40   M    M   9        17 300
14  71  49  60  -2   5   0 0.50  0.0    0  5.6 20 110   M    M   8 138    23 110
15  66  60  63   0   2   0    T  0.0    0 10.6 17 110   M    M   9        23 110
16  75  61  68   5   0   3 0.00  0.0    0  9.3 17 120   M    M   7        22 130
17  81  58  70   7   0   5 0.00  0.0    0  8.5 20 140   M    M   4        26 140
18  79  56  68   4   0   3 0.00  0.0    0  5.9 14 150   M    M   7        20 150
19  70  63  67   3   0   2 0.09  0.0    0  4.8 10  60   M    M   9 1      15  90
20  77  63  70   6   0   5 0.99  0.0    0  8.4 18 180   M    M   8 1      23 180
21  78  63  71   6   0   6 0.65  0.0    0  6.5 15 230   M    M   7 18     21 240
22  78  58  68   3   0   3 0.00  0.0    0  6.9 18 320   M    M   2        24 320
23  80  55  68   3   0   3 0.00  0.0    0  3.8 14  10   M    M   1        16  40
24  82  58  70   4   0   5 0.00  0.0    0  6.6 17 180   M    M   3        22 190
25  81  61  71   5   0   6 0.00  0.0    0  8.6 15 190   M    M   4        28 200
26  85  66  76  10   0  11    T  0.0    0  8.2 16 180   M    M   5        26 210
27  78  69  74   8   0   9    T  0.0    0 10.5 29 160   M    M   7        37 150
28  85  65  75   8   0  10 0.00  0.0    0  4.6 14 200   M    M   2        21 230
29  72  61  67   0   0   2 1.58  0.0    0  9.4 22 300   M    M   9 13     30 330
================================================================================
SM 2147 1601        80  76  5.38     0.0 241.9          M      144
================================================================================
AV 74.0 55.2                               8.3 FASTST   M    M   5    MAX(MPH)
                                 MISC ---->  # 32 180               # 45  250
================================================================================
NOTES:
# LAST OF SEVERAL OCCURRENCES

COLUMN 17 PEAK WIND IN M.P.H.

PRELIMINARY LOCAL CLIMATOLOGICAL DATA (WS FORM: F-6) , PAGE 2

                                          STATION:  MEMPHIS
                                          MONTH:    APRIL
                                          YEAR:     2016
                                          LATITUDE:   35  3 N
                                          LONGITUDE:  89 59 W

[TEMPERATURE DATA]      [PRECIPITATION DATA]       SYMBOLS USED IN COLUMN 16

AVERAGE MONTHLY: 64.6   TOTAL FOR MONTH:   5.38    1 = FOG OR MIST
DPTR FM NORMAL:   1.8   DPTR FM NORMAL:    0.07    2 = FOG REDUCING VISIBILITY
HIGHEST:    85 ON 28,26 GRTST 24HR  1.58 ON 29-29      TO 1/4 MILE OR LESS
LOWEST:     43 ON  2                               3 = THUNDER
                        SNOW, ICE PELLETS, HAIL    4 = ICE PELLETS
                        TOTAL MONTH:   0.0 INCH    5 = HAIL
                        GRTST 24HR     0.0         6 = FREEZING RAIN OR DRIZZLE
                        GRTST DEPTH:   0           7 = DUSTSTORM OR SANDSTORM:
                                                       VSBY 1/2 MILE OR LESS
                                                   8 = SMOKE OR HAZE
[NO. OF DAYS WITH]      [WEATHER - DAYS WITH]      9 = BLOWING SNOW
                                                   X = TORNADO
MAX 32 OR BELOW:   0    0.01 INCH OR MORE:   9
MAX 90 OR ABOVE:   0    0.10 INCH OR MORE:   6
MIN 32 OR BELOW:   0    0.50 INCH OR MORE:   5
MIN  0 OR BELOW:   0    1.00 INCH OR MORE:   2

[HDD (BASE 65) ]
TOTAL THIS MO.    80    CLEAR  (SCALE 0-3)  11
DPTR FM NORMAL   -55    PTCLDY (SCALE 4-7)  12
TOTAL FM JUL 1  2164    CLOUDY (SCALE 8-10)  6
DPTR FM NORMAL  -779

[CDD (BASE 65) ]
TOTAL THIS MO.    76
DPTR FM NORMAL     4    [PRESSURE DATA]
TOTAL FM JAN 1   100    HIGHEST SLP M ON M
DPTR FM NORMAL     8    LOWEST  SLP 29.62 ON 27

[REMARKS]
