000
CXUS54 KMEG 290637
CF6MEM
PRELIMINARY LOCAL CLIMATOLOGICAL DATA (WS FORM: F-6)

                                          STATION:   MEMPHIS
                                          MONTH:     JUNE
                                          YEAR:      2015
                                          LATITUDE:   35  3 N
                                          LONGITUDE:  89 59 W

  TEMPERATURE IN F:       :PCPN:    SNOW:  WIND      :SUNSHINE: SKY     :PK WND
================================================================================
1   2   3   4   5  6A  6B    7    8   9   10  11  12  13   14  15   16   17  18
                                     12Z  AVG MX 2MIN
DY MAX MIN AVG DEP HDD CDD  WTR  SNW DPTH SPD SPD DIR MIN PSBL S-S WX    SPD DR
================================================================================

 1  76  63  70  -6   0   5 0.00  0.0    0  7.6 13  20   M    M   8 18     16  20
 2  76  60  68  -8   0   3 0.00  0.0    0  7.0 12 310   M    M   6 18     17  60
 3  79  61  70  -7   0   5 0.00  0.0    0  4.3 13  30   M    M   5 1      16  30
 4  86  60  73  -4   0   8 0.00  0.0    0  3.3 13  30   M    M   3        21  30
 5  91  66  79   2   0  14 0.71  0.0    0  2.4 32 330   M    M   5 13     41 330
 6  89  70  80   2   0  15    T  0.0    0  2.2  9 310   M    M   7        13 330
 7  91  73  82   4   0  17 0.00  0.0    0  5.6 14 170   M    M   2        21 250
 8  93  74  84   6   0  19 0.22  0.0    0  9.2 22  20   M    M   6 138    29  30
 9  92  70  81   3   0  16 0.00  0.0    0  3.9  9 220   M    M   5        13 160
10  93  73  83   4   0  18 0.00  0.0    0  3.7 10 160   M    M   3        16 170
11  91  74  83   4   0  18 0.00  0.0    0  9.1 17 160   M    M   4        23 220
12  92  74  83   4   0  18    T  0.0    0 10.7 18 210   M    M   4        26 190
13  91  73  82   3   0  17 0.10  0.0    0 11.1 24 180   M    M   6 1      31 160
14  91  74  83   3   0  18 0.23  0.0    0  9.0 17 210   M    M   7 13     24 230
15  92  73  83   3   0  18 0.00  0.0    0  8.4 16 190   M    M   5        22 210
16  93  77  85   5   0  20 0.00  0.0    0  7.0 12 190   M    M   5        21 210
17  94  76  85   5   0  20 0.00  0.0    0  6.3 17 180   M    M   7        21 190
18  89  77  83   3   0  18 0.00  0.0    0  9.0 18 180   M    M   8        29 230
19  88  74  81   0   0  16 0.86  0.0    0 11.9 28 250   M    M   8 138    37 260
20  94  73  84   3   0  19    T  0.0    0  7.1 14 260   M    M   5 3      24 250
21  90  76  83   2   0  18 0.00  0.0    0  6.1 14 280   M    M   6        28 280
22  93  78  86   5   0  21 0.00  0.0    0  6.9 17 220   M    M   7 3      25 160
23  95  78  87   6   0  22    T  0.0    0  7.2 17 110   M    M   5        23 110
24  98  74  86   5   0  21 0.18  0.0    0  5.5 18  90   M    M   6 3      22  80
25  95  73  84   2   0  19 0.00  0.0    0  5.3 13 230   M    M   2        26 230
26  94  75  85   3   0  20 0.10  0.0    0  7.0 24 290   M    M   4 3      31 290
27  84  71  78  -4   0  13    T  0.0    0  7.2 18  10   M    M   7        24  10
28  88  66  77  -5   0  12 0.00  0.0    0  5.0 12 250   M    M   3        18 260
================================================================================
SM 2518 2006         0 448  2.40     0.0 189.0          M      149
================================================================================
AV 89.9 71.6                               6.8 FASTST   M    M   5    MAX(MPH)
                                 MISC ---->  # 32 330               # 41  330
================================================================================
NOTES:
# LAST OF SEVERAL OCCURRENCES

COLUMN 17 PEAK WIND IN M.P.H.

PRELIMINARY LOCAL CLIMATOLOGICAL DATA (WS FORM: F-6) , PAGE 2

                                          STATION:  MEMPHIS
                                          MONTH:    JUNE
                                          YEAR:     2015
                                          LATITUDE:   35  3 N
                                          LONGITUDE:  89 59 W

[TEMPERATURE DATA]      [PRECIPITATION DATA]       SYMBOLS USED IN COLUMN 16

AVERAGE MONTHLY: 80.8   TOTAL FOR MONTH:   2.40    1 = FOG OR MIST
DPTR FM NORMAL:   1.3   DPTR FM NORMAL:   -0.99    2 = FOG REDUCING VISIBILITY
HIGHEST:    98 ON 24    GRTST 24HR  1.84 ON 31- 1      TO 1/4 MILE OR LESS
LOWEST:     60 ON  4, 2                            3 = THUNDER
                        SNOW, ICE PELLETS, HAIL    4 = ICE PELLETS
                        TOTAL MONTH:   0.0 INCH    5 = HAIL
                        GRTST 24HR     0.0         6 = FREEZING RAIN OR DRIZZLE
                        GRTST DEPTH:   0           7 = DUSTSTORM OR SANDSTORM:
                                                       VSBY 1/2 MILE OR LESS
                                                   8 = SMOKE OR HAZE
[NO. OF DAYS WITH]      [WEATHER - DAYS WITH]      9 = BLOWING SNOW
                                                   X = TORNADO
MAX 32 OR BELOW:   0    0.01 INCH OR MORE:   7
MAX 90 OR ABOVE:  19    0.10 INCH OR MORE:   7
MIN 32 OR BELOW:   0    0.50 INCH OR MORE:   2
MIN  0 OR BELOW:   0    1.00 INCH OR MORE:   0

[HDD (BASE 65) ]
TOTAL THIS MO.     0    CLEAR  (SCALE 0-3)   5
DPTR FM NORMAL     0    PTCLDY (SCALE 4-7)  23
TOTAL FM JUL 1  3184    CLOUDY (SCALE 8-10)  0
DPTR FM NORMAL   220

[CDD (BASE 65) ]
TOTAL THIS MO.   448
DPTR FM NORMAL    42    [PRESSURE DATA]
TOTAL FM JAN 1   802    HIGHEST SLP M ON M
DPTR FM NORMAL    75    LOWEST  SLP 29.80 ON 10

[REMARKS]
