000
CXUS54 KLZK 251243
CF6MEZ
PRELIMINARY LOCAL CLIMATOLOGICAL DATA (WS FORM: F-6)

                                          STATION:   Mena Airport
                                          MONTH:     MAY
                                          YEAR:      2015
                                          LATITUDE:   34  9 N
                                          LONGITUDE:  94 15 W

  TEMPERATURE IN F:       :PCPN:    SNOW:  WIND      :SUNSHINE: SKY     :PK WND
================================================================================
1   2   3   4   5  6A  6B    7    8   9   10  11  12  13   14  15   16   17  18
                                     12Z  AVG MX 2MIN
DY MAX MIN AVG DEP HDD CDD  WTR  SNW DPTH SPD SPD DIR MIN PSBL S-S WX    SPD DR
================================================================================

 1  79  45  62  -1   3   0 0.00  0.0    0  1.7  9  80   M    M   0         M  M
 2  79  45  62  -1   3   0 0.00  0.0    0  1.2  6 180   M    M   0         M  M
 3  81  52  67   4   0   2 0.00  0.0    0  2.9 10 230   M    M   2        17 200
 4  81  59  70   6   0   5 0.00  0.0    0  3.4  8 190   M    M   2         M  M
 5  82  57  70   6   0   5 0.01  0.0    0  5.8 12 110   M    M   6        21 110
 6  81  70  76  12   0  11 0.01  0.0    0  5.0  9 140   M    M   7        21 140
 7  82  66  74  10   0   9 0.16  0.0    0  3.5  8 260   M    M   7 3       M  M
 8  81  64  73   8   0   8 3.19  0.0    0  2.6 10 170   M    M   8 3      22 170
 9  77  64  71   6   0   6 2.04  0.0    0  2.8 10  70   M    M   8 3       M  M
10  77  64  71   6   0   6 0.43  0.0    0  3.1 10 130   M    M   8 3       M  M
11  77  54  66   0   0   1 0.29  0.0    0  3.5 12 310   M    M   5         M  M
12  72  52  62  -4   3   0 0.22  0.0    0  1.8  8  60   M    M   0         M  M
13  70  55  63  -3   2   0 0.21  0.0    0  5.8 14  70   M    M   9        16  90
14  82  59  71   5   0   6 0.20  0.0    0  1.6  6 220   M    M   5         M  M
15  81  72  77  10   0  12 0.06  0.0    0  1.8  8 180   M    M   6         M  M
16  86  72  79  12   0  14 0.03  0.0    0  5.4  9 150   M    M   7        23 150
17  81  66  74   7   0   9 0.07  0.0    0  3.1  9 150   M    M   6 3      25 180
18  84  63  74   7   0   9 0.02  0.0    0  1.8  7 120   M    M   4        16 120
19  81  61  71   3   0   6 0.01  0.0    0  3.3 12  80   M    M   7 3      17  80
20  81  61  71   3   0   6    M  0.0    0  5.5 18 270   M    M   8 3      25 270
21  68  52  60  -8   5   0 0.00  0.0    0  5.8 10  60   M    M   7 3      16  60
22  70  52  61  -7   4   0 0.00  0.0    0  3.5 10  80   M    M   6        16  80
23  81  59  70   1   0   5 0.00  0.0    0  5.1 12 100   M    M   9        17 100
24  77  70  74   5   0   9 0.00  0.0    0  6.3 14 150   M    M  10 3      28 150
================================================================================
SM 1891 1434        20 129  6.95     0.0  86.3          M      137
================================================================================
AV 78.8 59.8                               3.6 FASTST   M    M   6    MAX(MPH)
                                 MISC ---->    18   M                 28    M
================================================================================
NOTES:
# LAST OF SEVERAL OCCURRENCES

COLUMN 17 PEAK WIND IN M.P.H.

PRELIMINARY LOCAL CLIMATOLOGICAL DATA (WS FORM: F-6) , PAGE 2

                                          STATION:  Mena Airport
                                          MONTH:    MAY
                                          YEAR:     2015
                                          LATITUDE:   34  9 N
                                          LONGITUDE:  94 15 W

[TEMPERATURE DATA]      [PRECIPITATION DATA]       SYMBOLS USED IN COLUMN 16

AVERAGE MONTHLY: 69.3   TOTAL FOR MONTH:   6.95    1 = FOG OR MIST
DPTR FM NORMAL:   3.4   DPTR FM NORMAL:    1.55    2 = FOG REDUCING VISIBILITY
HIGHEST:    86 ON 16    GRTST 24HR  3.19 ON  8- 8      TO 1/4 MILE OR LESS
LOWEST:     45 ON  2, 1                            3 = THUNDER
                        SNOW, ICE PELLETS, HAIL    4 = ICE PELLETS
                        TOTAL MONTH:   0.0 INCH    5 = HAIL
                        GRTST 24HR     0.0         6 = FREEZING RAIN OR DRIZZLE
                        GRTST DEPTH:   0           7 = DUSTSTORM OR SANDSTORM:
                                                       VSBY 1/2 MILE OR LESS
                                                   8 = SMOKE OR HAZE
[NO. OF DAYS WITH]      [WEATHER - DAYS WITH]      9 = BLOWING SNOW
                                                   X = TORNADO
MAX 32 OR BELOW:   0    0.01 INCH OR MORE:  15
MAX 90 OR ABOVE:   0    0.10 INCH OR MORE:   8
MIN 32 OR BELOW:   0    0.50 INCH OR MORE:   2
MIN  0 OR BELOW:   0    1.00 INCH OR MORE:   2

[HDD (BASE 65) ]
TOTAL THIS MO.    20    CLEAR  (SCALE 0-3)   5
DPTR FM NORMAL   -33    PTCLDY (SCALE 4-7)  14
TOTAL FM JUL 1  3040    CLOUDY (SCALE 8-10)  5
DPTR FM NORMAL  -586

[CDD (BASE 65) ]
TOTAL THIS MO.   129
DPTR FM NORMAL    53    [PRESSURE DATA]
TOTAL FM JAN 1   221    HIGHEST SLP M ON M
DPTR FM NORMAL   113    LOWEST  SLP M ON M

[REMARKS]
