357
CXUS51 KCLE 290800
CF6MFD
PRELIMINARY LOCAL CLIMATOLOGICAL DATA (WS FORM: F-6)

                                          STATION:   MANSFIELD OH
                                          MONTH:     APRIL
                                          YEAR:      2016
                                          LATITUDE:   40 49 N
                                          LONGITUDE:  82 31 W

  TEMPERATURE IN F:       :PCPN:    SNOW:  WIND      :SUNSHINE: SKY     :PK WND
================================================================================
1   2   3   4   5  6A  6B    7    8   9   10  11  12  13   14  15   16   17  18
                                     12Z  AVG MX 2MIN
DY MAX MIN AVG DEP HDD CDD  WTR  SNW DPTH SPD SPD DIR MIN PSBL S-S WX    SPD DR
================================================================================

 1  58  42  50   7  15   0 0.12  0.0    0 11.5 24 310   M    M   6 1      37 300
 2  42  27  35  -9  30   0 0.09  0.5    0 17.3 37 240   M    M   7 138    59 240
 3  52  23  38  -6  27   0    T    T    0 16.6 35 210   M    M   4 1      50 210
 4  54  24  39  -5  26   0 0.01    T    0 13.3 30 220   M    M   7 18     43 220
 5  40  19  30 -15  35   0 0.00  0.0    0  5.4 15 350   M    M   0        19 350
 6  61  30  46   1  19   0 0.14  0.0    0 21.3 36 180   M    M   8        45 180
 7  50  31  41  -5  24   0 0.62  0.6    0 11.5 24 220   M    M  10 1      33 230
 8  39  30  35 -11  30   0 0.12  1.2    T 10.8 20 260   M    M   8 18     30 260
 9  32  17  25 -21  40   0 0.14  1.9    1 13.9 28 320   M    M   7 18     37 320
10  48  16  32 -15  33   0 0.09    T    1 14.7 25 160   M    M   8        31 160
11  54  37  46  -1  19   0 0.59  0.0    0 16.6 29 190   M    M  10 1      37 190
12  46  31  39  -9  26   0 0.00  0.0    0  8.0 16 330   M    M   2        23 350
13  52  29  41  -7  24   0 0.00  0.0    0  8.1 17 100   M    M   1        21  90
14  60  29  45  -3  20   0 0.00  0.0    0  6.7 15  20   M    M   0        19 350
15  71  38  55   6  10   0 0.00  0.0    0  7.1 14 100   M    M   0        18 100
16  73  44  59  10   6   0 0.00  0.0    0  6.3 13  60   M    M   0        17  70
17  79  46  63  14   2   0 0.00  0.0    0  4.1 16 360   M    M   0        21 350
18  80  46  63  13   2   0 0.00  0.0    0  3.5 12 270   M    M   0        14 320
19  64  48  56   6   9   0 0.00  0.0    0  8.8 17  30   M    M   1        22  20
20  73  45  59   9   6   0 0.00  0.0    0  9.7 20 100   M    M   0        23 100
21  66  56  61  10   4   0 0.19  0.0    0 10.0 22 200   M    M   9 1      31 200
22  63  42  53   2  12   0 0.07  0.0    0  9.8 22 350   M    M   9 1      30 360
23  55  40  48  -4  17   0 0.00  0.0    0  8.7 16 340   M    M   6 1      20  20
24  69  35  52   0  13   0 0.00  0.0    0  5.7 13  30   M    M   0        16 180
25  80  45  63  11   2   0 0.00  0.0    0 11.4 24 210   M    M   3        31 200
26  75  41  58   5   7   0 0.41  0.0    0 12.6 31 330   M    M   7 13     42 320
27  62  38  50  -3  15   0 0.00  0.0    0  8.6 15  20   M    M   7        19  20
28  52  43  48  -5  17   0 0.46    M    0  6.6 13  50   M    M  10 1      21  40
================================================================================
SM 1650  992       490   0  3.05     4.2 288.6          M      130
================================================================================
AV 58.9 35.4                              10.3 FASTST   M    M   5    MAX(MPH)
                                 MISC ---->  # 37 240               # 59  240
================================================================================
NOTES:
# LAST OF SEVERAL OCCURRENCES

COLUMN 17 PEAK WIND IN M.P.H.

PRELIMINARY LOCAL CLIMATOLOGICAL DATA (WS FORM: F-6) , PAGE 2

                                          STATION:  MANSFIELD OH
                                          MONTH:    APRIL
                                          YEAR:     2016
                                          LATITUDE:   40 49 N
                                          LONGITUDE:  82 31 W

[TEMPERATURE DATA]      [PRECIPITATION DATA]       SYMBOLS USED IN COLUMN 16

AVERAGE MONTHLY: 47.2   TOTAL FOR MONTH:   3.05    1 = FOG OR MIST
DPTR FM NORMAL:  -1.2   DPTR FM NORMAL:   -0.82    2 = FOG REDUCING VISIBILITY
HIGHEST:    80 ON 25,18 GRTST 24HR  0.71 ON  6- 7      TO 1/4 MILE OR LESS
LOWEST:     16 ON 10                               3 = THUNDER
                        SNOW, ICE PELLETS, HAIL    4 = ICE PELLETS
                        TOTAL MONTH:   4.2 INCHES  5 = HAIL
                        GRTST 24HR   1.9 ON   M    6 = FREEZING RAIN OR DRIZZLE
                        GRTST DEPTH:   1 ON 10, 9  7 = DUSTSTORM OR SANDSTORM:
                                                       VSBY 1/2 MILE OR LESS
                                                   8 = SMOKE OR HAZE
[NO. OF DAYS WITH]      [WEATHER - DAYS WITH]      9 = BLOWING SNOW
                                                   X = TORNADO
MAX 32 OR BELOW:   1    0.01 INCH OR MORE:  13
MAX 90 OR ABOVE:   0    0.10 INCH OR MORE:   9
MIN 32 OR BELOW:  12    0.50 INCH OR MORE:   2
MIN  0 OR BELOW:   0    1.00 INCH OR MORE:   0

[HDD (BASE 65) ]
TOTAL THIS MO.   490    CLEAR  (SCALE 0-3)  12
DPTR FM NORMAL    20    PTCLDY (SCALE 4-7)  10
TOTAL FM JUL 1  4881    CLOUDY (SCALE 8-10)  6
DPTR FM NORMAL -1079

[CDD (BASE 65) ]
TOTAL THIS MO.     0
DPTR FM NORMAL     0    [PRESSURE DATA]
TOTAL FM JAN 1     0    HIGHEST SLP M ON M
DPTR FM NORMAL    -1    LOWEST  SLP 29.39 ON  7

[REMARKS]
