000
CXUS54 KBRO 010441
CF6MFE
PRELIMINARY LOCAL CLIMATOLOGICAL DATA (WS FORM: F-6)

                                          STATION:   MCALLEN
                                          MONTH:     FEBRUARY
                                          YEAR:      2015
                                          LATITUDE:   26 10 N
                                          LONGITUDE:  98 14 W

  TEMPERATURE IN F:       :PCPN:    SNOW:  WIND      :SUNSHINE: SKY     :PK WND
================================================================================
1   2   3   4   5  6A  6B    7    8   9   10  11  12  13   14  15   16   17  18
                                     12Z  AVG MX 2MIN
DY MAX MIN AVG DEP HDD CDD  WTR  SNW DPTH SPD SPD DIR MIN PSBL S-S WX    SPD DR
================================================================================

 1  78  64  71   9   0   6    T  0.0    0  7.6 15 150   M    M   2        20 140
 2  69  47  58  -4   7   0    T    M    0 12.8 26  20   M    M   9        35  10
 3  51  47  49 -14  16   0 0.37  0.0    0  9.0 15 360   M    M  10 18     18 360
 4  65  49  57  -6   8   0 0.00  0.0    0  5.5 14 340   M    M   8 12     18 350
 5  63  49  56  -7   9   0 0.00  0.0    0  8.0 16 360   M    M  10 12     20 360
 6  62  52  57  -6   8   0 0.00  0.0    0  5.2 10  30   M    M  10        14  30
 7  76  54  65   2   0   0 0.00  0.0    0  7.0 18 150   M    M   5 18     21 150
 8  85  58  72   9   0   7 0.00  0.0    0  9.7 17 170   M    M   1 1      23 170
 9  84  53  69   5   0   4 0.00  0.0    0  7.1 16 360   M    M   0 1      20  10
10  82  51  67   3   0   2 0.00  0.0    0  7.3 16 140   M    M   2 12     23 130
11  80  57  69   5   0   4 0.00  0.0    0 12.7 22 130   M    M   5 18     28 140
12  74  58  66   2   0   1    T  0.0    0  9.8 23  40   M    M   4        29  50
13  75  56  66   2   0   1 0.00  0.0    0  6.4 14  70   M    M   8        17  50
14  78  58  68   4   0   3 0.00  0.0    0  5.9 16 130   M    M   4 128    19 130
15  77  63  70   5   0   5    T  0.0    0 12.1 25 140   M    M   4 1      32 140
16  87  52  70   5   0   5    T  0.0    0 13.9 32  10   M    M   6        42  10
17  58  42  50 -15  15   0 0.01    M    0 10.0 20 350   M    M   7        25 350
18  69  39  54 -11  11   0 0.00  0.0    0  5.5 16 110   M    M   0        20 110
19  72  48  60  -5   5   0 0.00  0.0    0 10.6 22 140   M    M   4        27 140
20  83  59  71   5   0   6 0.00  0.0    0 19.5 31 160   M    M   1        41 170
21  88  67  78  12   0  13 0.00  0.0    0 15.8 26 160   M    M   4        37 170
22  83  68  76  10   0  11    T  0.0    0 10.6 22 150   M    M   7 18     27 160
23  72  40  56 -10   9   0 0.02    M    0 15.3 25  10   M    M  10 18     31  20
24  46  39  43 -23  22   0    T    M    0  8.7 15 360   M    M  10 1      19 360
25  69  41  55 -12  10   0    T    M    0  9.8 18 340   M    M   4 1      27 320
26  75  43  59  -8   6   0 0.00  0.0    0  9.2 23  80   M    M   0 18     30  90
27  63  46  55 -12  10   0 0.02    M    0 10.4 18  20   M    M   9 18     23  10
================================================================================
SM 1964 1400       136  68  0.42     0.0 265.4          M      144
================================================================================
AV 72.7 51.9                               9.8 FASTST   M    M   5    MAX(MPH)
                                 MISC ---->  # 32  10               # 42   10
================================================================================
NOTES:
# LAST OF SEVERAL OCCURRENCES

COLUMN 17 PEAK WIND IN M.P.H.

PRELIMINARY LOCAL CLIMATOLOGICAL DATA (WS FORM: F-6) , PAGE 2

                                          STATION:  MCALLEN
                                          MONTH:    FEBRUARY
                                          YEAR:     2015
                                          LATITUDE:   26 10 N
                                          LONGITUDE:  98 14 W

[TEMPERATURE DATA]      [PRECIPITATION DATA]       SYMBOLS USED IN COLUMN 16

AVERAGE MONTHLY: 62.3   TOTAL FOR MONTH:   0.42    1 = FOG OR MIST
DPTR FM NORMAL:  -2.2   DPTR FM NORMAL:   -0.65    2 = FOG REDUCING VISIBILITY
HIGHEST:    88 ON 21    GRTST 24HR  0.37 ON  3- 3      TO 1/4 MILE OR LESS
LOWEST:     39 ON 24,18                            3 = THUNDER
                        SNOW, ICE PELLETS, HAIL    4 = ICE PELLETS
                        TOTAL MONTH:   0.0 INCH    5 = HAIL
                        GRTST 24HR     0.0         6 = FREEZING RAIN OR DRIZZLE
                        GRTST DEPTH:   0           7 = DUSTSTORM OR SANDSTORM:
                                                       VSBY 1/2 MILE OR LESS
                                                   8 = SMOKE OR HAZE
[NO. OF DAYS WITH]      [WEATHER - DAYS WITH]      9 = BLOWING SNOW
                                                   X = TORNADO
MAX 32 OR BELOW:   0    0.01 INCH OR MORE:   4
MAX 90 OR ABOVE:   0    0.10 INCH OR MORE:   1
MIN 32 OR BELOW:   0    0.50 INCH OR MORE:   0
MIN  0 OR BELOW:   0    1.00 INCH OR MORE:   0

[HDD (BASE 65) ]
TOTAL THIS MO.   136    CLEAR  (SCALE 0-3)   7
DPTR FM NORMAL    32    PTCLDY (SCALE 4-7)  12
TOTAL FM JUL 1   671    CLOUDY (SCALE 8-10)  8
DPTR FM NORMAL   140

[CDD (BASE 65) ]
TOTAL THIS MO.    68
DPTR FM NORMAL   -22    [PRESSURE DATA]
TOTAL FM JAN 1    85    HIGHEST SLP M ON M
DPTR FM NORMAL   -67    LOWEST  SLP 29.77 ON 16

[REMARKS]
#FINAL-02-15#
