000
CXUS54 KBRO 230900
CF6MFE
PRELIMINARY LOCAL CLIMATOLOGICAL DATA (WS FORM: F-6)

                                          STATION:   MCALLEN
                                          MONTH:     JANUARY
                                          YEAR:      2017
                                          LATITUDE:   26 10 N
                                          LONGITUDE:  98 14 W

  TEMPERATURE IN F:       :PCPN:    SNOW:  WIND      :SUNSHINE: SKY     :PK WND
================================================================================
1   2   3   4   5  6A  6B    7    8   9   10  11  12  13   14  15   16   17  18
                                     12Z  AVG MX 2MIN
DY MAX MIN AVG DEP HDD CDD  WTR  SNW DPTH SPD SPD DIR MIN PSBL S-S WX    SPD DR
================================================================================

 1  85  64  75  15   0  10 0.01  0.0    0  7.7 22 100   M    M   2 18     28 110
 2  93  61  77  17   0  12 0.00  0.0    0  8.3 21 340   M    M   3 128    26 340
 3  88  55  72  12   0   7 0.00  0.0    0  4.5 13  80   M    M   2 128    16  80
 4  66  54  60   0   5   0 0.00  0.0    0  8.2 17  30   M    M   8 12     22  20
 5  81  59  70  10   0   5 0.00  0.0    0  5.1 15  50   M    M   7 8      19 150
 6  70  39  55  -5  10   0 0.05  0.0    0 17.0 26 340   M    M  10 18     34 340
 7  50  32  41 -19  24   0 0.00  0.0    0 11.7 24 330   M    M   2        31 340
 8  60  35  48 -12  17   0 0.00  0.0    0  5.2 13 350   M    M   7        15 360
 9  80  42  61   1   4   0 0.00  0.0    0  8.6 24 140   M    M   1        35 140
10  88  62  75  15   0  10 0.00  0.0    0 15.0 26 150   M    M   0        36 140
11  86  65  76  16   0  11 0.00  0.0    0 19.0 32 150   M    M   1        45 150
12  86  70  78  18   0  13 0.00  0.0    0 16.4 29 150   M    M   5 8      38 150
13  87  68  78  18   0  13 0.00  0.0    0 13.3 25 130   M    M   9 1      31 130
14  79  69  74  14   0   9 0.10  0.0    0 11.4 21 120   M    M   7 1      26 140
15  86  69  78  17   0  13    T  0.0    0 17.1 33 140   M    M   2        43 150
16  82  69  76  15   0  11 0.00  0.0    0  8.1 20 150   M    M   4        27 150
17  87  70  79  18   0  14 0.00  0.0    0 12.4 25 130   M    M   6 18     30 140
18  76  60  68   7   0   3 0.11  0.0    0  8.9 15 300   M    M  10 1      22 260
19  69  61  65   4   0   0 0.50  0.0    0  4.1 12 290   M    M   7 138    15 290
20  81  64  73  12   0   8 0.03  0.0    0  4.3 10 340   M    M   7 128    30 210
21  96  54  75  14   0  10 0.00  0.0    0  6.1 29 350   M    M   3 128    39 350
22  85  57  71  10   0   6 0.00  0.0    0 14.5 32 310   M    M   0        45 320
================================================================================
SM 1761 1279        60 155  0.80     0.0 226.9          M      103
================================================================================
AV 80.1 58.1                              10.3 FASTST   M    M   5    MAX(MPH)
                                 MISC ---->  # 33 140               # 45  150
================================================================================
NOTES:
# LAST OF SEVERAL OCCURRENCES

COLUMN 17 PEAK WIND IN M.P.H.

PRELIMINARY LOCAL CLIMATOLOGICAL DATA (WS FORM: F-6) , PAGE 2

                                          STATION:  MCALLEN
                                          MONTH:    JANUARY
                                          YEAR:     2017
                                          LATITUDE:   26 10 N
                                          LONGITUDE:  98 14 W

[TEMPERATURE DATA]      [PRECIPITATION DATA]       SYMBOLS USED IN COLUMN 16

AVERAGE MONTHLY: 69.1   TOTAL FOR MONTH:   0.80    1 = FOG OR MIST
DPTR FM NORMAL:   8.7   DPTR FM NORMAL:    0.07    2 = FOG REDUCING VISIBILITY
HIGHEST:    96 ON 21    GRTST 24HR  0.60 ON 18-19      TO 1/4 MILE OR LESS
LOWEST:     32 ON  7                               3 = THUNDER
                        SNOW, ICE PELLETS, HAIL    4 = ICE PELLETS
                        TOTAL MONTH:   0.0 INCH    5 = HAIL
                        GRTST 24HR     0.0         6 = FREEZING RAIN OR DRIZZLE
                        GRTST DEPTH:   0           7 = DUSTSTORM OR SANDSTORM:
                                                       VSBY 1/2 MILE OR LESS
                                                   8 = SMOKE OR HAZE
[NO. OF DAYS WITH]      [WEATHER - DAYS WITH]      9 = BLOWING SNOW
                                                   X = TORNADO
MAX 32 OR BELOW:   0    0.01 INCH OR MORE:   6
MAX 90 OR ABOVE:   2    0.10 INCH OR MORE:   3
MIN 32 OR BELOW:   1    0.50 INCH OR MORE:   1
MIN  0 OR BELOW:   0    1.00 INCH OR MORE:   0

[HDD (BASE 65) ]
TOTAL THIS MO.    60    CLEAR  (SCALE 0-3)   8
DPTR FM NORMAL   -83    PTCLDY (SCALE 4-7)  11
TOTAL FM JUL 1   153    CLOUDY (SCALE 8-10)  3
DPTR FM NORMAL  -227

[CDD (BASE 65) ]
TOTAL THIS MO.   155
DPTR FM NORMAL   111    [PRESSURE DATA]
TOTAL FM JAN 1   155    HIGHEST SLP M ON M
DPTR FM NORMAL   111    LOWEST  SLP 29.42 ON 21

[REMARKS]
