000
CXUS54 KBMX 201216
CF6MGM
PRELIMINARY LOCAL CLIMATOLOGICAL DATA (WS FORM: F-6)

                                          STATION:   MONTGOMERY
                                          MONTH:     APRIL
                                          YEAR:      2014
                                          LATITUDE:   32 17 N
                                          LONGITUDE:  86 24 W

  TEMPERATURE IN F:       :PCPN:    SNOW:  WIND      :SUNSHINE: SKY     :PK WND
================================================================================
1   2   3   4   5  6A  6B    7    8   9   10  11  12  13   14  15   16   17  18
                                     12Z  AVG MX 2MIN
DY MAX MIN AVG DEP HDD CDD  WTR  SNW DPTH SPD SPD DIR MIN PSBL S-S WX    SPD DR
================================================================================

 1  84  48  66   5   0   1    T  0.0    0  4.6 16 340   M    M   1        18 330
 2  84  52  68   7   0   3 0.00  0.0    0  5.0 13 200   M    M   5 1      17 210
 3  87  60  74  13   0   9 0.00  0.0    0  6.7 20 170   M    M   3 1      28 180
 4  70  63  67   6   0   2 0.19  0.0    0  6.0 23 300   M    M   7 1      29 300
 5  74  57  66   4   0   1 0.00  0.0    0  4.1 12 350   M    M   5        16 350
 6  67  51  59  -3   6   0 2.27  0.0    0  8.7 18 160   M    M  10 13     24  80
 7  80  55  68   6   0   3 1.99  0.0    0 10.8 24 210   M    M   4 13     35 210
 8  70  46  58  -4   7   0 0.00  0.0    0  7.9 23 290   M    M   3        29 290
 9  73  49  61  -1   4   0 0.00  0.0    0  7.2 18 310   M    M   2        32 320
10  79  44  62  -1   3   0 0.00  0.0    0  4.5 13 200   M    M   0 8      18 180
11  79  47  63   0   2   0 0.00  0.0    0  3.2 10 200   M    M   1        16 210
12  84  53  69   6   0   4 0.00  0.0    0  3.4 14 180   M    M   0 18     17 180
13  84  54  69   6   0   4 0.00  0.0    0  6.2 16 170   M    M   1 1      24 160
14  70  60  65   1   0   0 1.39  0.0    0  6.1 15 150   M    M   6 1      20 170
15  65  42  54 -10  11   0 0.16  0.0    0 12.8 24 320   M    M   6 1      32 300
16  67  36  52 -12  13   0 0.00  0.0    0  6.9 16  80   M    M   0        20 120
17  72  46  59  -5   6   0 0.00  0.0    0 11.3 22  90   M    M   4        28 100
18  62  54  58  -7   7   0 1.85  0.0    0 11.4 26  50   M    M  10 1      33  40
19  75  54  65   0   0   0 0.09  0.0    0 10.2 22  20   M    M   8 1      30  20
================================================================================
SM 1426  971        59  27  7.94     0.0 137.0          M       76
================================================================================
AV 75.1 51.1                               7.2 FASTST   M    M   4    MAX(MPH)
                                 MISC ---->  # 26  50               # 35  210
================================================================================
NOTES:
# LAST OF SEVERAL OCCURRENCES

COLUMN 17 PEAK WIND IN M.P.H.

PRELIMINARY LOCAL CLIMATOLOGICAL DATA (WS FORM: F-6) , PAGE 2

                                          STATION:  MONTGOMERY
                                          MONTH:    APRIL
                                          YEAR:     2014
                                          LATITUDE:   32 17 N
                                          LONGITUDE:  86 24 W

[TEMPERATURE DATA]      [PRECIPITATION DATA]       SYMBOLS USED IN COLUMN 16

AVERAGE MONTHLY: 63.1   TOTAL FOR MONTH:   7.94    1 = FOG OR MIST
DPTR FM NORMAL:   0.3   DPTR FM NORMAL:    5.16    2 = FOG REDUCING VISIBILITY
HIGHEST:    87 ON  3    GRTST 24HR  3.25 ON  6- 7      TO 1/4 MILE OR LESS
LOWEST:     36 ON 16                               3 = THUNDER
                        SNOW, ICE PELLETS, HAIL    4 = ICE PELLETS
                        TOTAL MONTH:   0.0 INCH    5 = HAIL
                        GRTST 24HR     0.0         6 = FREEZING RAIN OR DRIZZLE
                        GRTST DEPTH:   0           7 = DUSTSTORM OR SANDSTORM:
                                                       VSBY 1/2 MILE OR LESS
                                                   8 = SMOKE OR HAZE
[NO. OF DAYS WITH]      [WEATHER - DAYS WITH]      9 = BLOWING SNOW
                                                   X = TORNADO
MAX 32 OR BELOW:   0    0.01 INCH OR MORE:   7
MAX 90 OR ABOVE:   0    0.10 INCH OR MORE:   6
MIN 32 OR BELOW:   0    0.50 INCH OR MORE:   4
MIN  0 OR BELOW:   0    1.00 INCH OR MORE:   4

[HDD (BASE 65) ]
TOTAL THIS MO.    59    CLEAR  (SCALE 0-3)   8
DPTR FM NORMAL   -19    PTCLDY (SCALE 4-7)   9
TOTAL FM JUL 1  2297    CLOUDY (SCALE 8-10)  2
DPTR FM NORMAL    92

[CDD (BASE 65) ]
TOTAL THIS MO.    27
DPTR FM NORMAL    -8    [PRESSURE DATA]
TOTAL FM JAN 1    37    HIGHEST SLP M ON M
DPTR FM NORMAL   -27    LOWEST  SLP 29.64 ON  7

[REMARKS]
