000
CXUS54 KBMX 301216
CF6MGM
PRELIMINARY LOCAL CLIMATOLOGICAL DATA (WS FORM: F-6)

                                          STATION:   MONTGOMERY
                                          MONTH:     JULY
                                          YEAR:      2015
                                          LATITUDE:   32 17 N
                                          LONGITUDE:  86 24 W

  TEMPERATURE IN F:       :PCPN:    SNOW:  WIND      :SUNSHINE: SKY     :PK WND
================================================================================
1   2   3   4   5  6A  6B    7    8   9   10  11  12  13   14  15   16   17  18
                                     12Z  AVG MX 2MIN
DY MAX MIN AVG DEP HDD CDD  WTR  SNW DPTH SPD SPD DIR MIN PSBL S-S WX    SPD DR
================================================================================

 1  91  72  82   1   0  17 0.00  0.0    0  6.4 18  10   M    M   2        25 260
 2  90  73  82   1   0  17 0.00  0.0    0  7.8 20 270   M    M   2        25 270
 3  92  71  82   1   0  17 1.11  0.0    0  6.9 36 250   M    M   2 13     47 220
 4  91  72  82   1   0  17 0.58  0.0    0  6.3 37 300   M    M   2 138    46 300
 5  84  71  78  -3   0  13 0.30  0.0    0  4.5 13 240   M    M   5 13     19 230
 6  89  70  80  -2   0  15 0.00  0.0    0  3.8 12 300   M    M   2        14 240
 7  93  73  83   1   0  18 0.00  0.0    0  3.5 13 250   M    M   1 1      24 210
 8  94  74  84   2   0  19 0.00  0.0    0  3.5 12 180   M    M   1        16 160
 9  96  73  85   3   0  20 0.20  0.0    0  2.7 24 120   M    M   2 8      31 120
10  94  73  84   2   0  19 0.00  0.0    0  2.9  9 170   M    M   1 1      12 170
11  94  76  85   3   0  20    T  0.0    0  3.4 14 350   M    M   1 3      18 350
12  97  75  86   4   0  21 0.02  0.0    0  3.5 20 310   M    M   2 138    29 300
13  97  76  87   5   0  22 0.00  0.0    0  4.6 13 270   M    M   0 18     23 240
14  95  76  86   4   0  21 0.00  0.0    0  5.7 21 340   M    M   1        29 350
15  97  74  86   4   0  21 0.66  0.0    0  6.9 31 360   M    M   2 138    41 350
16  95  73  84   2   0  19 0.00  0.0    0  3.5 14 320   M    M   2 1      16 320
17  97  75  86   4   0  21 0.00  0.0    0  4.2 13  40   M    M   2 13     18  40
18  99  76  88   6   0  23 0.00  0.0    0  3.8 18 290   M    M   1 13     23 290
19  97  76  87   5   0  22 0.01  0.0    0  3.8 29 270   M    M   1 13     42 280
20  98  74  86   4   0  21 0.00  0.0    0  4.6 13 280   M    M   1 1      15 280
21  98  77  88   6   0  23 0.00  0.0    0  5.8 14 290   M    M   2 13     20 280
22  96  76  86   4   0  21 1.05  0.0    0  4.6 37  40   M    M   0 138    46  40
23  95  76  86   4   0  21 0.56  0.0    0  4.9 25 360   M    M   2 13     31 360
24  93  75  84   2   0  19 0.01  0.0    0  5.7 14 100   M    M   1        17 300
25  96  76  86   4   0  21 0.00  0.0    0  3.9 10 110   M    M   1 1      14 100
26  95  75  85   3   0  20 0.00  0.0    0  4.1 10 100   M    M   0 1      14  90
27  97  76  87   5   0  22 0.00  0.0    0  3.4 10 330   M    M   0 1      14 300
28  98  76  87   5   0  22 0.00  0.0    0  3.7 23 360   M    M   0 138    30  20
29  96  76  86   4   0  21 0.35  0.0    0  4.0 33 360   M    M   2 13     42 360
================================================================================
SM 2744 2156         0 573  4.85     0.0 132.4          M       41
================================================================================
AV 94.6 74.3                               4.6 FASTST   M    M   1    MAX(MPH)
                                 MISC ---->  # 37 300               # 47  220
================================================================================
NOTES:
# LAST OF SEVERAL OCCURRENCES

COLUMN 17 PEAK WIND IN M.P.H.

PRELIMINARY LOCAL CLIMATOLOGICAL DATA (WS FORM: F-6) , PAGE 2

                                          STATION:  MONTGOMERY
                                          MONTH:    JULY
                                          YEAR:     2015
                                          LATITUDE:   32 17 N
                                          LONGITUDE:  86 24 W

[TEMPERATURE DATA]      [PRECIPITATION DATA]       SYMBOLS USED IN COLUMN 16

AVERAGE MONTHLY: 84.5   TOTAL FOR MONTH:   4.85    1 = FOG OR MIST
DPTR FM NORMAL:   2.7   DPTR FM NORMAL:   -0.10    2 = FOG REDUCING VISIBILITY
HIGHEST:    99 ON 18    GRTST 24HR  1.69 ON  3- 4      TO 1/4 MILE OR LESS
LOWEST:     70 ON  6                               3 = THUNDER
                        SNOW, ICE PELLETS, HAIL    4 = ICE PELLETS
                        TOTAL MONTH:   0.0 INCH    5 = HAIL
                        GRTST 24HR     0.0         6 = FREEZING RAIN OR DRIZZLE
                        GRTST DEPTH:   0           7 = DUSTSTORM OR SANDSTORM:
                                                       VSBY 1/2 MILE OR LESS
                                                   8 = SMOKE OR HAZE
[NO. OF DAYS WITH]      [WEATHER - DAYS WITH]      9 = BLOWING SNOW
                                                   X = TORNADO
MAX 32 OR BELOW:   0    0.01 INCH OR MORE:  11
MAX 90 OR ABOVE:  27    0.10 INCH OR MORE:   8
MIN 32 OR BELOW:   0    0.50 INCH OR MORE:   5
MIN  0 OR BELOW:   0    1.00 INCH OR MORE:   2

[HDD (BASE 65) ]
TOTAL THIS MO.     0    CLEAR  (SCALE 0-3)  28
DPTR FM NORMAL     0    PTCLDY (SCALE 4-7)   1
TOTAL FM JUL 1     0    CLOUDY (SCALE 8-10)  0
DPTR FM NORMAL     0

[CDD (BASE 65) ]
TOTAL THIS MO.   573
DPTR FM NORMAL    86    [PRESSURE DATA]
TOTAL FM JAN 1  1608    HIGHEST SLP M ON M
DPTR FM NORMAL   363    LOWEST  SLP 29.75 ON 14

[REMARKS]
