000
CXUS51 KPBZ 290901
CF6MGW
PRELIMINARY LOCAL CLIMATOLOGICAL DATA (WS FORM: F-6)

                                          STATION:   MORGANTOWN WV
                                          MONTH:     AUGUST
                                          YEAR:      2014
                                          LATITUDE:   39 39 N
                                          LONGITUDE:  79 55 W

  TEMPERATURE IN F:       :PCPN:    SNOW:  WIND      :SUNSHINE: SKY     :PK WND
================================================================================
1   2   3   4   5  6A  6B    7    8   9   10  11  12  13   14  15   16   17  18
                                     12Z  AVG MX 2MIN
DY MAX MIN AVG DEP HDD CDD  WTR  SNW DPTH SPD SPD DIR MIN PSBL S-S WX    SPD DR
================================================================================

 1  83  59  71  -2   0   6 0.00    M    M  3.0 15 150   M    M   2 18     19 140
 2  85  65  75   2   0  10 0.44    M    M  3.1 15 140   M    M   4 13     20 130
 3  76  63  70  -3   0   5 0.28    M    M  2.3 10 140   M    M   8 128    13 160
 4  84  59  72  -1   0   7 0.00    M    M  2.1  8 360   M    M   4 128    10 320
 5  87  60  74   1   0   9 0.00    M    M  2.6 16 360   M    M   1 18     22  10
 6  82  65  74   1   0   9 0.05    M    M  2.6 16  10   M    M   5 18     22  30
 7  80  59  70  -3   0   5 0.00    M    M  2.6 10 350   M    M   2 128    14  20
 8  85  58  72  -1   0   7 0.00    M    M  3.5 10  10   M    M   2 18     15  90
 9  86  63  75   2   0  10 0.00    M    M  3.5 12 160   M    M   2        14 170
10  86  67  77   4   0  12    T    M    M  4.9 13 120   M    M   4 8      16 140
11  73  67  70  -2   0   5 1.07    M    M  7.1 20 140   M    M   9 18     25 140
12  85  66  76   4   0  11 1.42    M    M  4.9 16 260   M    M   7 1238   25 250
13  73  59  66  -6   0   1 0.02    M    M  4.7 13 280   M    M   7 18     19 280
14  77  55  66  -6   0   1 0.01    M    M  5.1 14 270   M    M   3        20 280
15  75  49  62 -10   3   0 0.00    M    M  3.1  9 320   M    M   1        15 240
16  81  50  66  -6   0   1 0.00    M    M  3.8 12 220   M    M   2        19 160
17  82  67  75   3   0  10 0.24    M    M  3.2 12 360   M    M   9 128    16 360
18  86  65  76   4   0  11 0.01    M    M  2.1  9  90   M    M   7 128    13 100
19  87  69  78   6   0  13 0.00    M    M  2.0  8 230   M    M   7 18     11 250
20  85  67  76   4   0  11 0.41    M    M  3.9 13  10   M    M   5 18     19 360
21  79  69  74   2   0   9 0.09    M    M  3.5 10 230   M    M   7 18     15 180
22  83  70  77   5   0  12 0.16    M    M  2.5  9  70   M    M   8 18     14 230
23  87  70  79   7   0  14 0.00    M    M  4.2 14 360   M    M   6 18     18  10
24  82  67  75   3   0  10 0.00    M    M  6.5 12 110   M    M   1        20  90
25  82  62  72   1   0   7 0.00    M    M  2.6 10 140   M    M   1        13 110
26  85  59  72   1   0   7 0.00    M    M  1.9 10 140   M    M   0        14 150
27  87  63  75   4   0  10 0.67    M    M  3.5 15 300   M    M   4 138    25 290
28  78  59  69  -2   0   4 0.00    M    M  4.7 10 360   M    M   5        15 360
================================================================================
SM 2301 1751         3 217  4.87    M     99.5          M      123
================================================================================
AV 82.2 62.5                               3.6 FASTST   M    M   4    MAX(MPH)
                                 MISC ---->  # 20 140               # 25  140
================================================================================
NOTES:
# LAST OF SEVERAL OCCURRENCES

COLUMN 17 PEAK WIND IN M.P.H.

PRELIMINARY LOCAL CLIMATOLOGICAL DATA (WS FORM: F-6) , PAGE 2

                                          STATION:  MORGANTOWN WV
                                          MONTH:    AUGUST
                                          YEAR:     2014
                                          LATITUDE:   39 39 N
                                          LONGITUDE:  79 55 W

[TEMPERATURE DATA]      [PRECIPITATION DATA]       SYMBOLS USED IN COLUMN 16

AVERAGE MONTHLY: 72.4   TOTAL FOR MONTH:   4.87    1 = FOG OR MIST
DPTR FM NORMAL:   0.1   DPTR FM NORMAL:    1.65    2 = FOG REDUCING VISIBILITY
HIGHEST:    87 ON 27,23 GRTST 24HR  1.53 ON 11-12      TO 1/4 MILE OR LESS
LOWEST:     49 ON 15                               3 = THUNDER
                        SNOW, ICE PELLETS, HAIL    4 = ICE PELLETS
                        TOTAL MONTH:    M          5 = HAIL
                        GRTST 24HR    M  ON   M    6 = FREEZING RAIN OR DRIZZLE
                        GRTST DEPTH:  M  ON   M    7 = DUSTSTORM OR SANDSTORM:
                                                       VSBY 1/2 MILE OR LESS
                                                   8 = SMOKE OR HAZE
[NO. OF DAYS WITH]      [WEATHER - DAYS WITH]      9 = BLOWING SNOW
                                                   X = TORNADO
MAX 32 OR BELOW:   0    0.01 INCH OR MORE:  13
MAX 90 OR ABOVE:   0    0.10 INCH OR MORE:   8
MIN 32 OR BELOW:   0    0.50 INCH OR MORE:   3
MIN  0 OR BELOW:   0    1.00 INCH OR MORE:   2

[HDD (BASE 65) ]
TOTAL THIS MO.     3    CLEAR  (SCALE 0-3)  10
DPTR FM NORMAL     3    PTCLDY (SCALE 4-7)  16
TOTAL FM JUL 1     6    CLOUDY (SCALE 8-10)  2
DPTR FM NORMAL     3

[CDD (BASE 65) ]
TOTAL THIS MO.   217
DPTR FM NORMAL     9    [PRESSURE DATA]
TOTAL FM JAN 1   804    HIGHEST SLP M ON M
DPTR FM NORMAL   112    LOWEST  SLP 29.73 ON 12

[REMARKS]
