000
CXUS51 KPBZ 310804
CF6MGW
PRELIMINARY LOCAL CLIMATOLOGICAL DATA (WS FORM: F-6)

                                          STATION:   MORGANTOWN WV
                                          MONTH:     MAY
                                          YEAR:      2016
                                          LATITUDE:   39 39 N
                                          LONGITUDE:  79 55 W

  TEMPERATURE IN F:       :PCPN:    SNOW:  WIND      :SUNSHINE: SKY     :PK WND
================================================================================
1   2   3   4   5  6A  6B    7    8   9   10  11  12  13   14  15   16   17  18
                                     12Z  AVG MX 2MIN
DY MAX MIN AVG DEP HDD CDD  WTR  SNW DPTH SPD SPD DIR MIN PSBL S-S WX    SPD DR
================================================================================

 1  74  58  66   9   0   1 0.81    M    M  5.5 13 230   M    M   7 123    18 230
 2  78  56  67   9   0   2 0.45    M    M  5.3 13  10   M    M   7 123    21 210
 3  64  52  58   0   7   0 0.01    M    M  2.7  9 360   M    M  10 18     13 300
 4  60  50  55  -3  10   0 0.43    M    M  1.6 14 270   M    M   9 13     19 280
 5  62  49  56  -2   9   0 0.17    M    M  2.5  8 360   M    M  10 138    17 360
 6  66  47  57  -2   8   0 0.04    M    M  6.6 18  10   M    M   9 1      28 360
 7  74  47  61   2   4   0 0.27    M    M  4.4 13 200   M    M   7 138    18 230
 8  66  48  57  -2   8   0 0.00    M    M  5.8 17 290   M    M   3 13     25 270
 9  54  45  50  -9  15   0 0.19    M    M  1.6  9  40   M    M   7 18     12  50
10  75  52  64   4   1   0 0.19    M    M  3.9 10  90   M    M   8 138    16 110
11  79  57  68   8   0   3 0.07    M    M  1.5 10 220   M    M   6 1238   17 220
12  80  55  68   8   0   3 0.14    M    M  3.7 15 230   M    M   3 1238   22 220
13  72  50  61   1   4   0 0.41    M    M  5.5 15 290   M    M   6 18     22 230
14  59  43  51 -10  14   0 0.27    M    M  6.6 18 280   M    M   7        30 300
15  53  41  47 -14  18   0    T    M    M  6.6 17 270   M    M  10        29 280
16  63  37  50 -11  15   0 0.00    M    M  3.6 12 160   M    M   1        19 220
17  59  48  54  -7  11   0 0.11    M    M  2.5  7 100   M    M  10        10 140
18  53  47  50 -12  15   0 0.61    M    M  5.2 13  60   M    M  10 18     21  60
19  70  41  56  -6   9   0 0.00    M    M  3.1 10  20   M    M   4 128    14 360
20  75  43  59  -3   6   0 0.16    M    M  5.2 12 110   M    M   1        18 110
21  60  54  57  -5   8   0 0.84    M    M  4.3 14 130   M    M  10 138    19 130
22  62  52  57  -6   8   0 0.03    M    M  4.2 13 350   M    M   9 18     16 340
23  75  52  64   1   1   0 0.00    M    M  3.0 14 140   M    M   6 1238   17 350
24  81  50  66   3   0   1 0.00    M    M  3.5 12 270   M    M   3 18     16 280
25  85  52  69   6   0   4 0.00    M    M  2.9 12 270   M    M   0        20 210
26  83  61  72   8   0   7    T    M    M  3.8 13 280   M    M   5        18 290
27  87  66  77  13   0  12 0.00    M    M  4.2 10 230   M    M   2        17 210
28  89  64  77  13   0  12    T    M    M  2.5 10 230   M    M   2 3      15 220
29  80  65  73   9   0   8 0.01    M    M  3.2 15 150   M    M   4 18     18 150
30  84  61  73   8   0   8 0.00    M    M  2.0 10 350   M    M   3 18     13 280
================================================================================
SM 2122 1543       171  61  5.21    M    117.0          M      179
================================================================================
AV 70.7 51.4                               3.9 FASTST   M    M   6    MAX(MPH)
                                 MISC ---->  # 18  10               # 30  300
================================================================================
NOTES:
# LAST OF SEVERAL OCCURRENCES

COLUMN 17 PEAK WIND IN M.P.H.

PRELIMINARY LOCAL CLIMATOLOGICAL DATA (WS FORM: F-6) , PAGE 2

                                          STATION:  MORGANTOWN WV
                                          MONTH:    MAY
                                          YEAR:     2016
                                          LATITUDE:   39 39 N
                                          LONGITUDE:  79 55 W

[TEMPERATURE DATA]      [PRECIPITATION DATA]       SYMBOLS USED IN COLUMN 16

AVERAGE MONTHLY: 61.1   TOTAL FOR MONTH:   5.21    1 = FOG OR MIST
DPTR FM NORMAL:   0.1   DPTR FM NORMAL:    0.76    2 = FOG REDUCING VISIBILITY
HIGHEST:    89 ON 28    GRTST 24HR  0.89 ON 30- 1      TO 1/4 MILE OR LESS
LOWEST:     37 ON 16                               3 = THUNDER
                        SNOW, ICE PELLETS, HAIL    4 = ICE PELLETS
                        TOTAL MONTH:    M          5 = HAIL
                        GRTST 24HR    M  ON   M    6 = FREEZING RAIN OR DRIZZLE
                        GRTST DEPTH:  M  ON   M    7 = DUSTSTORM OR SANDSTORM:
                                                       VSBY 1/2 MILE OR LESS
                                                   8 = SMOKE OR HAZE
[NO. OF DAYS WITH]      [WEATHER - DAYS WITH]      9 = BLOWING SNOW
                                                   X = TORNADO
MAX 32 OR BELOW:   0    0.01 INCH OR MORE:  19
MAX 90 OR ABOVE:   0    0.10 INCH OR MORE:  14
MIN 32 OR BELOW:   0    0.50 INCH OR MORE:   3
MIN  0 OR BELOW:   0    1.00 INCH OR MORE:   0

[HDD (BASE 65) ]
TOTAL THIS MO.   171    CLEAR  (SCALE 0-3)   8
DPTR FM NORMAL     4    PTCLDY (SCALE 4-7)  12
TOTAL FM JUL 1  4036    CLOUDY (SCALE 8-10) 10
DPTR FM NORMAL -1114

[CDD (BASE 65) ]
TOTAL THIS MO.    61
DPTR FM NORMAL    12    [PRESSURE DATA]
TOTAL FM JAN 1    67    HIGHEST SLP M ON M
DPTR FM NORMAL     2    LOWEST  SLP 28.81 ON 29

[REMARKS]
