000
CXUS55 KFSD 230905
CF6MHE
PRELIMINARY LOCAL CLIMATOLOGICAL DATA (WS FORM: F-6)

                                          STATION:   MITCHELL SD
                                          MONTH:     OCTOBER
                                          YEAR:      2017
                                          LATITUDE:   43 46 N
                                          LONGITUDE:  98  2 W

  TEMPERATURE IN F:       :PCPN:    SNOW:  WIND      :SUNSHINE: SKY     :PK WND
================================================================================
1   2   3   4   5  6A  6B    7    8   9   10  11  12  13   14  15   16   17  18
                                     12Z  AVG MX 2MIN
DY MAX MIN AVG DEP HDD CDD  WTR  SNW DPTH SPD SPD DIR MIN PSBL S-S WX    SPD DR
================================================================================

 1  82  58  70  14   0   5 2.22  0.0    0 14.2 26 230   M    M   5 13     35 230
 2  62  51  57   2   8   0 0.48  0.0    0  7.0 20 360   M    M   5 13     25 360
 3  62  45  54  -1  11   0 0.04  0.0    0  8.8 20  40   M    M   4 13     25  30
 4  58  39  49  -5  16   0 0.00  0.0    0  4.1  9 300   M    M   5        12 290
 5  66  49  58   4   7   0 0.00  0.0    0  4.5 13  20   M    M   8 1      15  30
 6  62  45  54   0  11   0 0.12  0.0    0  5.2 12  30   M    M   5 123    16  10
 7  76  44  60   7   5   0 0.00  0.0    0  6.8 15 270   M    M   2 12     20 280
 8  66  46  56   3   9   0 0.00  0.0    0 13.2 23 350   M    M   0 8      33 350
 9  52  33  43  -9  22   0    T  0.0    0  9.4 22 350   M    M   5        27 350
10  56  26  41 -11  24   0 0.00  0.0    0  3.3  9 160   M    M   0         M  M
11  65  32  49  -3  16   0 0.00  0.0    0 14.7 24 160   M    M   0        31 150
12  72  44  58   7   7   0 0.00  0.0    0 15.0 25 170   M    M   0        31 170
13  64  42  53   2  12   0    T  0.0    0  7.2 14 350   M    M   1        18 100
14  52  39  46  -5  19   0 0.20  0.0    0 12.1 25 330   M    M   8 18     32 330
15  61  34  48  -2  17   0 0.00  0.0    0 10.5 23 290   M    M   0        30 300
16  75  33  54   4  11   0 0.00  0.0    0  6.5 17 200   M    M   0        22 200
17  80  38  59  10   6   0 0.00  0.0    0  7.9 16 170   M    M   0        20 170
18  71  41  56   7   9   0 0.00  0.0    0  9.5 32 360   M    M   0        41  10
19  79  38  59  10   6   0 0.00  0.0    0 13.1 23 170   M    M   0        29 170
20  78  56  67  19   0   2 0.00  0.0    0 19.5 32 170   M    M   1        42 160
21  69  43  56   8   9   0    T  0.0    0 14.8 33 310   M    M   4        40 300
22  69  38  54   7  11   0 0.00  0.0    0  9.8 21 220   M    M   0        29 230
================================================================================
SM 1477  914       236   7  3.06     0.0 217.1          M       53
================================================================================
AV 67.1 41.6                               9.9 FASTST   M    M   2    MAX(MPH)
                                 MISC ---->  # 33 310               # 42  160
================================================================================
NOTES:
# LAST OF SEVERAL OCCURRENCES

COLUMN 17 PEAK WIND IN M.P.H.

PRELIMINARY LOCAL CLIMATOLOGICAL DATA (WS FORM: F-6) , PAGE 2

                                          STATION:  MITCHELL SD
                                          MONTH:    OCTOBER
                                          YEAR:     2017
                                          LATITUDE:   43 46 N
                                          LONGITUDE:  98  2 W

[TEMPERATURE DATA]      [PRECIPITATION DATA]       SYMBOLS USED IN COLUMN 16

AVERAGE MONTHLY: 54.3   TOTAL FOR MONTH:   3.06    1 = FOG OR MIST
DPTR FM NORMAL:   2.8   DPTR FM NORMAL:    1.76    2 = FOG REDUCING VISIBILITY
HIGHEST:    82 ON  1    GRTST 24HR  2.22 ON  1- 1      TO 1/4 MILE OR LESS
LOWEST:     26 ON 10                               3 = THUNDER
                        SNOW, ICE PELLETS, HAIL    4 = ICE PELLETS
                        TOTAL MONTH:   0.0 INCH    5 = HAIL
                        GRTST 24HR     0.0         6 = FREEZING RAIN OR DRIZZLE
                        GRTST DEPTH:   0           7 = DUSTSTORM OR SANDSTORM:
                                                       VSBY 1/2 MILE OR LESS
                                                   8 = SMOKE OR HAZE
[NO. OF DAYS WITH]      [WEATHER - DAYS WITH]      9 = BLOWING SNOW
                                                   X = TORNADO
MAX 32 OR BELOW:   0    0.01 INCH OR MORE:   5
MAX 90 OR ABOVE:   0    0.10 INCH OR MORE:   4
MIN 32 OR BELOW:   2    0.50 INCH OR MORE:   1
MIN  0 OR BELOW:   0    1.00 INCH OR MORE:   1

[HDD (BASE 65) ]
TOTAL THIS MO.   236    CLEAR  (SCALE 0-3)  13
DPTR FM NORMAL   -67    PTCLDY (SCALE 4-7)   8
TOTAL FM JUL 1   332    CLOUDY (SCALE 8-10)  1
DPTR FM NORMAL  -129

[CDD (BASE 65) ]
TOTAL THIS MO.     7
DPTR FM NORMAL     0    [PRESSURE DATA]
TOTAL FM JAN 1   890    HIGHEST SLP M ON M
DPTR FM NORMAL    66    LOWEST  SLP 29.41 ON 21

[REMARKS]
