000
CXUS53 KMPX 280700
CF6MIC
PRELIMINARY LOCAL CLIMATOLOGICAL DATA (WS FORM: F-6)

                                          STATION:   MINNEAPOLIS CRYSTAL MN
                                          MONTH:     MAY
                                          YEAR:      2017
                                          LATITUDE:   45  4 N
                                          LONGITUDE:  93 21 W

  TEMPERATURE IN F:       :PCPN:    SNOW:  WIND      :SUNSHINE: SKY     :PK WND
================================================================================
1   2   3   4   5  6A  6B    7    8   9   10  11  12  13   14  15   16   17  18
                                     12Z  AVG MX 2MIN
DY MAX MIN AVG DEP HDD CDD  WTR  SNW DPTH SPD SPD DIR MIN PSBL S-S WX    SPD DR
================================================================================

 1  40  34  37 -16  28   0    M    M    M 12.5 23  10   M    M  10 18     30  10
 2  62  38  50  -4  15   0 0.03    M    M  8.3 22 340   M    M   3 1      29 360
 3  65  39  52  -2  13   0 0.00    M    M  8.7 18 230   M    M   5        24 250
 4  70  41  56   2   9   0 0.00    M    M  6.5 20  10   M    M   3        24  10
 5  78  39  59   4   6   0 0.00    M    M  6.8 25  10   M    M   1 1      34 360
 6  68  40  54  -1  11   0 0.00    M    M  4.9 15  30   M    M   1        21 360
 7  66  50  58   2   7   0 0.00    M    M  6.9 16 110   M    M   3        21 110
 8  71  46  59   3   6   0 0.24    M    M 10.7 21 130   M    M   4 1      28 130
 9  71  50  61   5   4   0 0.01    M    M  6.3 15 280   M    M   7        20 270
10  67  47  57   1   8   0 0.01    M    M  4.5 21 310   M    M   6        25 320
11  67  45  56  -1   9   0 0.00    M    M  7.8 18 310   M    M   1        23 300
12  75  39  57   0   8   0 0.00    M    M  3.6 14 190   M    M   2        18 270
13  81  52  67   9   0   2 0.00    M    M  4.4 10  70   M    M   1        15 280
14  83  54  69  11   0   4 0.00    M    M  8.2 16 120   M    M   0        22 130
15  70  58  64   6   1   0 0.23    M    M  8.1 20 290   M    M   2 1      26 290
16  83  58  71  13   0   6 0.16    M    M 10.8 23 160   M    M   4 1      31 130
17  69  52  61   2   4   0 2.27    M    M  6.5 23 280   M    M  10 138    29 270
18  56  43  50  -9  15   0 0.21    M    M 10.1 21  30   M    M   8 1      29  10
19  56  42  49 -10  16   0 0.00    M    M  8.8 17  60   M    M   3        24  40
20  49  41  45 -15  20   0 1.25    M    M  9.3 16  70   M    M  10 1      23  70
21  51  45  48 -12  17   0 0.06    M    M  8.9 18 270   M    M  10 18     25 270
22  65  44  55  -5  10   0 0.00    M    M 10.3 21 260   M    M   4        26 260
23  64  48  56  -5   9   0 0.04    M    M  8.2 17  20   M    M   8        25  20
24  62  46  54  -7  11   0 0.00    M    M  5.9 13 350   M    M   8        17  20
25  71  42  57  -4   8   0 0.04    M    M  6.8 16 150   M    M   4 1      21 120
26  80  58  69   7   0   4 0.00    M    M  8.1 18 260   M    M   4        24 270
27   M   M   M   M   M   M    M    M    M   M   M   M   M    M   M         M  M
================================================================================
SM 1740 1191       235  16  4.55    M    201.9          M      122
================================================================================
AV 66.9 45.8                               7.8 FASTST   M    M   5    MAX(MPH)
                                 MISC ---->  # 25  10               # 34  360
================================================================================
NOTES:
# LAST OF SEVERAL OCCURRENCES

COLUMN 17 PEAK WIND IN M.P.H.

PRELIMINARY LOCAL CLIMATOLOGICAL DATA (WS FORM: F-6) , PAGE 2

                                          STATION:  MINNEAPOLIS CRYSTAL MN
                                          MONTH:    MAY
                                          YEAR:     2017
                                          LATITUDE:   45  4 N
                                          LONGITUDE:  93 21 W

[TEMPERATURE DATA]      [PRECIPITATION DATA]       SYMBOLS USED IN COLUMN 16

AVERAGE MONTHLY: 56.4   TOTAL FOR MONTH:   4.55    1 = FOG OR MIST
DPTR FM NORMAL:  -1.4   DPTR FM NORMAL:    1.20    2 = FOG REDUCING VISIBILITY
HIGHEST:    83 ON 16,14 GRTST 24HR  2.27 ON 17-17      TO 1/4 MILE OR LESS
LOWEST:     34 ON  1                               3 = THUNDER
                        SNOW, ICE PELLETS, HAIL    4 = ICE PELLETS
                        TOTAL MONTH:    M          5 = HAIL
                        GRTST 24HR    M  ON   M    6 = FREEZING RAIN OR DRIZZLE
                        GRTST DEPTH:  M  ON   M    7 = DUSTSTORM OR SANDSTORM:
                                                       VSBY 1/2 MILE OR LESS
                                                   8 = SMOKE OR HAZE
[NO. OF DAYS WITH]      [WEATHER - DAYS WITH]      9 = BLOWING SNOW
                                                   X = TORNADO
MAX 32 OR BELOW:   0    0.01 INCH OR MORE:  12
MAX 90 OR ABOVE:   0    0.10 INCH OR MORE:   6
MIN 32 OR BELOW:   0    0.50 INCH OR MORE:   2
MIN  0 OR BELOW:   0    1.00 INCH OR MORE:   2

[HDD (BASE 65) ]
TOTAL THIS MO.   235    CLEAR  (SCALE 0-3)   9
DPTR FM NORMAL    12    PTCLDY (SCALE 4-7)  11
TOTAL FM JUL 1  6571    CLOUDY (SCALE 8-10)  6
DPTR FM NORMAL -1089

[CDD (BASE 65) ]
TOTAL THIS MO.    16
DPTR FM NORMAL   -10    [PRESSURE DATA]
TOTAL FM JAN 1    16    HIGHEST SLP M ON M
DPTR FM NORMAL   -13    LOWEST  SLP 29.32 ON 17

[REMARKS]
