000
CXHW52 PHFO 171250
CF6MKK
PRELIMINARY LOCAL CLIMATOLOGICAL DATA (WS FORM: F-6)

                                          STATION:   MOLOKAI HI
                                          MONTH:     APRIL
                                          YEAR:      2014
                                          LATITUDE:   21  8 N
                                          LONGITUDE: 157  6 W

  TEMPERATURE IN F:       :PCPN:    SNOW:  WIND      :SUNSHINE: SKY     :PK WND
================================================================================
1   2   3   4   5  6A  6B    7    8   9   10  11  12  13   14  15   16   17  18
                                     12Z  AVG MX 2MIN
DY MAX MIN AVG DEP HDD CDD  WTR  SNW DPTH SPD SPD DIR MIN PSBL S-S WX    SPD DR
================================================================================

 1  80  71  76   4   0  11 0.03  0.0    0 14.3 25  50   M    M   3        35  50
 2  80  72  76   4   0  11 0.02  0.0    0 15.3 24  50   M    M   3 1      35  40
 3  78  71  75   3   0  10 0.02  0.0    0 17.3 25  50   M    M   3        40  50
 4  80  63  72   0   0   7 0.00  0.0    0 10.8 23  60   M    M   0        31  70
 5  81  60  71  -1   0   6    T  0.0    0  2.7 12 350   M    M   2 8      16  20
 6  79  63  71  -1   0   6    T  0.0    0  8.9 18 360   M    M   5        25 360
 7   M   M   M   M   M   M 0.87    M    0 13.7 18  30   M    M   8 1      32  30
 8  75  64  70  -2   0   5 0.09  0.0    0 14.8 22  30   M    M   6        33  40
 9  76  67  72   0   0   7 0.02  0.0    0 12.8 23  50   M    M   4        31  50
10  77  64  71  -1   0   6 0.04  0.0    0  9.6 16  50   M    M   5        23  30
11  78  68  73   1   0   8    T  0.0    0  8.4 17 360   M    M   5        22 360
12  77  67  72   0   0   7 0.01  0.0    0 13.8 29  30   M    M   5 1      41  40
13  79  68  74   2   0   9 0.02  0.0    0 17.5 29  60   M    M   6 1      41  60
14  79  69  74   2   0   9 0.01  0.0    0 15.0 24  60   M    M   6        32  40
15  78  66  72  -1   0   7 0.09  0.0    0 13.6 23  50   M    M   7 18     33  40
16  79  69  74   1   0   9 0.05  0.0    0 12.9 25  30   M    M   2 1      37  30
================================================================================
SM 1176 1002         0 118  1.27     0.0 201.4          M       70
================================================================================
AV 78.4 66.8                              12.6 FASTST   M    M   4    MAX(MPH)
                                 MISC ---->  # 29  30               # 41   40
================================================================================
NOTES:
# LAST OF SEVERAL OCCURRENCES

COLUMN 17 PEAK WIND IN M.P.H.

PRELIMINARY LOCAL CLIMATOLOGICAL DATA (WS FORM: F-6) , PAGE 2

                                          STATION:  MOLOKAI HI
                                          MONTH:    APRIL
                                          YEAR:     2014
                                          LATITUDE:   21  8 N
                                          LONGITUDE: 157  6 W

[TEMPERATURE DATA]      [PRECIPITATION DATA]       SYMBOLS USED IN COLUMN 16

AVERAGE MONTHLY: 72.6   TOTAL FOR MONTH:   1.27    1 = FOG OR MIST
DPTR FM NORMAL:   0.5   DPTR FM NORMAL:    0.08    2 = FOG REDUCING VISIBILITY
HIGHEST:    81 ON  5    GRTST 24HR  0.87 ON  7- 7      TO 1/4 MILE OR LESS
LOWEST:     60 ON  5                               3 = THUNDER
                        SNOW, ICE PELLETS, HAIL    4 = ICE PELLETS
                        TOTAL MONTH:   0.0 INCH    5 = HAIL
                        GRTST 24HR     0.0         6 = FREEZING RAIN OR DRIZZLE
                        GRTST DEPTH:   0           7 = DUSTSTORM OR SANDSTORM:
                                                       VSBY 1/2 MILE OR LESS
                                                   8 = SMOKE OR HAZE
[NO. OF DAYS WITH]      [WEATHER - DAYS WITH]      9 = BLOWING SNOW
                                                   X = TORNADO
MAX 32 OR BELOW:   0    0.01 INCH OR MORE:  12
MAX 90 OR ABOVE:   0    0.10 INCH OR MORE:   1
MIN 32 OR BELOW:   0    0.50 INCH OR MORE:   1
MIN  0 OR BELOW:   0    1.00 INCH OR MORE:   0

[HDD (BASE 65) ]
TOTAL THIS MO.     0    CLEAR  (SCALE 0-3)   5
DPTR FM NORMAL     0    PTCLDY (SCALE 4-7)  10
TOTAL FM JUL 1     0    CLOUDY (SCALE 8-10)  1
DPTR FM NORMAL    -3

[CDD (BASE 65) ]
TOTAL THIS MO.   118
DPTR FM NORMAL     3    [PRESSURE DATA]
TOTAL FM JAN 1   720    HIGHEST SLP M ON M
DPTR FM NORMAL    94    LOWEST  SLP 29.98 ON  5

[REMARKS]
