000
CXUS54 KTSA 270840
CF6MKO
PRELIMINARY LOCAL CLIMATOLOGICAL DATA (WS FORM: F-6)

                                          STATION:   MUSKOGEE OKLAHOMA
                                          MONTH:     AUGUST
                                          YEAR:      2015
                                          LATITUDE:   35 40 N
                                          LONGITUDE:  95 22 W

  TEMPERATURE IN F:       :PCPN:    SNOW:  WIND      :SUNSHINE: SKY     :PK WND
================================================================================
1   2   3   4   5  6A  6B    7    8   9   10  11  12  13   14  15   16   17  18
                                     12Z  AVG MX 2MIN
DY MAX MIN AVG DEP HDD CDD  WTR  SNW DPTH SPD SPD DIR MIN PSBL S-S WX    SPD DR
================================================================================

 1  91  69  80  -2   0  15 0.00  0.0    0  3.1 12 220   M    M   3        14 210
 2  91  70  81  -1   0  16 0.00  0.0    0  4.4 14 240   M    M   1 1      18 230
 3  93  72  83   1   0  18 0.00  0.0    0  3.2 10 190   M    M   2 1      13 190
 4  86  72  79  -3   0  14    T  0.0    0  5.0 13 270   M    M   6        17 270
 5  94  74  84   2   0  19    T  0.0    0  7.9 24 330   M    M   3        30  20
 6  98  75  87   5   0  22 0.00  0.0    0  4.8  9  70   M    M   1        13 210
 7  99  77  88   6   0  23 0.00  0.0    0  5.8 13 230   M    M   0        16 210
 8  97  76  87   5   0  22 0.00  0.0    0  6.2 12 110   M    M   0 1      16 150
 9  98  76  87   5   0  22 0.00  0.0    0  6.9 15 210   M    M   0 1      19 210
10  94  74  84   2   0  19 0.00  0.0    0  7.3 18 350   M    M   0        28 350
11  93  71  82   0   0  17 0.00  0.0    0  9.0 17  20   M    M   0        22  20
12  89  65  77  -5   0  12 0.00  0.0    0  5.6 12  40   M    M   0        16  50
13  90  63  77  -5   0  12 0.00  0.0    0  4.3 10 100   M    M   0        16 100
14  92  67  80  -2   0  15 0.00  0.0    0  5.7 12  90   M    M   1        15 150
15  92  65  79  -3   0  14 0.00  0.0    0  5.0 13  90   M    M   0        23  60
16  93  66  80  -2   0  15 0.00  0.0    0  5.4 14 110   M    M   1        18  70
17  95  72  84   2   0  19 0.00  0.0    0  5.7 12 200   M    M   1        15 210
18  91  72  82   0   0  17 0.07  0.0    0  6.6 14 190   M    M   1 3      19 200
19  77  56  67 -14   0   2 0.83  0.0    0 10.2 29 310   M    M   5 13     41 310
20  82  52  67 -14   0   2 0.00  0.0    0  4.9 14 160   M    M   0 1      19 140
21  86  65  76  -5   0  11 0.10  0.0    0  6.6 14 160   M    M   7 13     20 170
22  82  67  75  -6   0  10 0.33  0.0    0  7.7 28 250   M    M   3 13     44 250
23  83  69  76  -4   0  11 1.63  0.0    0  9.2 32 350   M    M   6 13     39 340
24  80  66  73  -7   0   8 0.00  0.0    0  6.3 14  30   M    M   8        16  20
25  86  56  71  -9   0   6 0.00  0.0    0  4.9 14 120   M    M   0        19 120
26  88  58  73  -7   0   8 0.00  0.0    0  3.4  9 140   M    M   1 1      11 140
================================================================================
SM 2340 1765         0 369  2.96     0.0 155.1          M       50
================================================================================
AV 90.0 67.9                               6.0 FASTST   M    M   2    MAX(MPH)
                                 MISC ---->  # 32 350               # 44  250
================================================================================
NOTES:
# LAST OF SEVERAL OCCURRENCES

COLUMN 17 PEAK WIND IN M.P.H.

PRELIMINARY LOCAL CLIMATOLOGICAL DATA (WS FORM: F-6) , PAGE 2

                                          STATION:  MUSKOGEE OKLAHOMA
                                          MONTH:    AUGUST
                                          YEAR:     2015
                                          LATITUDE:   35 40 N
                                          LONGITUDE:  95 22 W

[TEMPERATURE DATA]      [PRECIPITATION DATA]       SYMBOLS USED IN COLUMN 16

AVERAGE MONTHLY: 78.9   TOTAL FOR MONTH:   2.96    1 = FOG OR MIST
DPTR FM NORMAL:  -2.6   DPTR FM NORMAL:    0.24    2 = FOG REDUCING VISIBILITY
HIGHEST:    99 ON  7    GRTST 24HR  1.95 ON 22-23      TO 1/4 MILE OR LESS
LOWEST:     52 ON 20                               3 = THUNDER
                        SNOW, ICE PELLETS, HAIL    4 = ICE PELLETS
                        TOTAL MONTH:   0.0 INCH    5 = HAIL
                        GRTST 24HR     0.0         6 = FREEZING RAIN OR DRIZZLE
                        GRTST DEPTH:   0           7 = DUSTSTORM OR SANDSTORM:
                                                       VSBY 1/2 MILE OR LESS
                                                   8 = SMOKE OR HAZE
[NO. OF DAYS WITH]      [WEATHER - DAYS WITH]      9 = BLOWING SNOW
                                                   X = TORNADO
MAX 32 OR BELOW:   0    0.01 INCH OR MORE:   5
MAX 90 OR ABOVE:  16    0.10 INCH OR MORE:   4
MIN 32 OR BELOW:   0    0.50 INCH OR MORE:   2
MIN  0 OR BELOW:   0    1.00 INCH OR MORE:   1

[HDD (BASE 65) ]
TOTAL THIS MO.     0    CLEAR  (SCALE 0-3)  21
DPTR FM NORMAL     0    PTCLDY (SCALE 4-7)   5
TOTAL FM JUL 1     0    CLOUDY (SCALE 8-10)  0
DPTR FM NORMAL     0

[CDD (BASE 65) ]
TOTAL THIS MO.   369
DPTR FM NORMAL   -61    [PRESSURE DATA]
TOTAL FM JAN 1  1534    HIGHEST SLP M ON M
DPTR FM NORMAL    71    LOWEST  SLP 29.68 ON 18

[REMARKS]
