000
CXUS53 KMPX 011000
CF6MKT
PRELIMINARY LOCAL CLIMATOLOGICAL DATA (WS FORM: F-6)

                                          STATION:   MANKATO MN
                                          MONTH:     AUGUST
                                          YEAR:      2014
                                          LATITUDE:   44 13 N
                                          LONGITUDE:  93 55 W

  TEMPERATURE IN F:       :PCPN:    SNOW:  WIND      :SUNSHINE: SKY     :PK WND
================================================================================
1   2   3   4   5  6A  6B    7    8   9   10  11  12  13   14  15   16   17  18
                                     12Z  AVG MX 2MIN
DY MAX MIN AVG DEP HDD CDD  WTR  SNW DPTH SPD SPD DIR MIN PSBL S-S WX    SPD DR
================================================================================

 1  81  57  69  -3   0   4    M    M    M  3.4  7 310   M    M   1         M  M
 2  82  61  72   0   0   7    M    M    M  3.3  7 230   M    M   2         M  M
 3  82  63  73   1   0   8    M    M    M  3.6 13 150   M    M   1         M  M
 4  79  63  71  -1   0   6    M    M    M  5.5 13  10   M    M   2         M  M
 5  79  59  69  -3   0   4    M    M    M  5.6 10  50   M    M   3         M  M
 6  79  63  71   0   0   6    M    M    M  7.2 14  90   M    M   0         M  M
 7  79  61  70  -1   0   5    M    M    M  7.5 16 130   M    M   4        20 130
 8  79  64  72   1   0   7    M    M    M  6.7 10 110   M    M   8         M  M
 9  81  64  73   2   0   8    M    M    M  8.3 12 140   M    M   5         M  M
10  81  64  73   2   0   8    M    M    M  6.9  9 140   M    M   7 3      17 190
11  75  61  68  -3   0   3    M    M    M 14.0 21 360   M    M   6        28 350
12  77  54  66  -5   0   1    M    M    M  8.6 16 330   M    M   0        24 350
13  81  57  69  -2   0   4    M    M    M  6.8 13 290   M    M   3         M  M
14  79  61  70   0   0   5    M    M    M  8.1 13 130   M    M   1         M  M
15  79  64  72   2   0   7    M    M    M  7.6 12 180   M    M   2        17 180
16  79  64  72   2   0   7    M    M    M  4.1  7 190   M    M   6         M  M
17  84  64  74   4   0   9    M    M    M  6.5 13 200   M    M   5 3      18 210
18  86  68  77   7   0  12    M    M    M  7.7 14 360   M    M   3        25 360
19  81  64  73   3   0   8    M    M    M  7.3 13 340   M    M   4         M  M
20  82  61  72   2   0   7    M    M    M  6.4 10 160   M    M   2         M  M
21  86  70  78   9   0  13    M    M    M  8.9 15 190   M    M   6 3      21 190
22  82  72  77   8   0  12    M    M    M  5.7  9  60   M    M   6         M  M
23  81  68  75   6   0  10    M    M    M  9.0 15  80   M    M   5 3      20 110
24  88  70  79  10   0  14    M    M    M 11.2 17 130   M    M   4 3      22 150
25  75  63  69   1   0   4    M    M    M  7.3 13 270   M    M   1         M  M
26  72  54  63  -5   2   0    M    M    M  4.1 12 350   M    M   1         M  M
27  73  61  67  -1   0   2    M    M    M  6.4  9 120   M    M   3         M  M
28  75  61  68   0   0   3    M    M    M 10.7 14 110   M    M   7        21 140
29  79  68  74   6   0   9    M    M    M  8.2 13 190   M    M   7        18 300
30  75  63  69   2   0   4    M    M    M  7.2 13 290   M    M   7         M  M
31  82  63  73   6   0   8    M    M    M 12.8 22 190   M    M   3 3      30 190
================================================================================
SM 2473 1950         2 205    M     M    226.6          M      115
================================================================================
AV 79.8 62.9                               7.3 FASTST   M    M   4    MAX(MPH)
                                 MISC ---->    22   M                 30    M
================================================================================
NOTES:
# LAST OF SEVERAL OCCURRENCES

COLUMN 17 PEAK WIND IN M.P.H.

PRELIMINARY LOCAL CLIMATOLOGICAL DATA (WS FORM: F-6) , PAGE 2

                                          STATION:  MANKATO MN
                                          MONTH:    AUGUST
                                          YEAR:     2014
                                          LATITUDE:   44 13 N
                                          LONGITUDE:  93 55 W

[TEMPERATURE DATA]      [PRECIPITATION DATA]       SYMBOLS USED IN COLUMN 16

AVERAGE MONTHLY: 71.3   TOTAL FOR MONTH:      M    1 = FOG OR MIST
DPTR FM NORMAL:   1.4   DPTR FM NORMAL:       M    2 = FOG REDUCING VISIBILITY
HIGHEST:    88 ON 24    GRTST 24HR    M  ON   M        TO 1/4 MILE OR LESS
LOWEST:     54 ON 26,12                            3 = THUNDER
                        SNOW, ICE PELLETS, HAIL    4 = ICE PELLETS
                        TOTAL MONTH:    M          5 = HAIL
                        GRTST 24HR    M  ON   M    6 = FREEZING RAIN OR DRIZZLE
                        GRTST DEPTH:  M  ON   M    7 = DUSTSTORM OR SANDSTORM:
                                                       VSBY 1/2 MILE OR LESS
                                                   8 = SMOKE OR HAZE
[NO. OF DAYS WITH]      [WEATHER - DAYS WITH]      9 = BLOWING SNOW
                                                   X = TORNADO
MAX 32 OR BELOW:   0    0.01 INCH OR MORE:   0
MAX 90 OR ABOVE:   0    0.10 INCH OR MORE:   0
MIN 32 OR BELOW:   0    0.50 INCH OR MORE:   0
MIN  0 OR BELOW:   0    1.00 INCH OR MORE:   0

[HDD (BASE 65) ]
TOTAL THIS MO.     2    CLEAR  (SCALE 0-3)  15
DPTR FM NORMAL   -22    PTCLDY (SCALE 4-7)  16
TOTAL FM JUL 1    15    CLOUDY (SCALE 8-10)  0
DPTR FM NORMAL   -17

[CDD (BASE 65) ]
TOTAL THIS MO.   205
DPTR FM NORMAL    29    [PRESSURE DATA]
TOTAL FM JAN 1   552    HIGHEST SLP M ON M
DPTR FM NORMAL   -40    LOWEST  SLP M ON M

[REMARKS]
#FINAL-08-14#
