000
CXUS53 KMPX 271000
CF6MKT
PRELIMINARY LOCAL CLIMATOLOGICAL DATA (WS FORM: F-6)

                                          STATION:   MANKATO MN
                                          MONTH:     MAY
                                          YEAR:      2015
                                          LATITUDE:   44 13 N
                                          LONGITUDE:  93 55 W

  TEMPERATURE IN F:       :PCPN:    SNOW:  WIND      :SUNSHINE: SKY     :PK WND
================================================================================
1   2   3   4   5  6A  6B    7    8   9   10  11  12  13   14  15   16   17  18
                                     12Z  AVG MX 2MIN
DY MAX MIN AVG DEP HDD CDD  WTR  SNW DPTH SPD SPD DIR MIN PSBL S-S WX    SPD DR
================================================================================

 1  70  46  58   5   7   0    M    M    M 11.6 21 200   M    M   3        28 180
 2  82  46  64  10   1   0    M    M    M 10.3 18 220   M    M   0 3      22 220
 3  82  54  68  14   0   3    M    M    M  8.8 14 140   M    M   1 3      16 210
 4  68  57  63   9   2   0    M    M    M  9.7 16  30   M    M   0        21  40
 5  61  52  57   2   8   0    M    M    M 13.3 21 120   M    M   8        28 110
 6  77  55  66  11   0   1    M    M    M 17.1 27 160   M    M   6        43 150
 7  75  55  65   9   0   0    M    M    M 15.9 22 180   M    M   9 3      31 180
 8  59  46  53  -3  12   0    M    M    M 12.1 16 300   M    M   7        22 300
 9  68  39  54  -2  11   0    M    M    M  8.2 13  20   M    M   0        17  50
10  63  50  57   1   8   0    M    M    M 16.3 23 120   M    M   9        29 120
11  59  41  50  -7  15   0    M    M    M 16.9 22 290   M    M  10        32 280
12  57  39  48  -9  17   0    M    M    M 15.0 24 300   M    M   7        30 300
13  72  45  59   1   6   0    M    M    M 17.5 24 130   M    M   3        31 150
14  57  48  53  -5  12   0    M    M    M 12.5 21 150   M    M   9        27 150
15  64  54  59   1   6   0    M    M    M  6.2 10 340   M    M   9         M  M
16  79  57  68  10   0   3    M    M    M 14.9 23 140   M    M   9 3      30 140
17  73  45  59   0   6   0    M    M    M 20.5 37 240   M    M   8 3      45 240
18  45  37  41 -18  24   0    M    M    M 21.1 28 270   M    M  10        36 260
19  54  34  44 -16  21   0    M    M    M  9.4 18 310   M    M   5        18 350
20  59  45  52  -8  13   0    M    M    M  4.7 10 280   M    M   2         M  M
21  72  43  58  -2   7   0    M    M    M 12.1 21 330   M    M   1        29 300
22  73  45  59  -1   6   0    M    M    M  3.6  9 110   M    M   0         M  M
23  73  52  63   2   2   0    M    M    M  6.4 16 190   M    M   8        24 190
24  64  59  62   1   3   0    M    M    M 10.3 18 130   M    M  10        22 130
25  75  59  67   6   0   2    M    M    M 10.0 22 260   M    M   7 3      29 260
26  61  55  58  -4   7   0    M    M    M  5.9 12 340   M    M   7         M  M
================================================================================
SM 1742 1258       194   9    M     M    310.3          M      148
================================================================================
AV 67.0 48.4                              11.9 FASTST   M    M   6    MAX(MPH)
                                 MISC ---->    37   M                 45    M
================================================================================
NOTES:
# LAST OF SEVERAL OCCURRENCES

COLUMN 17 PEAK WIND IN M.P.H.

PRELIMINARY LOCAL CLIMATOLOGICAL DATA (WS FORM: F-6) , PAGE 2

                                          STATION:  MANKATO MN
                                          MONTH:    MAY
                                          YEAR:     2015
                                          LATITUDE:   44 13 N
                                          LONGITUDE:  93 55 W

[TEMPERATURE DATA]      [PRECIPITATION DATA]       SYMBOLS USED IN COLUMN 16

AVERAGE MONTHLY: 57.7   TOTAL FOR MONTH:      M    1 = FOG OR MIST
DPTR FM NORMAL:   0.1   DPTR FM NORMAL:       M    2 = FOG REDUCING VISIBILITY
HIGHEST:    82 ON  3, 2 GRTST 24HR    M  ON   M        TO 1/4 MILE OR LESS
LOWEST:     34 ON 19                               3 = THUNDER
                        SNOW, ICE PELLETS, HAIL    4 = ICE PELLETS
                        TOTAL MONTH:    M          5 = HAIL
                        GRTST 24HR    M  ON   M    6 = FREEZING RAIN OR DRIZZLE
                        GRTST DEPTH:  M  ON   M    7 = DUSTSTORM OR SANDSTORM:
                                                       VSBY 1/2 MILE OR LESS
                                                   8 = SMOKE OR HAZE
[NO. OF DAYS WITH]      [WEATHER - DAYS WITH]      9 = BLOWING SNOW
                                                   X = TORNADO
MAX 32 OR BELOW:   0    0.01 INCH OR MORE:   0
MAX 90 OR ABOVE:   0    0.10 INCH OR MORE:   0
MIN 32 OR BELOW:   0    0.50 INCH OR MORE:   0
MIN  0 OR BELOW:   0    1.00 INCH OR MORE:   0

[HDD (BASE 65) ]
TOTAL THIS MO.   194    CLEAR  (SCALE 0-3)   8
DPTR FM NORMAL   -24    PTCLDY (SCALE 4-7)  10
TOTAL FM JUL 1  7486    CLOUDY (SCALE 8-10)  8
DPTR FM NORMAL  -253

[CDD (BASE 65) ]
TOTAL THIS MO.     9
DPTR FM NORMAL   -19    [PRESSURE DATA]
TOTAL FM JAN 1     9    HIGHEST SLP M ON M
DPTR FM NORMAL   -24    LOWEST  SLP M ON M

[REMARKS]
