000
CXUS53 KMPX 291000
CF6MKT
PRELIMINARY LOCAL CLIMATOLOGICAL DATA (WS FORM: F-6)

                                          STATION:   MANKATO MN
                                          MONTH:     SEPTEMBER
                                          YEAR:      2016
                                          LATITUDE:   44 13 N
                                          LONGITUDE:  93 55 W

  TEMPERATURE IN F:       :PCPN:    SNOW:  WIND      :SUNSHINE: SKY     :PK WND
================================================================================
1   2   3   4   5  6A  6B    7    8   9   10  11  12  13   14  15   16   17  18
                                     12Z  AVG MX 2MIN
DY MAX MIN AVG DEP HDD CDD  WTR  SNW DPTH SPD SPD DIR MIN PSBL S-S WX    SPD DR
================================================================================

 1  74  57  66  -1   0   1 0.00    M    M  5.8  9 130   M    M   1         M  M
 2  73  54  64  -2   1   0 0.00    M    M  9.5 15 160   M    M   1        18 160
 3  75  58  67   1   0   2 0.00    M    M 11.2 17 170   M    M   0        24 160
 4  77  61  69   3   0   4    T    M    M 13.0 18 150   M    M   2        30 150
 5  79  65  72   7   0   7 0.64    M    M 11.1 16 170   M    M   4 13     25 200
 6  78  67  73   8   0   8 0.95    M    M  6.8 12 190   M    M   6 13     20 180
 7  77  67  72   7   0   7 0.25    M    M  4.5 13  50   M    M   4 1       M  M
 8  76  59  68   4   0   3    T    M    M  7.8 14 300   M    M   1         M  M
 9  71  60  66   2   0   1 0.71    M    M  7.9 14 300   M    M   5 13     20 300
10  70  54  62  -1   3   0 0.00    M    M 10.9 16 320   M    M   2        24 330
11  79  53  66   3   0   1 0.00    M    M 10.7 22 190   M    M   0        32 190
12  80  59  70   7   0   5 0.00    M    M 10.5 15 220   M    M   3        24 170
13  63  53  58  -4   7   0    T    M    M 10.2 17 350   M    M   4        21 350
14  70  48  59  -3   6   0 0.00    M    M  5.1 10  20   M    M   2         M  M
15  74  55  65   4   0   0 1.37    M    M 10.0 21 130   M    M   6 13     22 160
16  77  60  69   8   0   4    T    M    M  8.3 14 250   M    M   5        16 210
17  71  55  63   2   2   0 0.00    M    M  8.3 14 280   M    M   5 1       M  M
18  84  54  69   9   0   4 0.00    M    M 10.3 22 200   M    M   0        27 200
19  79  60  70  10   0   5    T    M    M  5.3 10 200   M    M   0         M  M
20  80  54  67   8   0   2 1.12    M    M  6.3 13 120   M    M   1 13      M  M
21   M   M   M   M   M   M    M    M    M  9.0 14 120   M    M   3         M  M
22  72  63  68  10   0   3    M    M    M 10.7 15  60   M    M   5         M  M
23  68  62  65   7   0   0    M    M    M 13.9 20 120   M    M   9 1      25 130
24  81  65  73  15   0   8 0.07    M    M 14.7 20 120   M    M   6 138    25 130
25   M  52   M   M   M   M    M    M    M 12.1 20 260   M    M   5 1      25 260
26  67  49  58   1   7   0 0.00    M    M 14.7 27 290   M    M   0        41 290
27  66  44  55  -1  10   0    T    M    M 13.7 21 310   M    M   2        33 290
28  61  48  55  -1  10   0 0.00    M    M 12.2 16 360   M    M   7        22 350
================================================================================
SM 1922 1536        46  65  5.11    M    274.5          M       89
================================================================================
AV 73.9 56.9                               9.8 FASTST   M    M   3    MAX(MPH)
                                 MISC ---->  # 27 290                 41    M
================================================================================
NOTES:
# LAST OF SEVERAL OCCURRENCES

COLUMN 17 PEAK WIND IN M.P.H.

PRELIMINARY LOCAL CLIMATOLOGICAL DATA (WS FORM: F-6) , PAGE 2

                                          STATION:  MANKATO MN
                                          MONTH:    SEPTEMBER
                                          YEAR:     2016
                                          LATITUDE:   44 13 N
                                          LONGITUDE:  93 55 W

[TEMPERATURE DATA]      [PRECIPITATION DATA]       SYMBOLS USED IN COLUMN 16

AVERAGE MONTHLY: 65.4   TOTAL FOR MONTH:   5.11    1 = FOG OR MIST
DPTR FM NORMAL:   3.9   DPTR FM NORMAL:    2.08    2 = FOG REDUCING VISIBILITY
HIGHEST:    84 ON 18    GRTST 24HR  1.37 ON 15-15      TO 1/4 MILE OR LESS
LOWEST:     44 ON 27                               3 = THUNDER
                        SNOW, ICE PELLETS, HAIL    4 = ICE PELLETS
                        TOTAL MONTH:    M          5 = HAIL
                        GRTST 24HR    M  ON   M    6 = FREEZING RAIN OR DRIZZLE
                        GRTST DEPTH:  M  ON   M    7 = DUSTSTORM OR SANDSTORM:
                                                       VSBY 1/2 MILE OR LESS
                                                   8 = SMOKE OR HAZE
[NO. OF DAYS WITH]      [WEATHER - DAYS WITH]      9 = BLOWING SNOW
                                                   X = TORNADO
MAX 32 OR BELOW:   0    0.01 INCH OR MORE:   7
MAX 90 OR ABOVE:   0    0.10 INCH OR MORE:   6
MIN 32 OR BELOW:   0    0.50 INCH OR MORE:   5
MIN  0 OR BELOW:   0    1.00 INCH OR MORE:   2

[HDD (BASE 65) ]
TOTAL THIS MO.    46    CLEAR  (SCALE 0-3)  15
DPTR FM NORMAL  -106    PTCLDY (SCALE 4-7)  12
TOTAL FM JUL 1    52    CLOUDY (SCALE 8-10)  1
DPTR FM NORMAL  -132

[CDD (BASE 65) ]
TOTAL THIS MO.    65
DPTR FM NORMAL    10    [PRESSURE DATA]
TOTAL FM JAN 1   728    HIGHEST SLP M ON M
DPTR FM NORMAL    81    LOWEST  SLP M ON M

[REMARKS]
