000
CXUS52 KMLB 011346
CF6MLB
PRELIMINARY LOCAL CLIMATOLOGICAL DATA (WS FORM: F-6)

                                          STATION:   MELBOURNE
                                          MONTH:     APRIL
                                          YEAR:      2016
                                          LATITUDE:   28  6 N
                                          LONGITUDE:  80 39 W

  TEMPERATURE IN F:       :PCPN:    SNOW:  WIND      :SUNSHINE: SKY     :PK WND
================================================================================
1   2   3   4   5  6A  6B    7    8   9   10  11  12  13   14  15   16   17  18
                                     12Z  AVG MX 2MIN
DY MAX MIN AVG DEP HDD CDD  WTR  SNW DPTH SPD SPD DIR MIN PSBL S-S WX    SPD DR
================================================================================

 1  91  72  82  14   0  17    T  0.0    0 10.3 20 120   M    M   5 3      24 200
 2  84  72  78  10   0  13 0.01  0.0    0 12.2 24 210   M    M   3 18     31 220
 3  75  57  66  -2   0   1 0.00  0.0    0 11.1 20 340   M    M   3        27  10
 4  79  57  68   0   0   3 0.00  0.0    0  5.6 15  50   M    M   0        18  50
 5  82  56  69   0   0   4 0.00  0.0    0 10.0 24  70   M    M   0        30  70
 6  76  67  72   3   0   7    T  0.0    0 14.4 23  70   M    M   2        31  50
 7  82  62  72   3   0   7 0.05  0.0    0  9.4 22 280   M    M   3 1      26 230
 8  85  59  72   3   0   7 0.00  0.0    0  9.0 18 220   M    M   0 1      25 270
 9  74  51  63  -6   2   0 0.00  0.0    0  8.7 22 350   M    M   0        26 340
10  79  49  64  -5   1   0 0.00  0.0    0  9.6 18  90   M    M   1        23 100
11  78  69  74   4   0   9    T  0.0    0 13.1 21 100   M    M   3        26 100
12  80  57  69  -1   0   4 0.00  0.0    0  6.2 15 110   M    M   1 8      18 120
13  82  63  73   3   0   8 0.04  0.0    0  5.6 14  70   M    M   3 138    17  30
14  82  65  74   4   0   9 0.01  0.0    0  5.9 14  70   M    M   5 123    17  60
15  81  67  74   4   0   9 0.90  0.0    0  9.7 25  70   M    M   7 138    31  40
16  77  69  73   3   0   8 0.12  0.0    0 19.4 26  60   M    M   7 1      33  60
17  78  64  71   0   0   6 0.00  0.0    0 16.0 23  60   M    M   6        28  60
18  79  63  71   0   0   6    T  0.0    0 12.6 21  40   M    M   5        26  40
19  78  61  70  -1   0   5 0.00  0.0    0  8.5 17  70   M    M   3        20  50
20  79  59  69  -2   0   4 0.00  0.0    0  8.6 16 110   M    M   3        22 110
21  82  71  77   6   0  12 0.00  0.0    0 13.9 22 110   M    M   2        29 120
22  84  63  74   2   0   9 0.21  0.0    0  9.9 22 140   M    M   2 1      28 150
23  86  69  78   6   0  13    T  0.0    0  9.4 18 280   M    M   5        24 270
24  81  65  73   1   0   8 0.00  0.0    0  7.7 16  60   M    M   1 1      21  50
25  81  73  77   5   0  12 0.00  0.0    0 11.3 16  80   M    M   3        23 100
26  81  62  72   0   0   7 0.00  0.0    0  7.7 16 110   M    M   1        20 100
27  83  65  74   2   0   9 0.00  0.0    0  8.6 17 110   M    M   1        23 130
28  86  67  77   4   0  12 0.00  0.0    0  8.5 16 140   M    M   1        20 110
29  87  70  79   6   0  14 0.00  0.0    0  7.0 15 110   M    M   1        19 100
30  84  68  76   3   0  11 0.00  0.0    0  8.6 18 110   M    M   0        23 110
================================================================================
SM 2436 1912         3 234  1.34     0.0 298.5          M       77
================================================================================
AV 81.2 63.7                               9.9 FASTST   M    M   3    MAX(MPH)
                                 MISC ---->  # 26  60               # 33   60
================================================================================
NOTES:
# LAST OF SEVERAL OCCURRENCES

COLUMN 17 PEAK WIND IN M.P.H.

PRELIMINARY LOCAL CLIMATOLOGICAL DATA (WS FORM: F-6) , PAGE 2

                                          STATION:  MELBOURNE
                                          MONTH:    APRIL
                                          YEAR:     2016
                                          LATITUDE:   28  6 N
                                          LONGITUDE:  80 39 W

[TEMPERATURE DATA]      [PRECIPITATION DATA]       SYMBOLS USED IN COLUMN 16

AVERAGE MONTHLY: 72.5   TOTAL FOR MONTH:   1.34    1 = FOG OR MIST
DPTR FM NORMAL:   2.1   DPTR FM NORMAL:   -0.79    2 = FOG REDUCING VISIBILITY
HIGHEST:    91 ON  1    GRTST 24HR  1.02 ON 15-16      TO 1/4 MILE OR LESS
LOWEST:     49 ON 10                               3 = THUNDER
                        SNOW, ICE PELLETS, HAIL    4 = ICE PELLETS
                        TOTAL MONTH:   0.0 INCH    5 = HAIL
                        GRTST 24HR     0.0         6 = FREEZING RAIN OR DRIZZLE
                        GRTST DEPTH:   0           7 = DUSTSTORM OR SANDSTORM:
                                                       VSBY 1/2 MILE OR LESS
                                                   8 = SMOKE OR HAZE
[NO. OF DAYS WITH]      [WEATHER - DAYS WITH]      9 = BLOWING SNOW
                                                   X = TORNADO
MAX 32 OR BELOW:   0    0.01 INCH OR MORE:   7
MAX 90 OR ABOVE:   1    0.10 INCH OR MORE:   3
MIN 32 OR BELOW:   0    0.50 INCH OR MORE:   1
MIN  0 OR BELOW:   0    1.00 INCH OR MORE:   0

[HDD (BASE 65) ]
TOTAL THIS MO.     3    CLEAR  (SCALE 0-3)  22
DPTR FM NORMAL   -13    PTCLDY (SCALE 4-7)   8
TOTAL FM JUL 1   341    CLOUDY (SCALE 8-10)  0
DPTR FM NORMAL  -235

[CDD (BASE 65) ]
TOTAL THIS MO.   234
DPTR FM NORMAL    56    [PRESSURE DATA]
TOTAL FM JAN 1   560    HIGHEST SLP 30.27 ON 11
DPTR FM NORMAL   185    LOWEST  SLP 29.82 ON  2

[REMARKS]
#FINAL-04-16#
