000
CXUS52 KMLB 190652
CF6MLB
PRELIMINARY LOCAL CLIMATOLOGICAL DATA (WS FORM: F-6)

                                          STATION:   MELBOURNE
                                          MONTH:     JANUARY
                                          YEAR:      2017
                                          LATITUDE:   28  6 N
                                          LONGITUDE:  80 39 W

  TEMPERATURE IN F:       :PCPN:    SNOW:  WIND      :SUNSHINE: SKY     :PK WND
================================================================================
1   2   3   4   5  6A  6B    7    8   9   10  11  12  13   14  15   16   17  18
                                     12Z  AVG MX 2MIN
DY MAX MIN AVG DEP HDD CDD  WTR  SNW DPTH SPD SPD DIR MIN PSBL S-S WX    SPD DR
================================================================================

 1  80  55  68   8   0   3 0.00  0.0    0  6.4 16 120   M    M   3 1      23 140
 2  82  63  73  13   0   8    T  0.0    0  7.4 18 140   M    M   5 1      24 140
 3  86  67  77  17   0  12 0.00  0.0    0  8.3 22 220   M    M   3 1      26 220
 4  83  56  70  10   0   5    T  0.0    0  9.8 23 260   M    M   4 1      28 280
 5  77  53  65   5   0   0 0.00  0.0    0  6.4 16 290   M    M   1        20 290
 6  78  50  64   4   1   0    T  0.0    0  5.2 13 140   M    M   0 1      16 130
 7  77  44  61   1   4   0 0.39  0.0    0 15.0 23 330   M    M   7 13     29 290
 8  58  38  48 -12  17   0 0.00  0.0    0 16.1 26 350   M    M   3        32 350
 9  67  43  55  -5  10   0    T  0.0    0  8.2 16  50   M    M   5 1      21  50
10  69  48  59  -1   6   0 0.06  0.0    0  5.8 15 110   M    M   8 18     19 110
11  75  53  64   4   1   0    T  0.0    0  5.0 13 140   M    M   7 12     17 140
12  75  54  65   5   0   0 0.02  0.0    0  4.2 20 100   M    M   5 18     23 100
13  75  60  68   8   0   3 0.09  0.0    0  4.3 15  40   M    M   8 1      17  40
14  78  56  67   7   0   2 0.00  0.0    0  7.1 16 120   M    M   5 1      20 120
15  78  56  67   7   0   2 0.00  0.0    0  4.6 13  70   M    M   1 12     15  70
16  78  58  68   8   0   3 0.00  0.0    0  6.1 16 100   M    M   1        20 110
17  79  57  68   8   0   3 0.00  0.0    0  5.8 17 110   M    M   2        21 110
18  81  58  70  10   0   5 0.00  0.0    0  5.3 14 260   M    M   1 8      19 230
================================================================================
SM 1376  969        39  46  0.56     0.0 131.0          M       69
================================================================================
AV 76.4 53.8                               7.3 FASTST   M    M   4    MAX(MPH)
                                 MISC ---->  # 26 350               # 32  350
================================================================================
NOTES:
# LAST OF SEVERAL OCCURRENCES

COLUMN 17 PEAK WIND IN M.P.H.

PRELIMINARY LOCAL CLIMATOLOGICAL DATA (WS FORM: F-6) , PAGE 2

                                          STATION:  MELBOURNE
                                          MONTH:    JANUARY
                                          YEAR:     2017
                                          LATITUDE:   28  6 N
                                          LONGITUDE:  80 39 W

[TEMPERATURE DATA]      [PRECIPITATION DATA]       SYMBOLS USED IN COLUMN 16

AVERAGE MONTHLY: 65.1   TOTAL FOR MONTH:   0.56    1 = FOG OR MIST
DPTR FM NORMAL:   5.1   DPTR FM NORMAL:   -0.71    2 = FOG REDUCING VISIBILITY
HIGHEST:    86 ON  3    GRTST 24HR  0.39 ON  7- 7      TO 1/4 MILE OR LESS
LOWEST:     38 ON  8                               3 = THUNDER
                        SNOW, ICE PELLETS, HAIL    4 = ICE PELLETS
                        TOTAL MONTH:   0.0 INCH    5 = HAIL
                        GRTST 24HR     0.0         6 = FREEZING RAIN OR DRIZZLE
                        GRTST DEPTH:   0           7 = DUSTSTORM OR SANDSTORM:
                                                       VSBY 1/2 MILE OR LESS
                                                   8 = SMOKE OR HAZE
[NO. OF DAYS WITH]      [WEATHER - DAYS WITH]      9 = BLOWING SNOW
                                                   X = TORNADO
MAX 32 OR BELOW:   0    0.01 INCH OR MORE:   4
MAX 90 OR ABOVE:   0    0.10 INCH OR MORE:   1
MIN 32 OR BELOW:   0    0.50 INCH OR MORE:   0
MIN  0 OR BELOW:   0    1.00 INCH OR MORE:   0

[HDD (BASE 65) ]
TOTAL THIS MO.    39    CLEAR  (SCALE 0-3)   9
DPTR FM NORMAL   -69    PTCLDY (SCALE 4-7)   9
TOTAL FM JUL 1    86    CLOUDY (SCALE 8-10)  0
DPTR FM NORMAL  -201

[CDD (BASE 65) ]
TOTAL THIS MO.    46
DPTR FM NORMAL    25    [PRESSURE DATA]
TOTAL FM JAN 1    46    HIGHEST SLP M ON M
DPTR FM NORMAL    25    LOWEST  SLP 29.81 ON  4

[REMARKS]
