000
CXUS54 KTSA 270840
CF6MLC
PRELIMINARY LOCAL CLIMATOLOGICAL DATA (WS FORM: F-6)

                                          STATION:   MCALESTER OKLAHOMA
                                          MONTH:     AUGUST
                                          YEAR:      2014
                                          LATITUDE:   34 52 N
                                          LONGITUDE:  95 47 W

  TEMPERATURE IN F:       :PCPN:    SNOW:  WIND      :SUNSHINE: SKY     :PK WND
================================================================================
1   2   3   4   5  6A  6B    7    8   9   10  11  12  13   14  15   16   17  18
                                     12Z  AVG MX 2MIN
DY MAX MIN AVG DEP HDD CDD  WTR  SNW DPTH SPD SPD DIR MIN PSBL S-S WX    SPD DR
================================================================================

 1  82  65  74  -9   0   9 0.00  0.0    0  2.7  8 100   M    M   6 1      14  40
 2  87  63  75  -8   0  10 0.00  0.0    0  2.5  9  60   M    M   2 12     13  70
 3  89  65  77  -6   0  12 0.00  0.0    0  1.7  9  20   M    M   1 1      14  30
 4  90  65  78  -5   0  13 0.00  0.0    0  2.1  8 100   M    M   1 18     11 100
 5  91  64  78  -5   0  13 0.00  0.0    0  3.1 10 240   M    M   2 1      15 210
 6  92  72  82  -1   0  17 0.00  0.0    0  5.6 16 220   M    M   1 18     21 230
 7  89  76  83   0   0  18 0.25  0.0    0  6.1 14 170   M    M   3 13     22 170
 8  91  76  84   1   0  19    T  0.0    0  3.9 12 210   M    M   1 1      15 220
 9  90  73  82  -1   0  17 0.01  0.0    0  4.2 13 110   M    M   2 3      21  80
10  93  72  83   0   0  18 0.00  0.0    0  4.0 17 340   M    M   1        22 340
11  91  73  82  -1   0  17    T  0.0    0  6.4 17  10   M    M   2 3      21  20
12  86  62  74  -9   0   9 0.00  0.0    0  6.9 15  10   M    M   1        20  20
13  89  59  74  -9   0   9 0.00  0.0    0  2.7  9 360   M    M   1        13  20
14  89  63  76  -7   0  11 0.00  0.0    0  3.1 10 200   M    M   1        14 230
15  89  69  79  -4   0  14 0.00  0.0    0  5.8 13 180   M    M   1        18 160
16  93  76  85   3   0  20    T  0.0    0  6.6 17 220   M    M   2        22 210
17  84  73  79  -3   0  14    T  0.0    0  5.0 14 230   M    M   3        17 230
18  94  70  82   0   0  17    T  0.0    0  5.3 15 230   M    M   1        21 160
19  94  74  84   2   0  19 0.00  0.0    0  5.8 15 220   M    M   1        20 210
20  92  75  84   2   0  19    T  0.0    0  7.8 17 190   M    M   2        26 190
21  93  76  85   3   0  20 0.00  0.0    0  9.1 17 190   M    M   1        26 180
22  96  79  88   6   0  23 0.00  0.0    0  8.6 20 220   M    M   0        25 210
23  96  77  87   5   0  22 0.00  0.0    0  8.0 17 210   M    M   1        22 210
24  97  76  87   6   0  22 0.00  0.0    0  6.5 15 220   M    M   1        19 220
25  98  72  85   4   0  20 0.00  0.0    0  3.4 13 240   M    M   0        15 220
26  97  73  85   4   0  20 0.00  0.0    0  3.6  9 130   M    M   1        14 100
================================================================================
SM 2372 1838         0 422  0.26     0.0 130.5          M       39
================================================================================
AV 91.2 70.7                               5.0 FASTST   M    M   2    MAX(MPH)
                                 MISC ---->  # 20 220               # 26  190
================================================================================
NOTES:
# LAST OF SEVERAL OCCURRENCES

COLUMN 17 PEAK WIND IN M.P.H.

PRELIMINARY LOCAL CLIMATOLOGICAL DATA (WS FORM: F-6) , PAGE 2

                                          STATION:  MCALESTER OKLAHOMA
                                          MONTH:    AUGUST
                                          YEAR:     2014
                                          LATITUDE:   34 52 N
                                          LONGITUDE:  95 47 W

[TEMPERATURE DATA]      [PRECIPITATION DATA]       SYMBOLS USED IN COLUMN 16

AVERAGE MONTHLY: 81.0   TOTAL FOR MONTH:   0.26    1 = FOG OR MIST
DPTR FM NORMAL:  -1.5   DPTR FM NORMAL:   -1.89    2 = FOG REDUCING VISIBILITY
HIGHEST:    98 ON 25    GRTST 24HR  1.15 ON 31- 1      TO 1/4 MILE OR LESS
LOWEST:     59 ON 13                               3 = THUNDER
                        SNOW, ICE PELLETS, HAIL    4 = ICE PELLETS
                        TOTAL MONTH:   0.0 INCH    5 = HAIL
                        GRTST 24HR     0.0         6 = FREEZING RAIN OR DRIZZLE
                        GRTST DEPTH:   0           7 = DUSTSTORM OR SANDSTORM:
                                                       VSBY 1/2 MILE OR LESS
                                                   8 = SMOKE OR HAZE
[NO. OF DAYS WITH]      [WEATHER - DAYS WITH]      9 = BLOWING SNOW
                                                   X = TORNADO
MAX 32 OR BELOW:   0    0.01 INCH OR MORE:   2
MAX 90 OR ABOVE:  17    0.10 INCH OR MORE:   1
MIN 32 OR BELOW:   0    0.50 INCH OR MORE:   0
MIN  0 OR BELOW:   0    1.00 INCH OR MORE:   0

[HDD (BASE 65) ]
TOTAL THIS MO.     0    CLEAR  (SCALE 0-3)  24
DPTR FM NORMAL     0    PTCLDY (SCALE 4-7)   2
TOTAL FM JUL 1     0    CLOUDY (SCALE 8-10)  0
DPTR FM NORMAL     0

[CDD (BASE 65) ]
TOTAL THIS MO.   422
DPTR FM NORMAL   -31    [PRESSURE DATA]
TOTAL FM JAN 1  1538    HIGHEST SLP M ON M
DPTR FM NORMAL   -62    LOWEST  SLP 29.75 ON 19

[REMARKS]
