000
CXUS51 KCAR 260600
CF6MLT
PRELIMINARY LOCAL CLIMATOLOGICAL DATA (WS FORM: F-6)

                                          STATION:   MILLINOCKET ME
                                          MONTH:     SEPTEMBER
                                          YEAR:      2016
                                          LATITUDE:   45 39 N
                                          LONGITUDE:  68 41 W

  TEMPERATURE IN F:       :PCPN:    SNOW:  WIND      :SUNSHINE: SKY     :PK WND
================================================================================
1   2   3   4   5  6A  6B    7    8   9   10  11  12  13   14  15   16   17  18
                                     12Z  AVG MX 2MIN
DY MAX MIN AVG DEP HDD CDD  WTR  SNW DPTH SPD SPD DIR MIN PSBL S-S WX    SPD DR
================================================================================

 1  78  59  69   6   0   4 0.00    M    M  4.0 15 340   M    M   5 1      21 340
 2  71  53  62   0   3   0 0.00    M    M  4.4 15 340   M    M   7        19 340
 3  73  48  61  -1   4   0 0.00    M    M  2.4 12 330   M    M   1        17 330
 4  77  47  62   0   3   0 0.00    M    M  1.9  8 170   M    M   0        14 170
 5  78  50  64   2   1   0 0.00    M    M  2.1  8 160   M    M   0        13 140
 6  80  53  67   6   0   2 0.00    M    M  2.1  8 160   M    M   5        12 210
 7  82  66  74  13   0   9 0.00    M    M  4.8 12 170   M    M   4 1      21 180
 8  76  66  71  11   0   6    T    M    M  3.6  9 170   M    M   9        14 150
 9  86  61  74  14   0   9 0.07    M    M  5.9 21 310   M    M   4 1      28 310
10  80  56  68   8   0   3 0.02    M    M  3.0  9 160   M    M   3        15 160
11  70  50  60   1   5   0 0.73    M    M  8.4 24 290   M    M   6 123    38 290
12  74  50  62   3   3   0 0.00    M    M  7.0 17 310   M    M   2        27 290
13  78  47  63   5   2   0 0.00    M    M  2.3 10 210   M    M   0        18 220
14  69  51  60   2   5   0 0.03    M    M  3.0 16 310   M    M   3        24 290
15  66  40  53  -5  12   0 0.00    M    M  2.9 12 330   M    M   3        15 320
16  70  38  54  -3  11   0 0.00    M    M  2.2 10 240   M    M   2 12     15 200
17  74  49  62   5   3   0 0.02    M    M  4.5 13 180   M    M   4        20 160
18  73  60  67  11   0   2 0.11    M    M  2.8  9 210   M    M   6 1      14 230
19  71  62  67  11   0   2 0.00    M    M  1.4  8 120   M    M   9 12     10 120
20  77  60  69  13   0   4    T    M    M  3.5 10 170   M    M   6 18     16 220
21  79  54  67  12   0   2 0.00    M    M  4.2 18 290   M    M   1        28 290
22  72  49  61   6   4   0 0.00    M    M  3.0 13 300   M    M   3        18 310
23  58  40  49  -5  16   0 0.19    M    M  4.6 14  10   M    M   7 1      20  10
24  59  37  48  -6  17   0 0.00    M    M  7.5 21 310   M    M   3        28 320
25  56  42  49  -4  16   0 0.00    M    M  7.7 17 350   M    M   4        26  20
================================================================================
SM 1827 1288       105  43  1.17    M     99.2          M       97
================================================================================
AV 73.1 51.5                               4.0 FASTST   M    M   4    MAX(MPH)
                                 MISC ---->  # 24 290               # 38  290
================================================================================
NOTES:
# LAST OF SEVERAL OCCURRENCES

COLUMN 17 PEAK WIND IN M.P.H.

PRELIMINARY LOCAL CLIMATOLOGICAL DATA (WS FORM: F-6) , PAGE 2

                                          STATION:  MILLINOCKET ME
                                          MONTH:    SEPTEMBER
                                          YEAR:     2016
                                          LATITUDE:   45 39 N
                                          LONGITUDE:  68 41 W

[TEMPERATURE DATA]      [PRECIPITATION DATA]       SYMBOLS USED IN COLUMN 16

AVERAGE MONTHLY: 62.3   TOTAL FOR MONTH:   1.17    1 = FOG OR MIST
DPTR FM NORMAL:   4.0   DPTR FM NORMAL:   -1.83    2 = FOG REDUCING VISIBILITY
HIGHEST:    86 ON  9    GRTST 24HR  0.75 ON 10-11      TO 1/4 MILE OR LESS
LOWEST:     37 ON 24                               3 = THUNDER
                        SNOW, ICE PELLETS, HAIL    4 = ICE PELLETS
                        TOTAL MONTH:    M          5 = HAIL
                        GRTST 24HR    M  ON   M    6 = FREEZING RAIN OR DRIZZLE
                        GRTST DEPTH:  M  ON   M    7 = DUSTSTORM OR SANDSTORM:
                                                       VSBY 1/2 MILE OR LESS
                                                   8 = SMOKE OR HAZE
[NO. OF DAYS WITH]      [WEATHER - DAYS WITH]      9 = BLOWING SNOW
                                                   X = TORNADO
MAX 32 OR BELOW:   0    0.01 INCH OR MORE:   7
MAX 90 OR ABOVE:   0    0.10 INCH OR MORE:   3
MIN 32 OR BELOW:   0    0.50 INCH OR MORE:   1
MIN  0 OR BELOW:   0    1.00 INCH OR MORE:   0

[HDD (BASE 65) ]
TOTAL THIS MO.   105    CLEAR  (SCALE 0-3)  10
DPTR FM NORMAL   -79    PTCLDY (SCALE 4-7)  13
TOTAL FM JUL 1   145    CLOUDY (SCALE 8-10)  2
DPTR FM NORMAL  -118

[CDD (BASE 65) ]
TOTAL THIS MO.    43
DPTR FM NORMAL    28    [PRESSURE DATA]
TOTAL FM JAN 1   350    HIGHEST SLP M ON M
DPTR FM NORMAL    84    LOWEST  SLP 29.63 ON 11

[REMARKS]
