000
CXUS51 KCAR 310600
CF6MLT
PRELIMINARY LOCAL CLIMATOLOGICAL DATA (WS FORM: F-6)

                                          STATION:   MILLINOCKET ME
                                          MONTH:     JULY
                                          YEAR:      2016
                                          LATITUDE:   45 39 N
                                          LONGITUDE:  68 41 W

  TEMPERATURE IN F:       :PCPN:    SNOW:  WIND      :SUNSHINE: SKY     :PK WND
================================================================================
1   2   3   4   5  6A  6B    7    8   9   10  11  12  13   14  15   16   17  18
                                     12Z  AVG MX 2MIN
DY MAX MIN AVG DEP HDD CDD  WTR  SNW DPTH SPD SPD DIR MIN PSBL S-S WX    SPD DR
================================================================================

 1  84  52  68   1   0   3 0.20    M    M  3.5 12 180   M    M   2 1      18 170
 2  74  53  64  -3   1   0 0.29    M    M  7.9 18 290   M    M   7 1      33 260
 3  75  49  62  -5   3   0 0.00    M    M  8.2 25 310   M    M   2        37 310
 4  83  52  68   0   0   3 0.00    M    M  5.1 16 310   M    M   1        26 320
 5  85  55  70   2   0   5 0.00    M    M  1.7 12  30   M    M   3 8      17  10
 6  79  61  70   2   0   5 0.14    M    M  5.3 12  80   M    M   6 1      18  40
 7  62  53  58 -10   7   0 0.88    M    M  6.8 12  80   M    M  10 13     16  90
 8  62  53  58 -10   7   0 0.00    M    M  5.3 10  50   M    M  10 1      14  50
 9  59  54  57 -11   8   0 0.01    M    M  3.8 12  90   M    M  10 1      15  90
10  61  56  59  -9   6   0 0.43    M    M  4.9 10  30   M    M  10 1      13  30
11  79  51  65  -3   0   0 0.00    M    M  5.0 14  30   M    M   2 8      20  30
12  85  63  74   6   0   9    T    M    M  5.4 15 300   M    M   3 8      20 290
13  87  58  73   5   0   8 0.00    M    M  3.8 12 170   M    M   0        20 170
14  86  64  75   7   0  10    T    M    M  5.0 15 180   M    M   4        23 170
15  85  66  76   8   0  11 0.02    M    M  4.6 16 310   M    M   3 1      22 290
16  81  62  72   4   0   7 0.00    M    M  3.0 10 310   M    M   6        15 340
17  75  62  69   1   0   4 0.04    M    M  1.1  9 150   M    M   5 1      14 150
18  79  63  71   3   0   6 0.07    M    M  4.7 17 310   M    M   7 13     25 320
19  72  56  64  -4   1   0 0.00    M    M  7.0 18 300   M    M   4        27 330
20  77  55  66  -2   0   1 0.00    M    M  9.1 21 310   M    M   0        32 320
21  83  61  72   4   0   7 0.00    M    M  4.4 14 310   M    M   1        19 270
22  90  65  78  10   0  13    T    M    M  4.5 17 300   M    M   2 3      30 290
23  84  64  74   6   0   9 0.00    M    M  5.4 14 310   M    M   1 3      21 310
24  84  59  72   4   0   7 0.00    M    M  5.0 15 310   M    M   1        20 310
25  84  62  73   5   0   8 0.02    M    M  2.4  8 190   M    M   2 1      14 190
26  86  63  75   7   0  10 0.05    M    M  5.7 23 330   M    M   4 1      29 330
27  87  65  76   8   0  11 0.00    M    M  2.4 12 320   M    M   1        17 300
28  81  64  73   5   0   8 0.08    M    M  1.0 13 330   M    M   5 13     18 350
29  82  63  73   5   0   8 0.00    M    M  1.5  8 360   M    M   8        11 320
30  80  56  68   0   0   3 0.00    M    M  3.6 14 310   M    M   2        19 310
================================================================================
SM 2371 1760        33 156  2.23    M    137.1          M      122
================================================================================
AV 79.0 58.7                               4.6 FASTST   M    M   4    MAX(MPH)
                                 MISC ---->  # 25 310               # 37  310
================================================================================
NOTES:
# LAST OF SEVERAL OCCURRENCES

COLUMN 17 PEAK WIND IN M.P.H.

PRELIMINARY LOCAL CLIMATOLOGICAL DATA (WS FORM: F-6) , PAGE 2

                                          STATION:  MILLINOCKET ME
                                          MONTH:    JULY
                                          YEAR:     2016
                                          LATITUDE:   45 39 N
                                          LONGITUDE:  68 41 W

[TEMPERATURE DATA]      [PRECIPITATION DATA]       SYMBOLS USED IN COLUMN 16

AVERAGE MONTHLY: 68.8   TOTAL FOR MONTH:   2.23    1 = FOG OR MIST
DPTR FM NORMAL:   0.9   DPTR FM NORMAL:   -1.50    2 = FOG REDUCING VISIBILITY
HIGHEST:    90 ON 22    GRTST 24HR  0.88 ON  7- 7      TO 1/4 MILE OR LESS
LOWEST:     49 ON  3                               3 = THUNDER
                        SNOW, ICE PELLETS, HAIL    4 = ICE PELLETS
                        TOTAL MONTH:    M          5 = HAIL
                        GRTST 24HR    M  ON   M    6 = FREEZING RAIN OR DRIZZLE
                        GRTST DEPTH:  M  ON   M    7 = DUSTSTORM OR SANDSTORM:
                                                       VSBY 1/2 MILE OR LESS
                                                   8 = SMOKE OR HAZE
[NO. OF DAYS WITH]      [WEATHER - DAYS WITH]      9 = BLOWING SNOW
                                                   X = TORNADO
MAX 32 OR BELOW:   0    0.01 INCH OR MORE:  12
MAX 90 OR ABOVE:   1    0.10 INCH OR MORE:   5
MIN 32 OR BELOW:   0    0.50 INCH OR MORE:   1
MIN  0 OR BELOW:   0    1.00 INCH OR MORE:   0

[HDD (BASE 65) ]
TOTAL THIS MO.    33    CLEAR  (SCALE 0-3)  15
DPTR FM NORMAL     3    PTCLDY (SCALE 4-7)  11
TOTAL FM JUL 1    33    CLOUDY (SCALE 8-10)  4
DPTR FM NORMAL     3

[CDD (BASE 65) ]
TOTAL THIS MO.   156
DPTR FM NORMAL    40    [PRESSURE DATA]
TOTAL FM JAN 1   188    HIGHEST SLP M ON M
DPTR FM NORMAL    17    LOWEST  SLP 29.56 ON 22

[REMARKS]
