000
CXUS51 KCAR 250600
CF6MLT
PRELIMINARY LOCAL CLIMATOLOGICAL DATA (WS FORM: F-6)

                                          STATION:   MILLINOCKET ME
                                          MONTH:     AUGUST
                                          YEAR:      2016
                                          LATITUDE:   45 39 N
                                          LONGITUDE:  68 41 W

  TEMPERATURE IN F:       :PCPN:    SNOW:  WIND      :SUNSHINE: SKY     :PK WND
================================================================================
1   2   3   4   5  6A  6B    7    8   9   10  11  12  13   14  15   16   17  18
                                     12Z  AVG MX 2MIN
DY MAX MIN AVG DEP HDD CDD  WTR  SNW DPTH SPD SPD DIR MIN PSBL S-S WX    SPD DR
================================================================================

 1  82  54  68   0   0   3 0.00    M    M  2.8 12  90   M    M   2        16  30
 2  82  57  70   2   0   5 0.00    M    M  2.0  9  70   M    M   4        14 110
 3  86  55  71   4   0   6 0.00    M    M  1.3 10 130   M    M   3        16 170
 4  84  62  73   6   0   8 0.14    M    M  2.4 14 290   M    M   5 3      23 230
 5  89  60  75   8   0  10 0.00    M    M  4.6 13 230   M    M   1        21 240
 6  83  64  74   7   0   9 0.39    M    M  5.5 18 300   M    M   3 13     26 300
 7  80  62  71   4   0   6 0.01    M    M  8.7 22 320   M    M   1        30 330
 8  78  54  66  -1   0   1 0.00    M    M  9.9 25 310   M    M   1        37 320
 9  80  50  65  -2   0   0 0.00    M    M  4.2 13 310   M    M   0        19 300
10  84  50  67   0   0   2 0.00    M    M  3.7 13 170   M    M   2        21 190
11  88  64  76   9   0  11 0.20    M    M  2.6 15 340   M    M   4 1      20 330
12  65  60  63  -4   2   0 0.47    M    M  2.6 13  50   M    M   6 1      17  40
13  68  59  64  -2   1   0 0.46    M    M  2.3  8 110   M    M   8 1      10 120
14  75  60  68   2   0   3 0.42    M    M  2.4  8  50   M    M  10 12     12 160
15  74  55  65  -1   0   0 0.00    M    M  4.9 16 330   M    M   6 12     22 330
16  79  52  66   0   0   1 0.16    M    M  2.7  9 100   M    M   2 1      13 220
17  76  60  68   2   0   3 0.63    M    M  6.6 17 120   M    M   7 1      26 110
18  81  59  70   4   0   5 0.09    M    M  4.4 18 310   M    M   2        25 320
19  79  53  66   0   0   1 0.00    M    M  3.7 14  10   M    M   1        19  40
20  79  50  65  -1   0   0 0.00    M    M  3.0 10 170   M    M   1 12     14 170
21  79  61  70   5   0   5 0.00    M    M  6.2 15 170   M    M   5        24 160
22  70  58  64  -1   1   0 1.17    M    M  8.9 23 310   M    M   8 12     34 270
23  78  56  67   2   0   2 0.00    M    M  7.3 17 310   M    M   2        26 290
24  83  57  70   5   0   5 0.00    M    M  2.7 10 270   M    M   0        16 260
================================================================================
SM 1902 1372         4  86  4.14    M    105.4          M       84
================================================================================
AV 79.2 57.2                               4.4 FASTST   M    M   4    MAX(MPH)
                                 MISC ---->  # 25 310               # 37  320
================================================================================
NOTES:
# LAST OF SEVERAL OCCURRENCES

COLUMN 17 PEAK WIND IN M.P.H.

PRELIMINARY LOCAL CLIMATOLOGICAL DATA (WS FORM: F-6) , PAGE 2

                                          STATION:  MILLINOCKET ME
                                          MONTH:    AUGUST
                                          YEAR:     2016
                                          LATITUDE:   45 39 N
                                          LONGITUDE:  68 41 W

[TEMPERATURE DATA]      [PRECIPITATION DATA]       SYMBOLS USED IN COLUMN 16

AVERAGE MONTHLY: 68.2   TOTAL FOR MONTH:   4.14    1 = FOG OR MIST
DPTR FM NORMAL:   1.8   DPTR FM NORMAL:    1.11    2 = FOG REDUCING VISIBILITY
HIGHEST:    89 ON  5    GRTST 24HR  1.17 ON 22-22      TO 1/4 MILE OR LESS
LOWEST:     50 ON 20,10                            3 = THUNDER
                        SNOW, ICE PELLETS, HAIL    4 = ICE PELLETS
                        TOTAL MONTH:    M          5 = HAIL
                        GRTST 24HR    M  ON   M    6 = FREEZING RAIN OR DRIZZLE
                        GRTST DEPTH:  M  ON   M    7 = DUSTSTORM OR SANDSTORM:
                                                       VSBY 1/2 MILE OR LESS
                                                   8 = SMOKE OR HAZE
[NO. OF DAYS WITH]      [WEATHER - DAYS WITH]      9 = BLOWING SNOW
                                                   X = TORNADO
MAX 32 OR BELOW:   0    0.01 INCH OR MORE:  11
MAX 90 OR ABOVE:   0    0.10 INCH OR MORE:   9
MIN 32 OR BELOW:   0    0.50 INCH OR MORE:   2
MIN  0 OR BELOW:   0    1.00 INCH OR MORE:   1

[HDD (BASE 65) ]
TOTAL THIS MO.     4    CLEAR  (SCALE 0-3)  14
DPTR FM NORMAL   -29    PTCLDY (SCALE 4-7)   9
TOTAL FM JUL 1    37    CLOUDY (SCALE 8-10)  1
DPTR FM NORMAL   -20

[CDD (BASE 65) ]
TOTAL THIS MO.    86
DPTR FM NORMAL    21    [PRESSURE DATA]
TOTAL FM JAN 1   276    HIGHEST SLP M ON M
DPTR FM NORMAL    39    LOWEST  SLP 29.50 ON  6

[REMARKS]
