425
CXUS54 KSHV 241300
CF6MLU
PRELIMINARY LOCAL CLIMATOLOGICAL DATA (WS FORM: F-6)

                                          STATION:   MONROE
                                          MONTH:     JULY
                                          YEAR:      2017
                                          LATITUDE:   32 30 N
                                          LONGITUDE:  92  2 W

  TEMPERATURE IN F:       :PCPN:    SNOW:  WIND      :SUNSHINE: SKY     :PK WND
================================================================================
1   2   3   4   5  6A  6B    7    8   9   10  11  12  13   14  15   16   17  18
                                     12Z  AVG MX 2MIN
DY MAX MIN AVG DEP HDD CDD  WTR  SNW DPTH SPD SPD DIR MIN PSBL S-S WX    SPD DR
================================================================================

 1  94  74  84   1   0  19 0.00  0.0    0  7.1 26 360   M    M   5 138    35 350
 2  91  72  82  -1   0  17 0.02  0.0    0  4.0 22 330   M    M   5 38     29 340
 3  91  76  84   1   0  19 0.00  0.0    0  6.9 16 240   M    M   2 18     22 250
 4  90  75  83   0   0  18 0.01  0.0    0  5.7 15 230   M    M   3 13     21 220
 5  92  75  84   1   0  19 0.00  0.0    0  7.1 17 270   M    M   3 3      22 260
 6  92  76  84   1   0  19 0.00  0.0    0  4.6 14 230   M    M   3 13     18 210
 7  95  73  84   1   0  19 0.00  0.0    0  5.6 14 230   M    M   3 3      19 210
 8  92  75  84   1   0  19 0.00  0.0    0  5.2 30 360   M    M   1 1      35 360
 9  94  73  84   1   0  19 0.00  0.0    0  3.1 12 220   M    M   2        14 210
10  93  70  82  -1   0  17    T  0.0    0  3.6 13 170   M    M   2        18 140
11  93  73  83   0   0  18 0.00  0.0    0  3.9 10 170   M    M   5 128    14 180
12  92  72  82  -1   0  17 0.10  0.0    0  3.6 21 210   M    M   4 138    27 210
13  87  73  80  -3   0  15    T  0.0    0  3.0 20 270   M    M   0 13     22 270
14  93  71  82  -1   0  17 0.88  0.0    0  2.8 24 170   M    M   5 1238   31 160
15  93  72  83   0   0  18 0.03  0.0    0  2.8 16  40   M    M   3 123    22  40
16  93  74  84   1   0  19 0.00  0.0    0  4.4 13  30   M    M   4 8      16  70
17  95  74  85   2   0  20 0.00  0.0    0  3.7 10  50   M    M   3 1      14  70
18  97  74  86   3   0  21 0.00  0.0    0  1.5 10  60   M    M   3 18     13 110
19  97  76  87   4   0  22 0.00  0.0    0  1.2  8  30   M    M   1 18     10 160
20  99  76  88   5   0  23 0.00  0.0    0  1.9  8 330   M    M   2 1      11 290
21  98  77  88   5   0  23    T  0.0    0  2.5  9 240   M    M   1 3      12 220
22  96  74  85   2   0  20 0.52  0.0    0  4.1 16 160   M    M   2 138    24 170
23  90  73  82  -1   0  17 0.65  0.0    0  4.6 15 280   M    M   4 138    20 270
================================================================================
SM 2147 1698         0 435  2.21     0.0  92.9          M       66
================================================================================
AV 93.4 73.8                               4.0 FASTST   M    M   3    MAX(MPH)
                                 MISC ---->  # 30 360               # 35  350
================================================================================
NOTES:
# LAST OF SEVERAL OCCURRENCES

COLUMN 17 PEAK WIND IN M.P.H.

PRELIMINARY LOCAL CLIMATOLOGICAL DATA (WS FORM: F-6) , PAGE 2

                                          STATION:  MONROE
                                          MONTH:    JULY
                                          YEAR:     2017
                                          LATITUDE:   32 30 N
                                          LONGITUDE:  92  2 W

[TEMPERATURE DATA]      [PRECIPITATION DATA]       SYMBOLS USED IN COLUMN 16

AVERAGE MONTHLY: 83.6   TOTAL FOR MONTH:   2.21    1 = FOG OR MIST
DPTR FM NORMAL:   0.6   DPTR FM NORMAL:   -0.59    2 = FOG REDUCING VISIBILITY
HIGHEST:    99 ON 20    GRTST 24HR  0.88 ON 14-14      TO 1/4 MILE OR LESS
LOWEST:     70 ON 10                               3 = THUNDER
                        SNOW, ICE PELLETS, HAIL    4 = ICE PELLETS
                        TOTAL MONTH:   0.0 INCH    5 = HAIL
                        GRTST 24HR     0.0         6 = FREEZING RAIN OR DRIZZLE
                        GRTST DEPTH:   0           7 = DUSTSTORM OR SANDSTORM:
                                                       VSBY 1/2 MILE OR LESS
                                                   8 = SMOKE OR HAZE
[NO. OF DAYS WITH]      [WEATHER - DAYS WITH]      9 = BLOWING SNOW
                                                   X = TORNADO
MAX 32 OR BELOW:   0    0.01 INCH OR MORE:   7
MAX 90 OR ABOVE:  22    0.10 INCH OR MORE:   4
MIN 32 OR BELOW:   0    0.50 INCH OR MORE:   3
MIN  0 OR BELOW:   0    1.00 INCH OR MORE:   0

[HDD (BASE 65) ]
TOTAL THIS MO.     0    CLEAR  (SCALE 0-3)  14
DPTR FM NORMAL     0    PTCLDY (SCALE 4-7)   9
TOTAL FM JUL 1     0    CLOUDY (SCALE 8-10)  0
DPTR FM NORMAL     0

[CDD (BASE 65) ]
TOTAL THIS MO.   435
DPTR FM NORMAL    21    [PRESSURE DATA]
TOTAL FM JAN 1  1363    HIGHEST SLP M ON M
DPTR FM NORMAL    48    LOWEST  SLP 29.83 ON 23

[REMARKS]
