000
CXUS54 KSHV 201300
CF6MLU
PRELIMINARY LOCAL CLIMATOLOGICAL DATA (WS FORM: F-6)

                                          STATION:   MONROE
                                          MONTH:     AUGUST
                                          YEAR:      2014
                                          LATITUDE:   32 30 N
                                          LONGITUDE:  92  2 W

  TEMPERATURE IN F:       :PCPN:    SNOW:  WIND      :SUNSHINE: SKY     :PK WND
================================================================================
1   2   3   4   5  6A  6B    7    8   9   10  11  12  13   14  15   16   17  18
                                     12Z  AVG MX 2MIN
DY MAX MIN AVG DEP HDD CDD  WTR  SNW DPTH SPD SPD DIR MIN PSBL S-S WX    SPD DR
================================================================================

 1  72  68  70 -13   0   5 1.73  0.0    0  5.7 12  80   M    M  10 13     17  80
 2  80  70  75  -8   0  10 0.08  0.0    0  5.2 10  30   M    M  10 18     14  70
 3  89  73  81  -2   0  16 0.29  0.0    0  4.6 12  20   M    M   6 13     16  60
 4  91  72  82  -1   0  17    T  0.0    0  3.8 20  60   M    M   2 18     24  60
 5  94  70  82  -1   0  17 0.00  0.0    0  1.6  7  80   M    M   1 128    23  80
 6  94  71  83   0   0  18 0.98  0.0    0  2.0 25 260   M    M   2 138    28 250
 7  93  74  84   1   0  19 0.05  0.0    0  4.4 20 210   M    M   2 1      29 220
 8  90  76  83   0   0  18 0.04  0.0    0  3.3 28 360   M    M   3 13     33 360
 9  91  74  83   0   0  18 0.73  0.0    0  4.5 18  30   M    M   3 13     29  40
10  93  73  83   0   0  18    T  0.0    0  2.9 10 250   M    M   1 13     15  50
11  91  73  82  -1   0  17 0.17  0.0    0  4.9 20 260   M    M   3 138    25 260
12  91  68  80  -3   0  15 0.00  0.0    0  4.7 14 360   M    M   1 18     18 360
13  88  65  77  -6   0  12 0.00  0.0    0  3.3 13  40   M    M   2 12     16  40
14  89  63  76  -7   0  11 0.00  0.0    0  2.6 12 110   M    M   1 1      15  60
15  88  63  76  -7   0  11 0.00  0.0    0  0.4  7 320   M    M   2 1      10 170
16  92  67  80  -3   0  15 0.00  0.0    0  4.0 13 230   M    M   2        16 240
17  94  73  84   1   0  19 0.00  0.0    0  6.9 21 260   M    M   3 1      25 240
18  91  73  82  -1   0  17    T  0.0    0  6.7 17 250   M    M   2 18     22 250
19  93  75  84   1   0  19 0.00  0.0    0  6.6 15 230   M    M   1        18 230
================================================================================
SM 1704 1341         0 292  4.07     0.0  78.1          M       57
================================================================================
AV 89.7 70.6                               4.1 FASTST   M    M   3    MAX(MPH)
                                 MISC ---->  # 28 360               # 33  360
================================================================================
NOTES:
# LAST OF SEVERAL OCCURRENCES

COLUMN 17 PEAK WIND IN M.P.H.

PRELIMINARY LOCAL CLIMATOLOGICAL DATA (WS FORM: F-6) , PAGE 2

                                          STATION:  MONROE
                                          MONTH:    AUGUST
                                          YEAR:     2014
                                          LATITUDE:   32 30 N
                                          LONGITUDE:  92  2 W

[TEMPERATURE DATA]      [PRECIPITATION DATA]       SYMBOLS USED IN COLUMN 16

AVERAGE MONTHLY: 80.1   TOTAL FOR MONTH:   4.07    1 = FOG OR MIST
DPTR FM NORMAL:  -2.9   DPTR FM NORMAL:    2.21    2 = FOG REDUCING VISIBILITY
HIGHEST:    94 ON 17, 6 GRTST 24HR  1.73 ON  1- 1      TO 1/4 MILE OR LESS
LOWEST:     63 ON 15,14                            3 = THUNDER
                        SNOW, ICE PELLETS, HAIL    4 = ICE PELLETS
                        TOTAL MONTH:   0.0 INCH    5 = HAIL
                        GRTST 24HR     0.0         6 = FREEZING RAIN OR DRIZZLE
                        GRTST DEPTH:   0           7 = DUSTSTORM OR SANDSTORM:
                                                       VSBY 1/2 MILE OR LESS
                                                   8 = SMOKE OR HAZE
[NO. OF DAYS WITH]      [WEATHER - DAYS WITH]      9 = BLOWING SNOW
                                                   X = TORNADO
MAX 32 OR BELOW:   0    0.01 INCH OR MORE:   8
MAX 90 OR ABOVE:  13    0.10 INCH OR MORE:   5
MIN 32 OR BELOW:   0    0.50 INCH OR MORE:   3
MIN  0 OR BELOW:   0    1.00 INCH OR MORE:   1

[HDD (BASE 65) ]
TOTAL THIS MO.     0    CLEAR  (SCALE 0-3)  15
DPTR FM NORMAL     0    PTCLDY (SCALE 4-7)   2
TOTAL FM JUL 1     0    CLOUDY (SCALE 8-10)  2
DPTR FM NORMAL     0

[CDD (BASE 65) ]
TOTAL THIS MO.   292
DPTR FM NORMAL   -50    [PRESSURE DATA]
TOTAL FM JAN 1  1548    HIGHEST SLP M ON M
DPTR FM NORMAL  -254    LOWEST  SLP 29.83 ON  7

[REMARKS]
