000
CXUS54 KMOB 301346
CF6MOB
PRELIMINARY LOCAL CLIMATOLOGICAL DATA (WS FORM: F-6)

                                          STATION:   MOBILE
                                          MONTH:     MARCH
                                          YEAR:      2017
                                          LATITUDE:   30 40 N
                                          LONGITUDE:  88 15 W

  TEMPERATURE IN F:       :PCPN:    SNOW:  WIND      :SUNSHINE: SKY     :PK WND
================================================================================
1   2   3   4   5  6A  6B    7    8   9   10  11  12  13   14  15   16   17  18
                                     12Z  AVG MX 2MIN
DY MAX MIN AVG DEP HDD CDD  WTR  SNW DPTH SPD SPD DIR MIN PSBL S-S WX    SPD DR
================================================================================

 1  80  62  71  14   0   6 0.18  0.0    0 12.9 28 350   M    M   9 18     33 350
 2  66  50  58   1   7   0 0.00  0.0    0 14.5 26  10   M    M   7        33  20
 3  71  40  56  -2   9   0 0.00  0.0    0  9.9 23  20   M    M   0        30  20
 4  69  40  55  -3  10   0    T  0.0    0  5.4 14 110   M    M   3        19 110
 5  73  48  61   3   4   0 0.00  0.0    0 11.8 22 130   M    M   6        27 130
 6  74  58  66   8   0   1    T  0.0    0 14.7 31 130   M    M   6        38 130
 7  78  62  70  12   0   5 1.27  0.0    0 11.8 24 190   M    M   8 138    30 170
 8  76  54  65   6   0   0    T  0.0    0  5.2 24 350   M    M   7 1      30 340
 9  81  51  66   7   0   1 0.00  0.0    0  4.6 13 190   M    M   5        16 140
10  80  56  68   9   0   3 0.01  0.0    0  6.1 16  20   M    M   7 1      20  10
11  74  52  63   4   2   0    T  0.0    0  8.1 14  30   M    M   6        19  20
12  59  45  52  -7  13   0 0.13  0.0    0 11.5 20  10   M    M   7 1      26  10
13  59  48  54  -6  11   0 0.09  0.0    0  8.5 20 340   M    M  10 18     25 320
14  54  40  47 -13  18   0 0.00  0.0    0  9.2 18 340   M    M   5 1      23 320
15  56  34  45 -15  20   0 0.00  0.0    0  8.2 18 340   M    M   2        28  10
16  64  34  49 -11  16   0 0.00  0.0    0  3.2 10 170   M    M   3        13  60
17  72  39  56  -4   9   0 0.00  0.0    0  6.1 16 190   M    M   4        21 190
18  78  52  65   4   0   0 0.00  0.0    0  5.8 14 250   M    M   3 1      24 270
19  83  49  66   5   0   1 0.00  0.0    0  3.4 14  40   M    M   0 1      17 280
20  84  53  69   8   0   4 0.00  0.0    0  6.3 21 200   M    M   5 18     25 210
21  84  63  74  13   0   9 0.00  0.0    0  6.7 15 200   M    M   3 18     21 230
22  88  61  75  14   0  10 0.00  0.0    0  7.1 15 340   M    M   2 1      24 350
23  81  58  70   8   0   5 0.00  0.0    0 10.2 21 130   M    M   2        26 140
24  76  66  71   9   0   6    T  0.0    0 16.1 29 130   M    M   9 8      37 140
25  76  60  68   6   0   3 0.92  0.0    0 11.6 26 140   M    M   6 13     36 280
26  81  60  71   9   0   6 0.00  0.0    0  8.7 17 190   M    M   6 1      21 200
27  80  68  74  12   0   9 0.00  0.0    0  9.4 20 180   M    M   7 18     25 140
28  82  64  73  11   0   8 0.00  0.0    0  6.4 17 200   M    M   5 18     23 190
29  82  64  73  10   0   8 0.00  0.0    0  9.0 18 150   M    M   5 1      25 170
================================================================================
SM 2161 1531       119  85  2.60     0.0 252.4          M      148
================================================================================
AV 74.5 52.8                               8.7 FASTST   M    M   5    MAX(MPH)
                                 MISC ---->  # 31 130               # 38  130
================================================================================
NOTES:
# LAST OF SEVERAL OCCURRENCES

COLUMN 17 PEAK WIND IN M.P.H.

PRELIMINARY LOCAL CLIMATOLOGICAL DATA (WS FORM: F-6) , PAGE 2

                                          STATION:  MOBILE
                                          MONTH:    MARCH
                                          YEAR:     2017
                                          LATITUDE:   30 40 N
                                          LONGITUDE:  88 15 W

[TEMPERATURE DATA]      [PRECIPITATION DATA]       SYMBOLS USED IN COLUMN 16

AVERAGE MONTHLY: 63.7   TOTAL FOR MONTH:   2.60    1 = FOG OR MIST
DPTR FM NORMAL:   3.7   DPTR FM NORMAL:   -3.16    2 = FOG REDUCING VISIBILITY
HIGHEST:    88 ON 22    GRTST 24HR  1.27 ON  7- 7      TO 1/4 MILE OR LESS
LOWEST:     34 ON 16,15                            3 = THUNDER
                        SNOW, ICE PELLETS, HAIL    4 = ICE PELLETS
                        TOTAL MONTH:   0.0 INCH    5 = HAIL
                        GRTST 24HR     0.0         6 = FREEZING RAIN OR DRIZZLE
                        GRTST DEPTH:   0           7 = DUSTSTORM OR SANDSTORM:
                                                       VSBY 1/2 MILE OR LESS
                                                   8 = SMOKE OR HAZE
[NO. OF DAYS WITH]      [WEATHER - DAYS WITH]      9 = BLOWING SNOW
                                                   X = TORNADO
MAX 32 OR BELOW:   0    0.01 INCH OR MORE:   6
MAX 90 OR ABOVE:   0    0.10 INCH OR MORE:   4
MIN 32 OR BELOW:   0    0.50 INCH OR MORE:   2
MIN  0 OR BELOW:   0    1.00 INCH OR MORE:   1

[HDD (BASE 65) ]
TOTAL THIS MO.   119    CLEAR  (SCALE 0-3)   7
DPTR FM NORMAL   -61    PTCLDY (SCALE 4-7)  18
TOTAL FM JUL 1   890    CLOUDY (SCALE 8-10)  4
DPTR FM NORMAL  -732

[CDD (BASE 65) ]
TOTAL THIS MO.    85
DPTR FM NORMAL    52    [PRESSURE DATA]
TOTAL FM JAN 1   160    HIGHEST SLP M ON M
DPTR FM NORMAL   111    LOWEST  SLP 29.92 ON M

[REMARKS]
