000
CXUS53 KBIS 250836
CF6MOT
PRELIMINARY LOCAL CLIMATOLOGICAL DATA (WS FORM: F-6)

                                          STATION:   MINOT ND
                                          MONTH:     FEBRUARY
                                          YEAR:      2017
                                          LATITUDE:   48 15 N
                                          LONGITUDE: 101 16 W

  TEMPERATURE IN F:       :PCPN:    SNOW:  WIND      :SUNSHINE: SKY     :PK WND
================================================================================
1   2   3   4   5  6A  6B    7    8   9   10  11  12  13   14  15   16   17  18
                                     12Z  AVG MX 2MIN
DY MAX MIN AVG DEP HDD CDD  WTR  SNW DPTH SPD SPD DIR MIN PSBL S-S WX    SPD DR
================================================================================

 1  14  -1   7  -7  58   0    T    M    M 18.0 29 290   M    M   4        37 300
 2  12  -1   6  -8  59   0 0.00    M    M 15.4 21 280   M    M   0        26 270
 3  19   5  12  -2  53   0 0.00    M    M 11.5 22 240   M    M   0        26 250
 4  15   3   9  -5  56   0    T    M    M 11.1 23 310   M    M   7 8      27 310
 5  12   3   8  -6  57   0    T    M    M  5.8 14  90   M    M  10 18     15 110
 6  12   2   7  -8  58   0 0.01    M    M 13.2 21  60   M    M  10 1      23  60
 7   3 -10  -3 -18  68   0 0.01    M    M 11.0 17 280   M    M   4 18     19 270
 8   2 -15  -6 -21  71   0 0.00    M    M 14.4 24 270   M    M   1 8      31 270
 9  28  -8  10  -5  55   0 0.00    M    M 12.1 22 160   M    M   4        27 160
10  46  24  35  19  30   0 0.00    M    M 15.0 26 220   M    M   5 1      35 270
11  42  22  32  16  33   0    T    M    M 17.7 35 290   M    M   4 12     41 280
12  38  23  31  15  34   0 0.00    M    M 14.8 26 260   M    M   1        32 260
13  40  28  34  18  31   0    T    M    M 17.9 30 270   M    M   0        36 270
14  37  25  31  14  34   0 0.00    M    M 12.9 23 280   M    M   0        28 280
15  44  24  34  17  31   0 0.00    M    M 11.7 24 220   M    M   0        28 230
16  50  36  43  26  22   0 0.00    M    M 13.0 22 230   M    M   0        28 230
17  48  37  43  25  22   0 0.00    M    M 16.1 28 250   M    M   2        38 230
18  41  32  37  19  28   0    T    M    M  7.3 17 360   M    M   4        21 230
19  41  31  36  18  29   0 0.00    M    M  7.3 15 100   M    M   4 1      18 110
20  50  33  42  24  23   0    T    M    M 10.0 18 250   M    M   5 1      22 240
21  48  28  38  19  27   0 0.00    M    M  5.3 15 230   M    M   5 1      18 230
22  36  30  33  14  32   0    T    M    M 12.1 20 340   M    M   8 1      24 340
23  33  18  26   7  39   0    T    M    M  9.8 22  10   M    M   6 1      26 360
24  32  16  24   4  41   0    T    M    M  5.4 12 330   M    M   4        14 330
================================================================================
SM  743  385       991   0  0.02    M    288.8          M       88
================================================================================
AV 31.0 16.0                              12.0 FASTST   M    M   4    MAX(MPH)
                                 MISC ---->  # 35 290               # 41  280
================================================================================
NOTES:
# LAST OF SEVERAL OCCURRENCES

COLUMN 17 PEAK WIND IN M.P.H.

PRELIMINARY LOCAL CLIMATOLOGICAL DATA (WS FORM: F-6) , PAGE 2

                                          STATION:  MINOT ND
                                          MONTH:    FEBRUARY
                                          YEAR:     2017
                                          LATITUDE:   48 15 N
                                          LONGITUDE: 101 16 W

[TEMPERATURE DATA]      [PRECIPITATION DATA]       SYMBOLS USED IN COLUMN 16

AVERAGE MONTHLY: 23.5   TOTAL FOR MONTH:   0.02    1 = FOG OR MIST
DPTR FM NORMAL:   7.1   DPTR FM NORMAL:   -0.31    2 = FOG REDUCING VISIBILITY
HIGHEST:    50 ON 20,16 GRTST 24HR  0.02 ON  6- 7      TO 1/4 MILE OR LESS
LOWEST:    -15 ON  8                               3 = THUNDER
                        SNOW, ICE PELLETS, HAIL    4 = ICE PELLETS
                        TOTAL MONTH:    M          5 = HAIL
                        GRTST 24HR    M  ON   M    6 = FREEZING RAIN OR DRIZZLE
                        GRTST DEPTH:  M  ON   M    7 = DUSTSTORM OR SANDSTORM:
                                                       VSBY 1/2 MILE OR LESS
                                                   8 = SMOKE OR HAZE
[NO. OF DAYS WITH]      [WEATHER - DAYS WITH]      9 = BLOWING SNOW
                                                   X = TORNADO
MAX 32 OR BELOW:  10    0.01 INCH OR MORE:   2
MAX 90 OR ABOVE:   0    0.10 INCH OR MORE:   0
MIN 32 OR BELOW:  21    0.50 INCH OR MORE:   0
MIN  0 OR BELOW:   5    1.00 INCH OR MORE:   0

[HDD (BASE 65) ]
TOTAL THIS MO.   991    CLEAR  (SCALE 0-3)   9
DPTR FM NORMAL  -176    PTCLDY (SCALE 4-7)  13
TOTAL FM JUL 1  5722    CLOUDY (SCALE 8-10)  2
DPTR FM NORMAL  -677

[CDD (BASE 65) ]
TOTAL THIS MO.     0
DPTR FM NORMAL     0    [PRESSURE DATA]
TOTAL FM JAN 1     0    HIGHEST SLP M ON M
DPTR FM NORMAL     0    LOWEST  SLP 29.40 ON 17

[REMARKS]
