000
CXUS53 KBIS 300837
CF6MOT
PRELIMINARY LOCAL CLIMATOLOGICAL DATA (WS FORM: F-6)

                                          STATION:   MINOT ND
                                          MONTH:     MAY
                                          YEAR:      2015
                                          LATITUDE:   48 15 N
                                          LONGITUDE: 101 16 W

  TEMPERATURE IN F:       :PCPN:    SNOW:  WIND      :SUNSHINE: SKY     :PK WND
================================================================================
1   2   3   4   5  6A  6B    7    8   9   10  11  12  13   14  15   16   17  18
                                     12Z  AVG MX 2MIN
DY MAX MIN AVG DEP HDD CDD  WTR  SNW DPTH SPD SPD DIR MIN PSBL S-S WX    SPD DR
================================================================================

 1  78  42  60  10   5   0 0.00    M    M 12.5 24 190   M    M   0        30 210
 2  80  50  65  15   0   0 0.00    M    M 11.5 23 300   M    M   0        29 290
 3  64  40  52   1  13   0 0.00    M    M 14.7 25 300   M    M   2        31 300
 4  71  34  53   2  12   0 0.00    M    M  9.9 20 160   M    M   1        25 170
 5  78  51  65  14   0   0 0.00    M    M 14.3 30 160   M    M   5        38 160
 6  63  51  57   5   8   0 0.44    M    M 10.2 23 310   M    M   8 138    28 310
 7  55  40  48  -4  17   0 0.02    M    M 21.6 31 310   M    M  10 1      38 300
 8  44  37  41 -11  24   0 0.00    M    M  9.5 16 340   M    M  10        25 350
 9  51  34  43 -10  22   0 0.00    M    M  8.0 18  40   M    M   2        25  50
10  48  31  40 -13  25   0 0.00    M    M 10.0 18  20   M    M   5        24  20
11  59  34  47  -6  18   0 0.00    M    M 13.6 25 340   M    M   4        33 340
12  61  32  47  -7  18   0 0.09    M    M 12.7 25 110   M    M   7 1      32 110
13  53  43  48  -6  17   0 0.07    M    M 15.0 23  90   M    M  10 1      28  90
14  51  38  45  -9  20   0 0.22    M    M 12.3 21 340   M    M   9 1      25 340
15  64  33  49  -6  16   0 0.00    M    M  5.8 13 100   M    M   1 128    16 110
16  56  40  48  -7  17   0 1.39    M    M 13.2 29  10   M    M   8 13     35  10
17  51  31  41 -14  24   0 0.28    M    M 26.7 37 330   M    M  10 1      47 330
18  51  31  41 -15  24   0    T    M    M 14.2 29 330   M    M   3        37 330
19  60  31  46 -10  19   0 0.00    M    M  6.3 12 320   M    M   0        16 320
20  72  40  56   0   9   0 0.00    M    M 10.4 20 290   M    M   1 8      24 310
21  75  39  57   1   8   0 0.00    M    M  6.7 17 260   M    M   1        22 270
22  77  44  61   4   4   0 0.00    M    M  6.7 17 180   M    M   2        24 170
23  76  46  61   4   4   0 0.00    M    M  6.8 16 160   M    M   2        22 110
24  75  45  60   3   5   0 0.00    M    M  6.0 18  80   M    M   1        22  80
25  79  52  66   8   0   1 0.00    M    M  6.0 18 270   M    M   2        23 270
26  82  56  69  11   0   4 0.01    M    M 10.8 22 350   M    M   2 3      26 350
27  79  55  67   9   0   2 0.06    M    M  9.1 21 130   M    M   1 3      26 130
28  72  50  61   2   4   0 0.12    M    M 10.7 28 330   M    M   7 1      36 320
29  57  38  48 -11  17   0 0.00    M    M 13.4 26 350   M    M   6        32 350
================================================================================
SM 1882 1188       350   7  2.70    M    328.6          M      120
================================================================================
AV 64.9 41.0                              11.3 FASTST   M    M   4    MAX(MPH)
                                 MISC ---->  # 37 330               # 47  330
================================================================================
NOTES:
# LAST OF SEVERAL OCCURRENCES

COLUMN 17 PEAK WIND IN M.P.H.

PRELIMINARY LOCAL CLIMATOLOGICAL DATA (WS FORM: F-6) , PAGE 2

                                          STATION:  MINOT ND
                                          MONTH:    MAY
                                          YEAR:     2015
                                          LATITUDE:   48 15 N
                                          LONGITUDE: 101 16 W

[TEMPERATURE DATA]      [PRECIPITATION DATA]       SYMBOLS USED IN COLUMN 16

AVERAGE MONTHLY: 52.9   TOTAL FOR MONTH:   2.70    1 = FOG OR MIST
DPTR FM NORMAL:  -1.6   DPTR FM NORMAL:    0.40    2 = FOG REDUCING VISIBILITY
HIGHEST:    82 ON 26    GRTST 24HR  1.40 ON 16-17      TO 1/4 MILE OR LESS
LOWEST:     31 ON 19,18                            3 = THUNDER
                        SNOW, ICE PELLETS, HAIL    4 = ICE PELLETS
                        TOTAL MONTH:    M          5 = HAIL
                        GRTST 24HR    M  ON   M    6 = FREEZING RAIN OR DRIZZLE
                        GRTST DEPTH:  M  ON   M    7 = DUSTSTORM OR SANDSTORM:
                                                       VSBY 1/2 MILE OR LESS
                                                   8 = SMOKE OR HAZE
[NO. OF DAYS WITH]      [WEATHER - DAYS WITH]      9 = BLOWING SNOW
                                                   X = TORNADO
MAX 32 OR BELOW:   0    0.01 INCH OR MORE:  10
MAX 90 OR ABOVE:   0    0.10 INCH OR MORE:   5
MIN 32 OR BELOW:   5    0.50 INCH OR MORE:   1
MIN  0 OR BELOW:   0    1.00 INCH OR MORE:   1

[HDD (BASE 65) ]
TOTAL THIS MO.   350    CLEAR  (SCALE 0-3)  16
DPTR FM NORMAL    34    PTCLDY (SCALE 4-7)   7
TOTAL FM JUL 1  8621    CLOUDY (SCALE 8-10)  6
DPTR FM NORMAL   -61

[CDD (BASE 65) ]
TOTAL THIS MO.     7
DPTR FM NORMAL     0    [PRESSURE DATA]
TOTAL FM JAN 1     7    HIGHEST SLP M ON M
DPTR FM NORMAL    -1    LOWEST  SLP 29.56 ON 16

[REMARKS]
