000
CXUS53 KBIS 200724
CF6MOT
PRELIMINARY LOCAL CLIMATOLOGICAL DATA (WS FORM: F-6)

                                          STATION:   MINOT ND
                                          MONTH:     OCTOBER
                                          YEAR:      2014
                                          LATITUDE:   48 15 N
                                          LONGITUDE: 101 16 W

  TEMPERATURE IN F:       :PCPN:    SNOW:  WIND      :SUNSHINE: SKY     :PK WND
================================================================================
1   2   3   4   5  6A  6B    7    8   9   10  11  12  13   14  15   16   17  18
                                     12Z  AVG MX 2MIN
DY MAX MIN AVG DEP HDD CDD  WTR  SNW DPTH SPD SPD DIR MIN PSBL S-S WX    SPD DR
================================================================================

 1  60  48  54   3  11   0 0.03    M    M 13.2 28 280   M    M   8 1      34 280
 2  59  38  49  -2  16   0 0.04    M    M 18.3 32 300   M    M   5 1      41 310
 3  41  29  35 -15  30   0    T    M    M 20.4 32 290   M    M   6        41 290
 4  48  24  36 -14  29   0 0.03    M    M  8.3 18 290   M    M   4        22 290
 5  48  36  42  -7  23   0    T    M    M 17.0 33 290   M    M   8        44 290
 6  57  42  50   1  15   0    T    M    M 19.8 32 280   M    M   4        41 260
 7  58  42  50   2  15   0 0.00    M    M 19.6 35 280   M    M   3        42 280
 8  53  31  42  -6  23   0 0.00    M    M  6.5 12  10   M    M   2        15 320
 9  54  26  40  -8  25   0 0.00    M    M  4.1 12 300   M    M   0        15 340
10  61  29  45  -2  20   0 0.00    M    M  7.5 18 170   M    M   0        23 170
11  69  35  52   5  13   0 0.00    M    M 11.0 22 170   M    M   0        27 170
12  62  47  55   9  10   0 0.08    M    M 13.5 24 330   M    M   6        28 330
13  65  41  53   7  12   0 0.00    M    M  9.9 16 280   M    M   0        22 290
14  68  33  51   5  14   0 0.00    M    M 12.4 26 160   M    M   0        34 170
15  73  44  59  14   6   0 0.00    M    M  9.3 21 160   M    M   0 8      26 160
16  56  43  50   5  15   0 0.09    M    M 17.5 29 260   M    M   7 1      39 260
17  45  36  41  -3  24   0 0.00    M    M 11.1 23 310   M    M  10        28 310
18  57  31  44   0  21   0 0.00    M    M 10.9 23 160   M    M   4 1      28 160
19  69  46  58  15   7   0 0.00    M    M 12.2 20 320   M    M   0        24 320
================================================================================
SM 1103  701       329   0  0.27    M    242.5          M       67
================================================================================
AV 58.1 36.9                              12.8 FASTST   M    M   4    MAX(MPH)
                                 MISC ---->  # 35 280               # 44  290
================================================================================
NOTES:
# LAST OF SEVERAL OCCURRENCES

COLUMN 17 PEAK WIND IN M.P.H.

PRELIMINARY LOCAL CLIMATOLOGICAL DATA (WS FORM: F-6) , PAGE 2

                                          STATION:  MINOT ND
                                          MONTH:    OCTOBER
                                          YEAR:     2014
                                          LATITUDE:   48 15 N
                                          LONGITUDE: 101 16 W

[TEMPERATURE DATA]      [PRECIPITATION DATA]       SYMBOLS USED IN COLUMN 16

AVERAGE MONTHLY: 47.5   TOTAL FOR MONTH:   0.27    1 = FOG OR MIST
DPTR FM NORMAL:   0.3   DPTR FM NORMAL:   -0.53    2 = FOG REDUCING VISIBILITY
HIGHEST:    73 ON 15    GRTST 24HR  0.46 ON 30- 1      TO 1/4 MILE OR LESS
LOWEST:     24 ON  4                               3 = THUNDER
                        SNOW, ICE PELLETS, HAIL    4 = ICE PELLETS
                        TOTAL MONTH:    M          5 = HAIL
                        GRTST 24HR    M  ON   M    6 = FREEZING RAIN OR DRIZZLE
                        GRTST DEPTH:  M  ON   M    7 = DUSTSTORM OR SANDSTORM:
                                                       VSBY 1/2 MILE OR LESS
                                                   8 = SMOKE OR HAZE
[NO. OF DAYS WITH]      [WEATHER - DAYS WITH]      9 = BLOWING SNOW
                                                   X = TORNADO
MAX 32 OR BELOW:   0    0.01 INCH OR MORE:   5
MAX 90 OR ABOVE:   0    0.10 INCH OR MORE:   0
MIN 32 OR BELOW:   6    0.50 INCH OR MORE:   0
MIN  0 OR BELOW:   0    1.00 INCH OR MORE:   0

[HDD (BASE 65) ]
TOTAL THIS MO.   329    CLEAR  (SCALE 0-3)   8
DPTR FM NORMAL   -10    PTCLDY (SCALE 4-7)  10
TOTAL FM JUL 1   609    CLOUDY (SCALE 8-10)  1
DPTR FM NORMAL   -50

[CDD (BASE 65) ]
TOTAL THIS MO.     0
DPTR FM NORMAL     0    [PRESSURE DATA]
TOTAL FM JAN 1   341    HIGHEST SLP M ON M
DPTR FM NORMAL  -103    LOWEST  SLP 29.46 ON 16

[REMARKS]
