000
CXUS51 KPHI 180800
CF6MPO
PRELIMINARY LOCAL CLIMATOLOGICAL DATA (WS FORM: F-6)

                                          STATION:   MOUNT POCONO PA
                                          MONTH:     JANUARY
                                          YEAR:      2018
                                          LATITUDE:   41  8 N
                                          LONGITUDE:  75 24 W

  TEMPERATURE IN F:       :PCPN:    SNOW:  WIND      :SUNSHINE: SKY     :PK WND
================================================================================
1   2   3   4   5  6A  6B    7    8   9   10  11  12  13   14  15   16   17  18
                                     12Z  AVG MX 2MIN
DY MAX MIN AVG DEP HDD CDD  WTR  SNW DPTH SPD SPD DIR MIN PSBL S-S WX    SPD DR
================================================================================

 1  10  -4   3 -21  62   0    T    M    M 12.2 21 290   M    M   6 1      29 280
 2  15   2   9 -15  56   0    T    M    M 14.9 25 270   M    M   4 1      31 270
 3  23   2  13 -11  52   0 0.00    M    M  8.0 17 270   M    M   2        26 270
 4  19   5  12 -12  53   0 0.05    M    M 21.7 37 300   M    M  10 19     52 310
 5   7  -2   3 -21  62   0    T    M    M 24.8 35 280   M    M   9 9      49 290
 6   3  -4   0 -23  65   0    T    M    M 20.3 31 290   M    M   3        43 290
 7  15  -6   5 -18  60   0 0.00    M    M 11.8 23 290   M    M   2        31 310
 8  31  12  22  -1  43   0 0.01    M    M 10.3 20 210   M    M   8 16     27 210
 9  33  19  26   3  39   0 0.00    M    M 11.6 24 280   M    M   5        30 270
10  33   6  20  -3  45   0 0.00    M    M  5.3 13 190   M    M   3        18 190
11  50  33  42  19  23   0 0.05    M    M 11.5 24 220   M    M  10 1      30 230
12  59  35  47  24  18   0 2.28    M    M 13.8 24 160   M    M  10 12     38 150
13  35   4  20  -3  45   0 0.56    M    M 21.3 35 310   M    M   6 169    48 310
14  15   2   9 -14  56   0 0.00    M    M 12.1 23 310   M    M   3        31 320
15  20   5  13 -10  52   0 0.00    M    M  6.8 13 110   M    M   7        20  70
16  27  17  22  -1  43   0 0.20    M    M  4.1 12 200   M    M  10 1      16 200
17  27   4  16  -7  49   0 0.09    M    M 11.3 20 300   M    M   6 1      27 300
================================================================================
SM  422  130       823   0  3.24    M    221.8          M      104
================================================================================
AV 24.8  7.7                              13.0 FASTST   M    M   6    MAX(MPH)
                                 MISC ---->  # 37 300               # 52  310
================================================================================
NOTES:
# LAST OF SEVERAL OCCURRENCES

COLUMN 17 PEAK WIND IN M.P.H.

PRELIMINARY LOCAL CLIMATOLOGICAL DATA (WS FORM: F-6) , PAGE 2

                                          STATION:  MOUNT POCONO PA
                                          MONTH:    JANUARY
                                          YEAR:     2018
                                          LATITUDE:   41  8 N
                                          LONGITUDE:  75 24 W

[TEMPERATURE DATA]      [PRECIPITATION DATA]       SYMBOLS USED IN COLUMN 16

AVERAGE MONTHLY: 16.2   TOTAL FOR MONTH:   3.24    1 = FOG OR MIST
DPTR FM NORMAL:  -7.1   DPTR FM NORMAL:    1.44    2 = FOG REDUCING VISIBILITY
HIGHEST:    59 ON 12    GRTST 24HR  2.28 ON 12-12      TO 1/4 MILE OR LESS
LOWEST:     -6 ON  7                               3 = THUNDER
                        SNOW, ICE PELLETS, HAIL    4 = ICE PELLETS
                        TOTAL MONTH:    M          5 = HAIL
                        GRTST 24HR    M  ON   M    6 = FREEZING RAIN OR DRIZZLE
                        GRTST DEPTH:  M  ON   M    7 = DUSTSTORM OR SANDSTORM:
                                                       VSBY 1/2 MILE OR LESS
                                                   8 = SMOKE OR HAZE
[NO. OF DAYS WITH]      [WEATHER - DAYS WITH]      9 = BLOWING SNOW
                                                   X = TORNADO
MAX 32 OR BELOW:  12    0.01 INCH OR MORE:   7
MAX 90 OR ABOVE:   0    0.10 INCH OR MORE:   3
MIN 32 OR BELOW:  15    0.50 INCH OR MORE:   2
MIN  0 OR BELOW:   4    1.00 INCH OR MORE:   1

[HDD (BASE 65) ]
TOTAL THIS MO.   823    CLEAR  (SCALE 0-3)   3
DPTR FM NORMAL   113    PTCLDY (SCALE 4-7)   9
TOTAL FM JUL 1  3521    CLOUDY (SCALE 8-10)  5
DPTR FM NORMAL    74

[CDD (BASE 65) ]
TOTAL THIS MO.     0
DPTR FM NORMAL     0    [PRESSURE DATA]
TOTAL FM JAN 1     0    HIGHEST SLP M ON M
DPTR FM NORMAL     0    LOWEST  SLP 29.28 ON  4

[REMARKS]
