000
CXUS51 KBTV 260700
CF6MPV
PRELIMINARY LOCAL CLIMATOLOGICAL DATA (WS FORM: F-6)

                                          STATION:   MONTPELIER VT
                                          MONTH:     MARCH
                                          YEAR:      2015
                                          LATITUDE:   44 12 N
                                          LONGITUDE:  72 34 W

  TEMPERATURE IN F:       :PCPN:    SNOW:  WIND      :SUNSHINE: SKY     :PK WND
================================================================================
1   2   3   4   5  6A  6B    7    8   9   10  11  12  13   14  15   16   17  18
                                     12Z  AVG MX 2MIN
DY MAX MIN AVG DEP HDD CDD  WTR  SNW DPTH SPD SPD DIR MIN PSBL S-S WX    SPD DR
================================================================================

 1  26  -8   9 -15  56   0 0.01    M    0  5.9 20 170   M    M   7 18     25 190
 2  25  13  19  -5  46   0 0.01    M    0 11.1 29 310   M    M   9 18     37 300
 3  24   0  12 -12  53   0 0.01    M    0  8.4 23 170   M    M   4 1      31 170
 4  37  21  29   5  36   0 0.00  0.0    0  8.1 17 270   M    M   8 18     27 260
 5  28  -6  11 -14  54   0    T    M    0  8.7 21 300   M    M   3 8      29 300
 6  22 -16   3 -22  62   0 0.00    M    0  3.7 15 220   M    M   0 18     26 220
 7  28   3  16  -9  49   0 0.00  0.0    0  3.9 13 230   M    M   6        23 250
 8  33  10  22  -4  43   0    T    M    0  4.8 16 280   M    M   7 18     22 280
 9  37  20  29   3  36   0 0.01    M    0  6.2 23 300   M    M   7 18     33 300
10  48  24  36  10  29   0 0.00  0.0    0  8.3 21 160   M    M   4        26 200
11  44  36  40  13  25   0    T    M    0 10.7 24 330   M    M   3        35 310
12  37  16  27   0  38   0 0.03    M    0 15.4 28 310   M    M   6 18     42 310
13  32   7  20  -8  45   0    T    M    0  2.7  9 300   M    M   5        12 210
14  33  25  29   1  36   0 0.10    M    0  4.6 14 190   M    M   9 16     17 190
15  32  19  26  -2  39   0 0.10    M    0  9.6 22 360   M    M   8 128    31 300
16  37   9  23  -6  42   0 0.00  0.0    0  1.7  9 300   M    M   3        13 300
17  36  17  27  -2  38   0 0.06    M    0  9.3 30 300   M    M  10 12     47 300
18  17   9  13 -17  52   0    T    M    0 15.6 29 300   M    M   7 8      43 310
19  22   6  14 -16  51   0 0.00  0.0    0 10.5 26 290   M    M   0        37 290
20  31   2  17 -13  48   0 0.00  0.0    0  6.2 17 170   M    M   3        22 170
21  40  18  29  -2  36   0 0.03    M    0  8.0 29 310   M    M   7 18     40 300
22  18   6  12 -19  53   0    T    M    0 15.1 28 290   M    M   6 89     40 300
23  19   2  11 -21  54   0    T    M    0 12.0 30 310   M    M   2 89     44 310
24  35   0  18 -14  47   0 0.00  0.0    0  1.9 12 350   M    M   0 18     14 350
25  45   9  27  -5  38   0    T    M    0  8.7 23 170   M    M   3        30 160
================================================================================
SM  786  242      1106   0  0.36     0.0 201.1          M      127
================================================================================
AV 31.4  9.7                               8.0 FASTST   M    M   5    MAX(MPH)
                                 MISC ---->  # 30 300               # 47  300
================================================================================
NOTES:
# LAST OF SEVERAL OCCURRENCES

COLUMN 17 PEAK WIND IN M.P.H.

PRELIMINARY LOCAL CLIMATOLOGICAL DATA (WS FORM: F-6) , PAGE 2

                                          STATION:  MONTPELIER VT
                                          MONTH:    MARCH
                                          YEAR:     2015
                                          LATITUDE:   44 12 N
                                          LONGITUDE:  72 34 W

[TEMPERATURE DATA]      [PRECIPITATION DATA]       SYMBOLS USED IN COLUMN 16

AVERAGE MONTHLY: 20.6   TOTAL FOR MONTH:   0.36    1 = FOG OR MIST
DPTR FM NORMAL:  -7.2   DPTR FM NORMAL:   -1.54    2 = FOG REDUCING VISIBILITY
HIGHEST:    48 ON 10    GRTST 24HR  0.10 ON 15-15      TO 1/4 MILE OR LESS
LOWEST:    -16 ON  6                               3 = THUNDER
                        SNOW, ICE PELLETS, HAIL    4 = ICE PELLETS
                        TOTAL MONTH:   0.0 INCH    5 = HAIL
                        GRTST 24HR     0.0         6 = FREEZING RAIN OR DRIZZLE
                        GRTST DEPTH:   0           7 = DUSTSTORM OR SANDSTORM:
                                                       VSBY 1/2 MILE OR LESS
                                                   8 = SMOKE OR HAZE
[NO. OF DAYS WITH]      [WEATHER - DAYS WITH]      9 = BLOWING SNOW
                                                   X = TORNADO
MAX 32 OR BELOW:  13    0.01 INCH OR MORE:   9
MAX 90 OR ABOVE:   0    0.10 INCH OR MORE:   2
MIN 32 OR BELOW:  24    0.50 INCH OR MORE:   0
MIN  0 OR BELOW:   5    1.00 INCH OR MORE:   0

[HDD (BASE 65) ]
TOTAL THIS MO.  1106    CLEAR  (SCALE 0-3)   6
DPTR FM NORMAL   174    PTCLDY (SCALE 4-7)  15
TOTAL FM JUL 1  7444    CLOUDY (SCALE 8-10)  4
DPTR FM NORMAL   604

[CDD (BASE 65) ]
TOTAL THIS MO.     0
DPTR FM NORMAL     0    [PRESSURE DATA]
TOTAL FM JAN 1     0    HIGHEST SLP M ON M
DPTR FM NORMAL     0    LOWEST  SLP 29.50 ON 17

[REMARKS]
