000
CXUS53 KMPX 291000
CF6MPX
PRELIMINARY LOCAL CLIMATOLOGICAL DATA (WS FORM: F-6)

                                          STATION:   CHANHASSEN MN
                                          MONTH:     JULY
                                          YEAR:      2014
                                          LATITUDE:   44 50 N
                                          LONGITUDE:  93 34 W

  TEMPERATURE IN F:       :PCPN:    SNOW:  WIND      :SUNSHINE: SKY     :PK WND
================================================================================
1   2   3   4   5  6A  6B    7    8   9   10  11  12  13   14  15   16   17  18
                                     12Z  AVG MX 2MIN
DY MAX MIN AVG DEP HDD CDD  WTR  SNW DPTH SPD SPD DIR MIN PSBL S-S WX    SPD DR
================================================================================

 1  72  54  63  -8   2   0 0.07  0.0    0   M   M   M   M    M   M         M  M
 2  72  53  63  -9   2   0    T  0.0    0   M   M   M   M    M   M         M  M
 3  75  55  65  -7   0   0 0.00  0.0    0   M   M   M   M    M   M         M  M
 4  78  52  65  -7   0   0    T  0.0    0   M   M   M   M    M   M         M  M
 5  82  65  74   2   0   9 0.00  0.0    0   M   M   M   M    M   M         M  M
 6  87  68  78   6   0  13 0.12  0.0    0   M   M   M   M    M   M         M  M
 7  85  62  74   2   0   9 0.65  0.0    0   M   M   M   M    M   M         M  M
 8  74  60  67  -5   0   2 0.00  0.0    0   M   M   M   M    M   M         M  M
 9  77  55  66  -6   0   1 0.00  0.0    0   M   M   M   M    M   M         M  M
10  83  56  70  -2   0   5    T  0.0    0   M   M   M   M    M   M         M  M
11  79  64  72   0   0   7 1.62  0.0    0   M   M   M   M    M   M         M  M
12  74  64  69  -3   0   4 0.31  0.0    0   M   M   M   M    M   M         M  M
13  76  60  68  -4   0   3 0.00  0.0    0   M   M   M   M    M   M         M  M
14  64  56  60 -12   5   0 0.04  0.0    0   M   M   M   M    M   M         M  M
15  69  54  62 -10   3   0 0.00  0.0    0   M   M   M   M    M   M         M  M
16  74  53  64  -8   1   0 0.00  0.0    0   M   M   M   M    M   M         M  M
17  78  53  66  -6   0   1 0.00  0.0    0   M   M   M   M    M   M         M  M
18  77  58  68  -4   0   3 0.00  0.0    0   M   M   M   M    M   M         M  M
19  77  64  71  -1   0   6    T  0.0    0   M   M   M   M    M   M         M  M
20  84  68  76   4   0  11 0.00  0.0    0   M   M   M   M    M   M         M  M
21  89  72  81   9   0  16 0.00  0.0    0   M   M   M   M    M   M         M  M
22  81  67  74   2   0   9 0.00  0.0    0   M   M   M   M    M   M         M  M
23  78  60  69  -3   0   4 0.00  0.0    0   M   M   M   M    M   M         M  M
24  79  56  68  -4   0   3    T  0.0    0   M   M   M   M    M   M         M  M
25  79  62  71  -1   0   6 0.48  0.0    0   M   M   M   M    M   M         M  M
26  84  67  76   4   0  11 0.00  0.0    0   M   M   M   M    M   M         M  M
27  75  62  69  -3   0   4 0.04  0.0    0   M   M   M   M    M   M         M  M
28  74  62  68  -4   0   3 0.00  0.0    0   M   M   M   M    M   M         M  M
================================================================================
SM 2176 1682        13 130  3.33     0.0     M          M        M
================================================================================
AV 77.7 60.1                                 M FASTST   M    M   4    MAX(MPH)
                                 MISC ---->     M   M                  M    M
================================================================================
NOTES:
# LAST OF SEVERAL OCCURRENCES

COLUMN 17 PEAK WIND IN M.P.H.

PRELIMINARY LOCAL CLIMATOLOGICAL DATA (WS FORM: F-6) , PAGE 2

                                          STATION:  CHANHASSEN MN
                                          MONTH:    JULY
                                          YEAR:     2014
                                          LATITUDE:   44 50 N
                                          LONGITUDE:  93 34 W

[TEMPERATURE DATA]      [PRECIPITATION DATA]       SYMBOLS USED IN COLUMN 16

AVERAGE MONTHLY: 68.9   TOTAL FOR MONTH:   3.33    1 = FOG OR MIST
DPTR FM NORMAL:  -3.1   DPTR FM NORMAL:    0.09    2 = FOG REDUCING VISIBILITY
HIGHEST:    89 ON 21    GRTST 24HR  1.62 ON 11-11      TO 1/4 MILE OR LESS
LOWEST:     52 ON  4                               3 = THUNDER
                        SNOW, ICE PELLETS, HAIL    4 = ICE PELLETS
                        TOTAL MONTH:   0.0 INCH    5 = HAIL
                        GRTST 24HR     0.0         6 = FREEZING RAIN OR DRIZZLE
                        GRTST DEPTH:   0           7 = DUSTSTORM OR SANDSTORM:
                                                       VSBY 1/2 MILE OR LESS
                                                   8 = SMOKE OR HAZE
[NO. OF DAYS WITH]      [WEATHER - DAYS WITH]      9 = BLOWING SNOW
                                                   X = TORNADO
MAX 32 OR BELOW:   0    0.01 INCH OR MORE:   8
MAX 90 OR ABOVE:   0    0.10 INCH OR MORE:   5
MIN 32 OR BELOW:   0    0.50 INCH OR MORE:   2
MIN  0 OR BELOW:   0    1.00 INCH OR MORE:   1

[HDD (BASE 65) ]
TOTAL THIS MO.    13    CLEAR  (SCALE 0-3)   0
DPTR FM NORMAL    13    PTCLDY (SCALE 4-7)   0
TOTAL FM JUL 1    13    CLOUDY (SCALE 8-10)  0
DPTR FM NORMAL    13

[CDD (BASE 65) ]
TOTAL THIS MO.   130
DPTR FM NORMAL   -70    [PRESSURE DATA]
TOTAL FM JAN 1   279    HIGHEST SLP M ON M
DPTR FM NORMAL   -81    LOWEST  SLP M ON M

[REMARKS]
