000
CXUS53 KMQT 230700
CF6MQT
PRELIMINARY LOCAL CLIMATOLOGICAL DATA (WS FORM: F-6)

                                          STATION:   MARQUETTE MI
                                          MONTH:     APRIL
                                          YEAR:      2014
                                          LATITUDE:   46 31 N
                                          LONGITUDE:  87 33 W

  TEMPERATURE IN F:       :PCPN:    SNOW:  WIND      :SUNSHINE: SKY     :PK WND
================================================================================
1   2   3   4   5  6A  6B    7    8   9   10  11  12  13   14  15   16   17  18
                                     12Z  AVG MX 2MIN
DY MAX MIN AVG DEP HDD CDD  WTR  SNW DPTH SPD SPD DIR MIN PSBL S-S WX    SPD DR
================================================================================

 1  43  17  30  -1  35   0    T  0.1   32   M   M   M   M    M   M        33 180
 2  40  15  28  -3  37   0    T    T   30   M   M   M   M    M   M        32 315
 3  30  16  23  -9  42   0 0.02  0.3   30   M   M   M   M    M   M        15  45
 4  27  21  24  -8  41   0 1.11 10.3   32   M   M   M   M    M   M 49     35 360
 5  44  15  30  -3  35   0    T    T   39   M   M   M   M    M   M 9       M  M
 6  54  34  44  11  21   0    T  0.0   36   M   M   M   M    M   M        22 270
 7  53  29  41   7  24   0 0.00  0.0   33   M   M   M   M    M   M        14 360
 8  44  27  36   2  29   0    T  0.0   30   M   M   M   M    M   M        22 360
 9  51  22  37   2  28   0 0.00  0.0   28   M   M   M   M    M   M        29 225
10  50  33  42   7  23   0    T  0.0   24   M   M   M   M    M   M        37 270
11  47  24  36   0  29   0    T  0.0   19   M   M   M   M    M   M        20 225
12  36  28  32  -4  33   0 0.09    T   17   M   M   M   M    M   M 12      M  M
13  50  32  41   4  24   0 0.01    T   17   M   M   M   M    M   M 12      M  M
14  33  15  24 -13  41   0 0.77  6.0   20   M   M   M   M    M   M 9       M  M
15  23  -1  11 -27  54   0 0.12  2.8   20   M   M   M   M    M   M         M  M
16  31  -5  13 -25  52   0 0.52  5.6   22   M   M   M   M    M   M         M  M
17  34  26  30  -9  35   0 0.30  3.9   28   M   M   M   M    M   M        18 270
18  38  18  28 -11  37   0 0.00  0.0   26   M   M   M   M    M   M        19 270
19  47  16  32  -8  33   0 0.04  0.0   24   M   M   M   M    M   M        32 180
20  65  35  50  10  15   0 0.03  0.0   19   M   M   M   M    M   M        21 225
21  66  30  48   7  17   0    T  0.0   13   M   M   M   M    M   M        31 315
22  37  29  33  -8  32   0    T    T    7   M   M   M   M    M   M        32 315
================================================================================
SM  943  476       717   0  3.01    29.0     M          M        M
================================================================================
AV 42.9 21.6                                 M FASTST   M    M   0    MAX(MPH)
                                 MISC ---->     M   M               # 37  270
================================================================================
NOTES:
# LAST OF SEVERAL OCCURRENCES

COLUMN 17 PEAK WIND IN M.P.H.

PRELIMINARY LOCAL CLIMATOLOGICAL DATA (WS FORM: F-6) , PAGE 2

                                          STATION:  MARQUETTE MI
                                          MONTH:    APRIL
                                          YEAR:     2014
                                          LATITUDE:   46 31 N
                                          LONGITUDE:  87 33 W

[TEMPERATURE DATA]      [PRECIPITATION DATA]       SYMBOLS USED IN COLUMN 16

AVERAGE MONTHLY: 32.2   TOTAL FOR MONTH:   3.01    1 = FOG OR MIST
DPTR FM NORMAL:  -3.8   DPTR FM NORMAL:    0.74    2 = FOG REDUCING VISIBILITY
HIGHEST:    66 ON 21    GRTST 24HR  1.11 ON  4- 4      TO 1/4 MILE OR LESS
LOWEST:     -5 ON 16                               3 = THUNDER
                        SNOW, ICE PELLETS, HAIL    4 = ICE PELLETS
                        TOTAL MONTH:  29.0 INCHES  5 = HAIL
                        GRTST 24HR  10.3 ON   M    6 = FREEZING RAIN OR DRIZZLE
                        GRTST DEPTH:  39 ON  5     7 = DUSTSTORM OR SANDSTORM:
                                                       VSBY 1/2 MILE OR LESS
                                                   8 = SMOKE OR HAZE
[NO. OF DAYS WITH]      [WEATHER - DAYS WITH]      9 = BLOWING SNOW
                                                   X = TORNADO
MAX 32 OR BELOW:   4    0.01 INCH OR MORE:  10
MAX 90 OR ABOVE:   0    0.10 INCH OR MORE:   5
MIN 32 OR BELOW:  19    0.50 INCH OR MORE:   3
MIN  0 OR BELOW:   2    1.00 INCH OR MORE:   1

[HDD (BASE 65) ]
TOTAL THIS MO.   717    CLEAR  (SCALE 0-3)   0
DPTR FM NORMAL    79    PTCLDY (SCALE 4-7)   0
TOTAL FM JUL 1  9562    CLOUDY (SCALE 8-10)  0
DPTR FM NORMAL  1037

[CDD (BASE 65) ]
TOTAL THIS MO.     0
DPTR FM NORMAL     0    [PRESSURE DATA]
TOTAL FM JAN 1     0    HIGHEST SLP M ON M
DPTR FM NORMAL     0    LOWEST  SLP M ON M

[REMARKS]
