000
CXUS54 KMAF 301100
CF6MRF
PRELIMINARY LOCAL CLIMATOLOGICAL DATA (WS FORM: F-6)

                                          STATION:   Marfa
                                          MONTH:     JUNE
                                          YEAR:      2015
                                          LATITUDE:   30 22 N
                                          LONGITUDE: 104  1 W

  TEMPERATURE IN F:       :PCPN:    SNOW:  WIND      :SUNSHINE: SKY     :PK WND
================================================================================
1   2   3   4   5  6A  6B    7    8   9   10  11  12  13   14  15   16   17  18
                                     12Z  AVG MX 2MIN
DY MAX MIN AVG DEP HDD CDD  WTR  SNW DPTH SPD SPD DIR MIN PSBL S-S WX    SPD DR
================================================================================

 1  88  50  69   M   0   4 0.00  0.0    0  6.3 12  10   M    M   3         M  M
 2  91  54  73   M   0   8 0.00  0.0    0  8.2 23  70   M    M   2 3      31  70
 3  93  52  73   M   0   8 0.00  0.0    0  7.2 16 300   M    M   0        27 110
 4  91  57  74   M   0   9 0.15  0.0    0  7.4 13 180   M    M   0 3      17 180
 5  90  54  72   M   0   7 0.00  0.0    0  9.0 20 110   M    M   1        27 110
 6  88  61  75   M   0  10 0.00  0.0    0  7.6 17  90   M    M   1        22  90
 7  86  64  75   M   0  10 0.72  0.0    0  5.3 22  90   M    M   5 3      27  90
 8  82  64  73   M   0   8 0.00  0.0    0  8.4 17  70   M    M   5        24  50
 9  88  61  75   M   0  10 0.00  0.0    0  7.1 12 130   M    M   0        17 110
10  91  63  77   M   0  12 0.11  0.0    0  5.2 10 270   M    M   2 3       M  M
11  93  64  79   M   0  14 0.00  0.0    0  6.1 15 120   M    M   1        21 220
12  91  73  82   M   0  17 0.00  0.0    0  6.4 17  60   M    M   1        24  60
13  90  66  78   M   0  13 0.00  0.0    0  7.6 25  50   M    M   1 3      32  50
14  88  75  82   M   0  17 0.07  0.0    0  8.2 15 170   M    M   1 3      24 160
15  88  70  79   M   0  14 0.05  0.0    0  7.0 17  70   M    M   2 3      16  50
16  81  72  77   M   0  12 0.00  0.0    0 11.5 17  20   M    M   1        23  30
17  86  68  77   M   0  12 0.00  0.0    0  7.2 12  40   M    M   1        20  40
18  88  72  80   M   0  15 0.00  0.0    0  6.6 15 360   M    M   0        20  40
19  88  72  80   M   0  15 0.00  0.0    0  8.2 14 110   M    M   1        18 130
20  90  77  84   M   0  19 0.00  0.0    0  6.2 13 130   M    M   1        16 100
21  93  68  81   M   0  16 0.00  0.0    0  6.3 16 120   M    M   1        21 120
22  90  79  85   M   0  20 0.00  0.0    0  5.9 14 110   M    M   2        21 120
23  81  81  81   M   0  16 0.00  0.0    0  9.1 22 120   M    M   7        29 120
24  73  73  73   M   0   8 0.23  0.0    0  7.7 16 140   M    M   7 3      18 150
25  84  72  78   M   0  13 0.00  0.0    0  4.9 10 270   M    M   1 3       M  M
26   M   M   M   M   M   M 0.03    M    0  5.5 16  50   M    M   1 3      20  50
27  82  82  82   M   0  17 0.00  0.0    0  9.8 18  40   M    M   1        24  30
28   M   M   M   M   M   M 0.00  0.0    0  8.9 17  60   M    M   2        22  60
29   M   M   M   M   M   M 0.00  0.0    0  6.7 13  70   M    M   2 3      17  70
================================================================================
SM 2274 1744         0 324  1.36     0.0 211.5          M       53
================================================================================
AV 87.5 67.1                               7.3 FASTST   M    M   2    MAX(MPH)
                                 MISC ---->    25   M                 32    M
================================================================================
NOTES:
# LAST OF SEVERAL OCCURRENCES

COLUMN 17 PEAK WIND IN M.P.H.

PRELIMINARY LOCAL CLIMATOLOGICAL DATA (WS FORM: F-6) , PAGE 2

                                          STATION:  Marfa
                                          MONTH:    JUNE
                                          YEAR:     2015
                                          LATITUDE:   30 22 N
                                          LONGITUDE: 104  1 W

[TEMPERATURE DATA]      [PRECIPITATION DATA]       SYMBOLS USED IN COLUMN 16

AVERAGE MONTHLY: 77.3   TOTAL FOR MONTH:   1.36    1 = FOG OR MIST
DPTR FM NORMAL:     M   DPTR FM NORMAL:       M    2 = FOG REDUCING VISIBILITY
HIGHEST:    93 ON 21,11 GRTST 24HR  0.72 ON  7- 7      TO 1/4 MILE OR LESS
LOWEST:     50 ON  1                               3 = THUNDER
                        SNOW, ICE PELLETS, HAIL    4 = ICE PELLETS
                        TOTAL MONTH:   0.0 INCH    5 = HAIL
                        GRTST 24HR     0.0         6 = FREEZING RAIN OR DRIZZLE
                        GRTST DEPTH:   0           7 = DUSTSTORM OR SANDSTORM:
                                                       VSBY 1/2 MILE OR LESS
                                                   8 = SMOKE OR HAZE
[NO. OF DAYS WITH]      [WEATHER - DAYS WITH]      9 = BLOWING SNOW
                                                   X = TORNADO
MAX 32 OR BELOW:   0    0.01 INCH OR MORE:   7
MAX 90 OR ABOVE:  11    0.10 INCH OR MORE:   4
MIN 32 OR BELOW:   0    0.50 INCH OR MORE:   1
MIN  0 OR BELOW:   0    1.00 INCH OR MORE:   0

[HDD (BASE 65) ]
TOTAL THIS MO.     0    CLEAR  (SCALE 0-3)  25
DPTR FM NORMAL     M    PTCLDY (SCALE 4-7)   4
TOTAL FM JUL 1  3213    CLOUDY (SCALE 8-10)  0
DPTR FM NORMAL     M

[CDD (BASE 65) ]
TOTAL THIS MO.   324
DPTR FM NORMAL     M    [PRESSURE DATA]
TOTAL FM JAN 1   375    HIGHEST SLP M ON M
DPTR FM NORMAL     M    LOWEST  SLP M ON M

[REMARKS]
