000
CXUS52 KMHX 280700
CF6MRH
PRELIMINARY LOCAL CLIMATOLOGICAL DATA (WS FORM: F-6)

                                          STATION:   BEAUFORT/SMITH FIELD NC
                                          MONTH:     JANUARY
                                          YEAR:      2015
                                          LATITUDE:   34 43 N
                                          LONGITUDE:  76 39 W

  TEMPERATURE IN F:       :PCPN:    SNOW:  WIND      :SUNSHINE: SKY     :PK WND
================================================================================
1   2   3   4   5  6A  6B    7    8   9   10  11  12  13   14  15   16   17  18
                                     12Z  AVG MX 2MIN
DY MAX MIN AVG DEP HDD CDD  WTR  SNW DPTH SPD SPD DIR MIN PSBL S-S WX    SPD DR
================================================================================

 1  51  27  39  -6  26   0 0.00  0.0    0  5.1 13 220   M    M   0        15 210
 2  59  49  54   9  11   0 0.00  0.0    0  5.4 12 240   M    M   7        17 250
 3  72  51  62  17   3   0 0.56  0.0    0  8.2 24 220   M    M   8 18     29 230
 4  68  62  65  20   0   0 0.12  0.0    0 17.3 30 220   M    M   8 1      37 200
 5  63  38  51   6  14   0 0.00  0.0    0 11.3 24 340   M    M   0        30 320
 6  57  31  44  -1  21   0 0.00  0.0    0  5.1 15 230   M    M   0        18 230
 7  45  27  36  -9  29   0 0.00  0.0    0 13.3 26 340   M    M   2        34 320
 8  29  16  23 -22  42   0 0.00  0.0    0 10.8 26 340   M    M   0        34 340
 9  48  21  35  -9  30   0 0.00  0.0    0  6.7 16 230   M    M   4        21 260
10  43  27  35  -9  30   0 0.00  0.0    0  8.3 17  30   M    M   0        23  10
11  56  27  42  -2  23   0 0.00  0.0    0  6.2 12  40   M    M   0        16  30
12  66  47  57  13   8   0 0.81    M    0  7.3 18 230   M    M   9 1      21 240
13  58  38  48   4  17   0 0.01    M    0 17.7 28  20   M    M  10 1      36  20
14  42  36  39  -5  26   0 0.03    M    0 15.5 22 350   M    M  10 1      30 340
15  48  35  42  -2  23   0 0.00  0.0    0  8.9 20 340   M    M   6        23 340
16  54  35  45   1  20   0    T    M    0  6.9 14 330   M    M   3        17 320
17  57  37  47   3  18   0 0.00  0.0    0  8.9 14 140   M    M   0        23 130
18  62  42  52   8  13   0 0.52    M    0 10.4 24 230   M    M   4 1      33 230
19  61  38  50   6  15   0 0.00  0.0    0  8.8 21 300   M    M   0        25 300
20  59  48  54  10  11   0 0.00  0.0    0 10.8 20 230   M    M   0        24 230
21  59  40  50   6  15   0 0.00  0.0    0  5.8 14 350   M    M   0 1      18 350
22  61  37  49   5  16   0 0.00  0.0    0  4.8 14  40   M    M   1 1      19  40
23  62  42  52   7  13   0 0.79    M    0 10.5 21 170   M    M   8 1      27 170
24  65  44  55  10  10   0 1.43    M    0 16.9 33 310   M    M   8 1      45 210
25  50  36  43  -2  22   0 0.00  0.0    0  6.7 16 310   M    M   0        21 300
26  54  36  45   0  20   0    T  0.0    0  5.3 15 310   M    M   4        20 310
27  46  34  40  -5  25   0 0.00  0.0    0 15.3 22 340   M    M   9        30 330
================================================================================
SM 1495 1001       501   0  4.27     0.0 258.2          M      101
================================================================================
AV 55.4 37.1                               9.6 FASTST   M    M   4    MAX(MPH)
                                 MISC ---->  # 33 310               # 45  210
================================================================================
NOTES:
# LAST OF SEVERAL OCCURRENCES

COLUMN 17 PEAK WIND IN M.P.H.

PRELIMINARY LOCAL CLIMATOLOGICAL DATA (WS FORM: F-6) , PAGE 2

                                          STATION:  BEAUFORT/SMITH FIELD NC
                                          MONTH:    JANUARY
                                          YEAR:     2015
                                          LATITUDE:   34 43 N
                                          LONGITUDE:  76 39 W

[TEMPERATURE DATA]      [PRECIPITATION DATA]       SYMBOLS USED IN COLUMN 16

AVERAGE MONTHLY: 46.2   TOTAL FOR MONTH:   4.27    1 = FOG OR MIST
DPTR FM NORMAL:   1.7   DPTR FM NORMAL:    0.82    2 = FOG REDUCING VISIBILITY
HIGHEST:    72 ON  3    GRTST 24HR  2.22 ON 23-24      TO 1/4 MILE OR LESS
LOWEST:     16 ON  8                               3 = THUNDER
                        SNOW, ICE PELLETS, HAIL    4 = ICE PELLETS
                        TOTAL MONTH:   0.0 INCH    5 = HAIL
                        GRTST 24HR     0.0         6 = FREEZING RAIN OR DRIZZLE
                        GRTST DEPTH:   0           7 = DUSTSTORM OR SANDSTORM:
                                                       VSBY 1/2 MILE OR LESS
                                                   8 = SMOKE OR HAZE
[NO. OF DAYS WITH]      [WEATHER - DAYS WITH]      9 = BLOWING SNOW
                                                   X = TORNADO
MAX 32 OR BELOW:   1    0.01 INCH OR MORE:   8
MAX 90 OR ABOVE:   0    0.10 INCH OR MORE:   6
MIN 32 OR BELOW:   7    0.50 INCH OR MORE:   5
MIN  0 OR BELOW:   0    1.00 INCH OR MORE:   1

[HDD (BASE 65) ]
TOTAL THIS MO.   501    CLEAR  (SCALE 0-3)  13
DPTR FM NORMAL   -51    PTCLDY (SCALE 4-7)   8
TOTAL FM JUL 1  1406    CLOUDY (SCALE 8-10)  6
DPTR FM NORMAL   -16

[CDD (BASE 65) ]
TOTAL THIS MO.     0
DPTR FM NORMAL     0    [PRESSURE DATA]
TOTAL FM JAN 1     0    HIGHEST SLP M ON M
DPTR FM NORMAL     0    LOWEST  SLP 29.40 ON 24

[REMARKS]
