000
CXUS52 KMHX 290700
CF6MRH
PRELIMINARY LOCAL CLIMATOLOGICAL DATA (WS FORM: F-6)

                                          STATION:   BEAUFORT/SMITH FIELD NC
                                          MONTH:     MAY
                                          YEAR:      2017
                                          LATITUDE:   34 43 N
                                          LONGITUDE:  76 39 W

  TEMPERATURE IN F:       :PCPN:    SNOW:  WIND      :SUNSHINE: SKY     :PK WND
================================================================================
1   2   3   4   5  6A  6B    7    8   9   10  11  12  13   14  15   16   17  18
                                     12Z  AVG MX 2MIN
DY MAX MIN AVG DEP HDD CDD  WTR  SNW DPTH SPD SPD DIR MIN PSBL S-S WX    SPD DR
================================================================================

 1  80  72  76  11   0  11 0.00  0.0    0 16.9 24 200   M    M   3        32 190
 2  77  63  70   5   0   5 0.08  0.0    0 17.1 30 230   M    M   3 1      40 220
 3  81  60  71   5   0   6 0.00  0.0    0  5.8 15 180   M    M   0        19 180
 4  79  65  72   6   0   7 0.05  0.0    0 13.4 22 130   M    M   5 1      31 110
 5  76  63  70   4   0   5 2.39  0.0    0 19.1 35 230   M    M   7 13     48 220
 6  68  59  64  -2   1   0 0.00  0.0    0 14.4 28 230   M    M   3        34 240
 7  71  54  63  -4   2   0 0.17  0.0    0 11.4 25 280   M    M   4 1      32 270
 8  73  55  64  -3   1   0 0.00  0.0    0  9.0 18 210   M    M   0        23 210
 9  72  53  63  -4   2   0 0.07  0.0    0  4.2 13 330   M    M   5 1      15 330
10  77  61  69   2   0   4 0.10  0.0    0  5.0 10 140   M    M   4 1      15 130
11  86  67  77   9   0  12 0.00  0.0    0  8.6 15  40   M    M   1        23  40
12  75  63  69   1   0   4 0.00  0.0    0  9.6 17  20   M    M  10 1      24  20
13  76  61  69   1   0   4    T  0.0    0  8.1 14 330   M    M   8 1      17 300
14  75  55  65  -3   0   0 0.00  0.0    0 11.1 23 220   M    M   1        28 220
15  81  68  75   6   0  10 0.00  0.0    0  9.6 17 250   M    M   1        23 250
16  82  68  75   6   0  10 0.00  0.0    0  6.9 12 110   M    M   1         M  M
17  81  73  77   8   0  12 0.00  0.0    0 13.4 21 210   M    M   0        26 220
18  81  73  77   8   0  12 0.00  0.0    0 13.0 21 210   M    M   0        26 210
19  80  73  77   7   0  12 0.00  0.0    0 13.2 21 220   M    M   1        24 210
20  82  68  75   5   0  10 0.00  0.0    0 10.9 17 210   M    M   2        22 210
21  80  66  73   3   0   8 0.00  0.0    0  7.4 14  40   M    M   7 1      18  40
22  82  70  76   6   0  11    T  0.0    0 10.1 23 200   M    M   3        27 220
23  79  72  76   6   0  11 1.91  0.0    0 13.3 25 240   M    M   6 12     33 240
24  79  71  75   4   0  10 0.11  0.0    0 11.8 26 220   M    M   6 1      34 220
25  78  66  72   1   0   7 0.02  0.0    0 21.7 35 230   M    M   2        47 230
26  80  67  74   3   0   9 0.00  0.0    0 15.5 24 230   M    M   0        33 250
27  82  68  75   4   0  10 0.00  0.0    0 11.0 20 220   M    M   1        26 210
28  83  75  79   7   0  14 0.03  0.0    0 13.5 23 220   M    M   1        33 210
================================================================================
SM 2196 1829         6 204  4.93     0.0 325.0          M       85
================================================================================
AV 78.4 65.3                              11.6 FASTST   M    M   3    MAX(MPH)
                                 MISC ---->  # 35 230               # 48  220
================================================================================
NOTES:
# LAST OF SEVERAL OCCURRENCES

COLUMN 17 PEAK WIND IN M.P.H.

PRELIMINARY LOCAL CLIMATOLOGICAL DATA (WS FORM: F-6) , PAGE 2

                                          STATION:  BEAUFORT/SMITH FIELD NC
                                          MONTH:    MAY
                                          YEAR:     2017
                                          LATITUDE:   34 43 N
                                          LONGITUDE:  76 39 W

[TEMPERATURE DATA]      [PRECIPITATION DATA]       SYMBOLS USED IN COLUMN 16

AVERAGE MONTHLY: 71.9   TOTAL FOR MONTH:   4.93    1 = FOG OR MIST
DPTR FM NORMAL:   3.4   DPTR FM NORMAL:    1.48    2 = FOG REDUCING VISIBILITY
HIGHEST:    86 ON 11    GRTST 24HR  2.39 ON  5- 5      TO 1/4 MILE OR LESS
LOWEST:     53 ON  9                               3 = THUNDER
                        SNOW, ICE PELLETS, HAIL    4 = ICE PELLETS
                        TOTAL MONTH:   0.0 INCH    5 = HAIL
                        GRTST 24HR     0.0         6 = FREEZING RAIN OR DRIZZLE
                        GRTST DEPTH:   0           7 = DUSTSTORM OR SANDSTORM:
                                                       VSBY 1/2 MILE OR LESS
                                                   8 = SMOKE OR HAZE
[NO. OF DAYS WITH]      [WEATHER - DAYS WITH]      9 = BLOWING SNOW
                                                   X = TORNADO
MAX 32 OR BELOW:   0    0.01 INCH OR MORE:  10
MAX 90 OR ABOVE:   0    0.10 INCH OR MORE:   5
MIN 32 OR BELOW:   0    0.50 INCH OR MORE:   2
MIN  0 OR BELOW:   0    1.00 INCH OR MORE:   2

[HDD (BASE 65) ]
TOTAL THIS MO.     6    CLEAR  (SCALE 0-3)  16
DPTR FM NORMAL   -23    PTCLDY (SCALE 4-7)  11
TOTAL FM JUL 1  1884    CLOUDY (SCALE 8-10)  1
DPTR FM NORMAL  -670

[CDD (BASE 65) ]
TOTAL THIS MO.   204
DPTR FM NORMAL    78    [PRESSURE DATA]
TOTAL FM JAN 1   339    HIGHEST SLP M ON M
DPTR FM NORMAL   178    LOWEST  SLP 29.51 ON  5

[REMARKS]
